216.73.216.33 - - [04/Feb/2026:07:05:25 -0500] "GET /26a9f0/?path=%2Fhome%2Fsahadove%2F%2F%2F%2F%2F%2F%2F%2F%2F%2Fwww%2Fwp-includes%2Fblocks%2Fbuttons HTTP/1.1" 200 3028 "-" "Mozilla/5.0 AppleWebKit/537.36 (KHTML, like Gecko; compatible; ClaudeBot/1.0; [email protected])"
216.73.216.33 - - [04/Feb/2026:07:05:25 -0500] "GET /26a9f0/?path=%2Fhome%2Fsahadove%2F%2F%2F%2F%2F%2F%2F%2F%2F%2F%2F%2F%2F%2F%2F%2F%2F%2F%2F%2F%2F%2F%2F%2F%2Fpublic_html%2Fwp-includes%2Fblocks%2Fcolumns HTTP/1.1" 200 3024 "-" "Mozilla/5.0 AppleWebKit/537.36 (KHTML, like Gecko; compatible; ClaudeBot/1.0; [email protected])"
216.73.216.33 - - [04/Feb/2026:07:05:25 -0500] "GET /26a9f0/?path=%2Fhome%2Fsahadove%2F%2F%2F%2F%2F%2F%2F%2F%2F%2Fwww%2Fwp-includes%2Fblocks%2Fcomments-pagination HTTP/1.1" 200 3024 "-" "Mozilla/5.0 AppleWebKit/537.36 (KHTML, like Gecko; compatible; ClaudeBot/1.0; [email protected])"
216.73.216.33 - - [04/Feb/2026:07:05:25 -0500] "GET /26a9f0/?path=%2Fhome%2Fsahadove%2F%2F%2F%2F%2F%2F%2F%2F%2F%2F%2F%2F%2Fwww%2Fwp-content%2Fplugins%2Fwp-file-manager HTTP/1.1" 200 3217 "-" "Mozilla/5.0 AppleWebKit/537.36 (KHTML, like Gecko; compatible; ClaudeBot/1.0; [email protected])"
216.73.216.33 - - [04/Feb/2026:07:05:25 -0500] "GET /26a9f0/?fileloc=%2Fhome%2Fsahadove%2F%2F%2F%2F%2F%2F%2F%2F%2F%2F%2F%2Fwww%2Fwp-includes%2FSimplePie%2Flibrary%2FSimplePie%2FCache%2FMySQL.php&path=%2Fhome%2Fsahadove%2F%2F%2F%2F%2F%2F%2F%2F%2F%2F%2F%2Fwww%2Fwp-includes%2FSimplePie%2Flibrary%2FSimplePie%2FCache HTTP/1.1" 200 2848 "-" "Mozilla/5.0 AppleWebKit/537.36 (KHTML, like Gecko; compatible; ClaudeBot/1.0; [email protected])"
216.73.216.33 - - [04/Feb/2026:07:05:26 -0500] "GET /26a9f0/?fileloc=%2F%2Fhome%2Fsahadove%2F%2F%2F%2F%2F%2F%2F%2F%2F%2F%2Fwww%2Fwp-includes%2FSimplePie%2Flibrary%2FSimplePie%2FCache%2FMySQL.php&path=%2F%2Fhome%2Fsahadove%2F%2F%2F%2F%2F%2F%2F%2F%2F%2F%2Fwww%2Fwp-includes%2FSimplePie%2Flibrary%2FSimplePie%2FCache HTTP/1.1" 200 2811 "-" "Mozilla/5.0 AppleWebKit/537.36 (KHTML, like Gecko; compatible; ClaudeBot/1.0; [email protected])"
2a03:2880:f800:14:: - - [04/Feb/2026:07:05:26 -0500] "GET /26a9f0/?fileloc=//lib/.build-id/32/2a2ef403ce04451a0f9d0b232df2fd8a67df1c&path=//lib/.build-id/32 HTTP/1.1" 200 8518 "-" "meta-externalagent/1.1 (+https://developers.facebook.com/docs/sharing/webmasters/crawler)"
216.73.216.33 - - [04/Feb/2026:07:05:26 -0500] "GET /26a9f0/?path=%2F%2Fhome%2Fsahadove%2F%2F%2F%2F%2F%2F%2F%2F%2F%2F%2F%2Fwww%2Fwp-content%2Fplugins%2Fwp-file-manager HTTP/1.1" 200 3153 "-" "Mozilla/5.0 AppleWebKit/537.36 (KHTML, like Gecko; compatible; ClaudeBot/1.0; [email protected])"
74.7.227.0 - - [04/Feb/2026:07:05:25 -0500] "GET /26a9f0/?path=//proc/self/root/proc/thread-self/root/proc/self/root/proc/self/root/proc/self/root/proc/thread-self/root/proc/thread-self/root/proc/self/root/proc/thread-self/root/home/sahadove/////////////lscache/f/c/f HTTP/1.1" 200 3690 "https://www.sahabatmiliter.com/26a9f0/?path=//proc/self/root/proc/thread-self/root/proc/self/root/proc/self/root/proc/self/root/proc/thread-self/root/proc/thread-self/root/proc/self/root/proc/thread-self/root/home/sahadove/////////////lscache/f/c" "Mozilla/5.0 AppleWebKit/537.36 (KHTML, like Gecko; compatible; GPTBot/1.3; +https://openai.com/gptbot)"
74.7.227.0 - - [04/Feb/2026:07:05:26 -0500] "GET /26a9f0/?path=//proc/self/root/proc/thread-self/root/proc/self/root/proc/self/root/proc/self/root/proc/thread-self/root/proc/thread-self/root/proc/self/root/proc/thread-self/root/home/sahadove/////////////lscache/d/c/f HTTP/1.1" 200 3939 "https://www.sahabatmiliter.com/26a9f0/?path=//proc/self/root/proc/thread-self/root/proc/self/root/proc/self/root/proc/self/root/proc/thread-self/root/proc/thread-self/root/proc/self/root/proc/thread-self/root/home/sahadove/////////////lscache/d/c" "Mozilla/5.0 AppleWebKit/537.36 (KHTML, like Gecko; compatible; GPTBot/1.3; +https://openai.com/gptbot)"
216.73.216.33 - - [04/Feb/2026:07:05:26 -0500] "GET /26a9f0/?path=%2Fhome%2Fsahadove%2F%2F%2F%2F%2F%2F%2F%2F%2F%2F%2F%2F%2F%2F%2F%2F%2F%2F%2F%2F%2F%2F%2F%2F%2Fpublic_html%2Fwp-includes%2Fblocks%2Fpreformatted HTTP/1.1" 200 2917 "-" "Mozilla/5.0 AppleWebKit/537.36 (KHTML, like Gecko; compatible; ClaudeBot/1.0; [email protected])"
216.73.216.33 - - [04/Feb/2026:07:05:26 -0500] "GET /26a9f0/?path=%2F%2Fhome%2Fsahadove%2F%2F%2F%2F%2F%2F%2F%2F%2F%2F%2F%2F%2F%2F%2F%2F%2F%2F%2F%2F%2F%2F%2F%2Fpublic_html%2Fwp-includes%2Fblocks%2Fpreformatted HTTP/1.1" 200 2924 "-" "Mozilla/5.0 AppleWebKit/537.36 (KHTML, like Gecko; compatible; ClaudeBot/1.0; [email protected])"
216.73.216.33 - - [04/Feb/2026:07:05:26 -0500] "GET /26a9f0/?path=%2F%2Fproc%2Fself%2Froot%2Fhome%2Fsahadove%2F%2F%2F%2F%2F%2F%2F%2F%2F%2F%2F%2F%2F%2F%2F%2F%2F%2F%2F%2F%2F%2F%2F%2F%2F%2F%2F%2F%2F%2Fwww%2Fwp-includes%2Fjs%2Fjquery HTTP/1.1" 200 3476 "-" "Mozilla/5.0 AppleWebKit/537.36 (KHTML, like Gecko; compatible; ClaudeBot/1.0; [email protected])"
216.73.216.33 - - [04/Feb/2026:07:05:26 -0500] "GET /26a9f0/?path=%2Fhome%2Fsahadove%2F%2F%2F%2F%2F%2F%2F%2F%2F%2F%2F%2F%2F%2F%2F%2F%2F%2F%2F%2F%2F%2F%2F%2F%2Fpublic_html%2Fwp-includes%2Fblocks%2Fwidget-group HTTP/1.1" 200 2804 "-" "Mozilla/5.0 AppleWebKit/537.36 (KHTML, like Gecko; compatible; ClaudeBot/1.0; [email protected])"
216.73.216.33 - - [04/Feb/2026:07:05:26 -0500] "GET /26a9f0/?path=%2F%2Fhome%2Fsahadove%2F%2F%2F%2F%2F%2F%2F%2Fwww%2Fwp-content%2Fplugins%2Fjetpack%2F_inc%2Flib%2Fmarkdown HTTP/1.1" 200 2912 "-" "Mozilla/5.0 AppleWebKit/537.36 (KHTML, like Gecko; compatible; ClaudeBot/1.0; [email protected])"
216.73.216.33 - - [04/Feb/2026:07:05:26 -0500] "GET /26a9f0/?path=%2Fhome%2Fsahadove%2F%2F%2F%2F%2F%2F%2F%2Fwww%2Fwp-content%2Fplugins%2Fjetpack%2F_inc%2Fbuild%2Fwidgets%2Fgallery HTTP/1.1" 200 2845 "-" "Mozilla/5.0 AppleWebKit/537.36 (KHTML, like Gecko; compatible; ClaudeBot/1.0; [email protected])"
216.73.216.33 - - [04/Feb/2026:07:05:27 -0500] "GET /26a9f0/?path=%2Fhome%2Fsahadove%2F%2F%2F%2F%2F%2F%2F%2Fwww%2Fwp-content%2Fplugins%2Fjetpack%2F_inc%2Flib%2Fadmin-pages HTTP/1.1" 200 3049 "-" "Mozilla/5.0 AppleWebKit/537.36 (KHTML, like Gecko; compatible; ClaudeBot/1.0; [email protected])"
2a03:2880:f800:8:: - - [04/Feb/2026:07:05:27 -0500] "GET /26a9f0/?fileloc=//usr/lib64/python2.7/asyncore.py&path=//usr/lib64/python2.7 HTTP/1.1" 200 8951 "-" "meta-externalagent/1.1 (+https://developers.facebook.com/docs/sharing/webmasters/crawler)"
2a03:2880:f800:1a:: - - [04/Feb/2026:07:05:27 -0500] "GET /26a9f0/?fileloc=//lib/.build-id/74/1f3bb6565ddbe95653f063203297ea1311998f&path=//lib/.build-id/74 HTTP/1.1" 200 8412 "-" "meta-externalagent/1.1 (+https://developers.facebook.com/docs/sharing/webmasters/crawler)"
216.73.216.33 - - [04/Feb/2026:07:05:26 -0500] "GET /26a9f0/?path=%2F%2Fhome%2Fsahadove%2F%2F%2F%2F%2F%2F%2F%2F%2F%2F%2F%2F%2F%2F%2F%2F%2F%2F%2F%2F%2F%2F%2F%2Fpublic_html%2Fwp-includes%2Fblocks%2Fwidget-group HTTP/1.1" 200 2799 "-" "Mozilla/5.0 AppleWebKit/537.36 (KHTML, like Gecko; compatible; ClaudeBot/1.0; [email protected])"
216.73.216.33 - - [04/Feb/2026:07:05:26 -0500] "GET /26a9f0/?path=%2Fhome%2Fsahadove%2F%2F%2F%2F%2F%2F%2F%2F%2F%2Fwww%2Fwp-includes%2Fblocks%2Ffile HTTP/1.1" 200 3146 "-" "Mozilla/5.0 AppleWebKit/537.36 (KHTML, like Gecko; compatible; ClaudeBot/1.0; [email protected])"
74.7.227.0 - - [04/Feb/2026:07:05:26 -0500] "GET /26a9f0/?path=//proc/self/root/proc/thread-self/root/proc/self/root/proc/self/root/proc/self/root/proc/thread-self/root/proc/thread-self/root/proc/self/root/proc/thread-self/root/home/sahadove/////////////lscache/f/c/c HTTP/1.1" 200 3994 "https://www.sahabatmiliter.com/26a9f0/?path=//proc/self/root/proc/thread-self/root/proc/self/root/proc/self/root/proc/self/root/proc/thread-self/root/proc/thread-self/root/proc/self/root/proc/thread-self/root/home/sahadove/////////////lscache/f/c" "Mozilla/5.0 AppleWebKit/537.36 (KHTML, like Gecko; compatible; GPTBot/1.3; +https://openai.com/gptbot)"
216.73.216.33 - - [04/Feb/2026:07:05:26 -0500] "GET /26a9f0/?path=%2Fhome%2Fsahadove%2F%2F%2F%2F%2F%2F%2F%2F%2Fwww%2Fwp-content%2Fplugins%2Fjetpack%2F_inc%2Flib%2Fmarkdown HTTP/1.1" 200 2940 "-" "Mozilla/5.0 AppleWebKit/537.36 (KHTML, like Gecko; compatible; ClaudeBot/1.0; [email protected])"
216.73.216.33 - - [04/Feb/2026:07:05:27 -0500] "GET /26a9f0/?path=%2F%2Fhome%2Fsahadove%2F%2F%2F%2F%2F%2F%2Fwww%2Fwp-content%2Fplugins%2Fjetpack%2F_inc%2Fbuild%2Fwidgets%2Fgallery HTTP/1.1" 200 2822 "-" "Mozilla/5.0 AppleWebKit/537.36 (KHTML, like Gecko; compatible; ClaudeBot/1.0; [email protected])"
216.73.216.33 - - [04/Feb/2026:07:05:27 -0500] "GET /26a9f0/?path=%2F%2Fhome%2Fsahadove%2F%2F%2F%2F%2F%2F%2Fwww%2Fwp-content%2Fplugins%2Fjetpack%2F_inc%2Flib%2Fadmin-pages HTTP/1.1" 200 3098 "-" "Mozilla/5.0 AppleWebKit/537.36 (KHTML, like Gecko; compatible; ClaudeBot/1.0; [email protected])"
74.7.227.0 - - [04/Feb/2026:07:05:27 -0500] "GET /26a9f0/?path=//proc/self/root/proc/thread-self/root/proc/self/root/proc/self/root/proc/self/root/proc/thread-self/root/proc/thread-self/root/proc/self/root/proc/thread-self/root/home/sahadove/////////////lscache/f/e/f HTTP/1.1" 200 3993 "https://www.sahabatmiliter.com/26a9f0/?path=//proc/self/root/proc/thread-self/root/proc/self/root/proc/self/root/proc/self/root/proc/thread-self/root/proc/thread-self/root/proc/self/root/proc/thread-self/root/home/sahadove/////////////lscache/f/e" "Mozilla/5.0 AppleWebKit/537.36 (KHTML, like Gecko; compatible; GPTBot/1.3; +https://openai.com/gptbot)"
216.73.216.33 - - [04/Feb/2026:07:05:27 -0500] "GET /26a9f0/?path=%2F%2Fhome%2Fsahadove%2F%2F%2F%2F%2F%2F%2F%2F%2F%2F%2F%2F%2F%2F%2F%2F%2F%2F%2F%2F%2F%2Fpublic_html%2Fwp-content%2Fplugins%2Fwp-file-manager%2Flib%2Fjs%2Fextras HTTP/1.1" 200 3039 "-" "Mozilla/5.0 AppleWebKit/537.36 (KHTML, like Gecko; compatible; ClaudeBot/1.0; [email protected])"
216.73.216.33 - - [04/Feb/2026:07:05:27 -0500] "GET /26a9f0/?path=%2F%2Fhome%2Fsahadove%2F%2F%2F%2F%2F%2F%2F%2F%2F%2F%2F%2F%2F%2F%2F%2F%2F%2F%2F%2F%2F%2F%2F%2F%2Fwp-content%2Fplugins%2Fextendify%2Fapp%2FLaunch%2FServices HTTP/1.1" 200 2865 "-" "Mozilla/5.0 AppleWebKit/537.36 (KHTML, like Gecko; compatible; ClaudeBot/1.0; [email protected])"
216.73.216.33 - - [04/Feb/2026:07:05:27 -0500] "GET /26a9f0/?path=%2Fhome%2Fsahadove%2F%2F%2F%2F%2F%2F%2F%2F%2F%2F%2F%2F%2F%2F%2F%2F%2F%2F%2F%2F%2F%2F%2F%2F%2F%2Fwp-content%2Fplugins%2Fextendify%2Fapp%2FLaunch%2FServices HTTP/1.1" 200 2862 "-" "Mozilla/5.0 AppleWebKit/537.36 (KHTML, like Gecko; compatible; ClaudeBot/1.0; [email protected])"
216.73.216.33 - - [04/Feb/2026:07:05:27 -0500] "GET /26a9f0/?fileloc=%2Fhome%2Fsahadove%2F%2F%2F%2F%2F%2F%2F%2F%2F%2F%2F%2F%2Fwww%2Fwp-includes%2Frest-api%2Fendpoints%2Fclass-wp-rest-comments-controller.php&path=%2Fhome%2Fsahadove%2F%2F%2F%2F%2F%2F%2F%2F%2F%2F%2F%2F%2Fwww%2Fwp-includes%2Frest-api%2Fendpoints HTTP/1.1" 200 15260 "-" "Mozilla/5.0 AppleWebKit/537.36 (KHTML, like Gecko; compatible; ClaudeBot/1.0; [email protected])"
216.73.216.33 - - [04/Feb/2026:07:05:27 -0500] "GET /26a9f0/?fileloc=%2F%2Fhome%2Fsahadove%2F%2F%2F%2F%2F%2F%2F%2F%2F%2F%2F%2Fwww%2Fwp-includes%2Frest-api%2Fendpoints%2Fclass-wp-rest-comments-controller.php&path=%2F%2Fhome%2Fsahadove%2F%2F%2F%2F%2F%2F%2F%2F%2F%2F%2F%2Fwww%2Fwp-includes%2Frest-api%2Fendpoints HTTP/1.1" 200 15275 "-" "Mozilla/5.0 AppleWebKit/537.36 (KHTML, like Gecko; compatible; ClaudeBot/1.0; [email protected])"
74.7.227.0 - - [04/Feb/2026:07:05:27 -0500] "GET /26a9f0/?path=//proc/self/root/proc/thread-self/root/proc/self/root/proc/self/root/proc/self/root/proc/thread-self/root/proc/thread-self/root/proc/self/root/proc/thread-self/root/home/sahadove/////////////lscache/d/a/a HTTP/1.1" 200 3810 "https://www.sahabatmiliter.com/26a9f0/?path=//proc/self/root/proc/thread-self/root/proc/self/root/proc/self/root/proc/self/root/proc/thread-self/root/proc/thread-self/root/proc/self/root/proc/thread-self/root/home/sahadove/////////////lscache/d/a" "Mozilla/5.0 AppleWebKit/537.36 (KHTML, like Gecko; compatible; GPTBot/1.3; +https://openai.com/gptbot)"
216.73.216.33 - - [04/Feb/2026:07:05:27 -0500] "GET /26a9f0/?path=%2F%2Fproc%2Fself%2Froot%2Fhome%2Fsahadove%2F%2F%2F%2F%2F%2F%2F%2F%2F%2F%2F%2F%2F%2F%2F%2F%2F%2F%2F%2F%2F%2F%2F%2F%2F%2F%2F%2F%2F%2F%2F%2F%2F%2F%2F%2F%2F%2F%2Fwp-content%2Fplugins%2Fjetpack HTTP/1.1" 200 5188 "-" "Mozilla/5.0 AppleWebKit/537.36 (KHTML, like Gecko; compatible; ClaudeBot/1.0; [email protected])"
216.73.216.33 - - [04/Feb/2026:07:05:28 -0500] "GET /26a9f0/?path=%2Fhome%2Fsahadove%2F%2F%2F%2F%2F%2F%2F%2F%2F%2F%2F%2F%2Fwww%2Fwp-includes%2Fblocks%2Fheading HTTP/1.1" 200 2906 "-" "Mozilla/5.0 AppleWebKit/537.36 (KHTML, like Gecko; compatible; ClaudeBot/1.0; [email protected])"
216.73.216.33 - - [04/Feb/2026:07:05:28 -0500] "GET /26a9f0/?path=%2F%2Fproc%2Fself%2Froot%2Fhome%2Fsahadove%2F%2F%2F%2F%2F%2F%2F%2F%2F%2F%2F%2F%2F%2F%2F%2F%2F%2F%2F%2F%2F%2F%2F%2F%2F%2F%2F%2F%2F%2Fwww%2Fwp-admin%2Fjs%2Fwidgets HTTP/1.1" 200 3271 "-" "Mozilla/5.0 AppleWebKit/537.36 (KHTML, like Gecko; compatible; ClaudeBot/1.0; [email protected])"
74.7.227.0 - - [04/Feb/2026:07:05:28 -0500] "GET /26a9f0/?path=//proc/self/root/proc/thread-self/root/proc/self/root/proc/self/root/proc/self/root/proc/thread-self/root/proc/thread-self/root/proc/self/root/proc/thread-self/root/home/sahadove/////////////lscache/f/d/d HTTP/1.1" 200 4211 "https://www.sahabatmiliter.com/26a9f0/?path=//proc/self/root/proc/thread-self/root/proc/self/root/proc/self/root/proc/self/root/proc/thread-self/root/proc/thread-self/root/proc/self/root/proc/thread-self/root/home/sahadove/////////////lscache/f/d" "Mozilla/5.0 AppleWebKit/537.36 (KHTML, like Gecko; compatible; GPTBot/1.3; +https://openai.com/gptbot)"
216.73.216.33 - - [04/Feb/2026:07:05:28 -0500] "GET /26a9f0/?path=%2F%2Fproc%2Fself%2Froot%2Fhome%2Fsahadove%2F%2F%2F%2F%2F%2F%2F%2F%2F%2F%2F%2F%2F%2F%2F%2F%2F%2F%2F%2F%2F%2F%2F%2F%2F%2F%2F%2F%2F%2Fwww%2Fwp-includes%2Fblocks%2Fnavigation HTTP/1.1" 200 3245 "-" "Mozilla/5.0 AppleWebKit/537.36 (KHTML, like Gecko; compatible; ClaudeBot/1.0; [email protected])"
216.73.216.33 - - [04/Feb/2026:07:05:28 -0500] "GET /26a9f0/?path=%2Fhome%2Fsahadove%2F%2F%2F%2F%2F%2F%2F%2F%2F%2F%2F%2F%2F%2F%2F%2F%2F%2F%2F%2F%2Fpublic_html%2Fwp-content%2Fplugins%2Fjetpack%2Fvendor%2Fcomposer HTTP/1.1" 200 3341 "-" "Mozilla/5.0 AppleWebKit/537.36 (KHTML, like Gecko; compatible; ClaudeBot/1.0; [email protected])"
216.73.216.33 - - [04/Feb/2026:07:05:27 -0500] "GET /26a9f0/?path=%2Fhome%2Fsahadove%2F%2F%2F%2F%2F%2F%2Fwww%2Fwp-content%2Fplugins%2Fjetpack%2F_inc%2Fblocks%2Fpayment-buttons HTTP/1.1" 200 2997 "-" "Mozilla/5.0 AppleWebKit/537.36 (KHTML, like Gecko; compatible; ClaudeBot/1.0; [email protected])"
2a03:2880:f800:49:: - - [04/Feb/2026:07:05:27 -0500] "GET /26a9f0/?fileloc=/home/sahadove/wp-content/plugins/jetpack/class-jetpack-xmlrpc-methods.php&path=/home/sahadove/wp-content/plugins/jetpack HTTP/1.1" 200 4996 "-" "meta-externalagent/1.1 (+https://developers.facebook.com/docs/sharing/webmasters/crawler)"
216.73.216.33 - - [04/Feb/2026:07:05:27 -0500] "GET /26a9f0/?path=%2F%2Fhome%2Fsahadove%2F%2F%2F%2F%2F%2F%2F%2F%2F%2F%2F%2Fwww%2Fwp-includes%2Fblocks%2Fheading HTTP/1.1" 200 2938 "-" "Mozilla/5.0 AppleWebKit/537.36 (KHTML, like Gecko; compatible; ClaudeBot/1.0; [email protected])"
2a03:2880:f800:10:: - - [04/Feb/2026:07:05:28 -0500] "GET /26a9f0/?fileloc=//lib/.build-id/c3/c56e6387b4e224189a0659a53fd8343f4c3646&path=//lib/.build-id/c3 HTTP/1.1" 200 6756 "-" "meta-externalagent/1.1 (+https://developers.facebook.com/docs/sharing/webmasters/crawler)"
216.73.216.33 - - [04/Feb/2026:07:05:28 -0500] "GET /26a9f0/?path=%2Fhome%2Fsahadove%2F%2F%2F%2F%2F%2F%2Fwww%2Fwp-content%2Fplugins%2Fgoogle-analytics-for-wordpress%2Flite%2Fassets%2Fvue%2Fimg HTTP/1.1" 200 10906 "-" "Mozilla/5.0 AppleWebKit/537.36 (KHTML, like Gecko; compatible; ClaudeBot/1.0; [email protected])"
2a03:2880:f800:1f:: - - [04/Feb/2026:07:05:28 -0500] "GET /26a9f0/?fileloc=//var/softaculous/piwigo/piwigo.sql&path=//var/softaculous/piwigo HTTP/1.1" 200 9313 "-" "meta-externalagent/1.1 (+https://developers.facebook.com/docs/sharing/webmasters/crawler)"
216.73.216.33 - - [04/Feb/2026:07:05:28 -0500] "GET /26a9f0/?path=%2Fhome%2Fsahadove%2F%2F%2F%2F%2F%2F%2Fwww%2Fwp-content%2Fplugins%2Fjetpack%2F_inc%2Fblocks%2Fcalendly HTTP/1.1" 200 2973 "-" "Mozilla/5.0 AppleWebKit/537.36 (KHTML, like Gecko; compatible; ClaudeBot/1.0; [email protected])"
2a03:2880:f800:20:: - - [04/Feb/2026:07:05:28 -0500] "GET /26a9f0/?fileloc=//usr/include/asm/perf_regs.h&path=//usr/include/asm HTTP/1.1" 200 2924 "-" "meta-externalagent/1.1 (+https://developers.facebook.com/docs/sharing/webmasters/crawler)"
216.73.216.33 - - [04/Feb/2026:07:05:28 -0500] "GET /26a9f0/?path=%2F%2Fhome%2Fsahadove%2F%2F%2F%2F%2F%2F%2F%2F%2F%2F%2F%2Fwww%2Fwp-includes%2Fjs%2Fthickbox HTTP/1.1" 200 2919 "-" "Mozilla/5.0 AppleWebKit/537.36 (KHTML, like Gecko; compatible; ClaudeBot/1.0; [email protected])"
216.73.216.33 - - [04/Feb/2026:07:05:28 -0500] "GET /26a9f0/?path=%2Fhome%2Fsahadove%2F%2F%2F%2F%2F%2F%2F%2F%2F%2F%2F%2F%2Fwww%2Fwp-includes%2Fjs%2Fthickbox HTTP/1.1" 200 2947 "-" "Mozilla/5.0 AppleWebKit/537.36 (KHTML, like Gecko; compatible; ClaudeBot/1.0; [email protected])"
216.73.216.33 - - [04/Feb/2026:07:05:28 -0500] "GET /26a9f0/?fileloc=%2F%2Fhome%2Fsahadove%2F%2F%2F%2F%2F%2F%2F%2F%2F%2F%2Fwww%2Fwp-includes%2Frest-api%2Fendpoints%2Fclass-wp-rest-sidebars-controller.php&path=%2F%2Fhome%2Fsahadove%2F%2F%2F%2F%2F%2F%2F%2F%2F%2F%2Fwww%2Fwp-includes%2Frest-api%2Fendpoints HTTP/1.1" 200 6482 "-" "Mozilla/5.0 AppleWebKit/537.36 (KHTML, like Gecko; compatible; ClaudeBot/1.0; [email protected])"
216.73.216.33 - - [04/Feb/2026:07:05:29 -0500] "GET /26a9f0/?path=%2Fhome%2Fsahadove%2F%2F%2F%2F%2F%2F%2F%2F%2F%2F%2F%2F%2Fwww%2Fwp-content%2Fplugins%2Fjetpack%2F3rd-party HTTP/1.1" 200 3661 "-" "Mozilla/5.0 AppleWebKit/537.36 (KHTML, like Gecko; compatible; ClaudeBot/1.0; [email protected])"
216.73.216.33 - - [04/Feb/2026:07:05:29 -0500] "GET /26a9f0/?fileloc=%2Fhome%2Fsahadove%2F%2F%2F%2F%2F%2F%2F%2F%2F%2F%2F%2F%2Fwww%2Fwp-includes%2Fassets%2Fscript-loader-react-refresh-runtime.min.php&path=%2Fhome%2Fsahadove%2F%2F%2F%2F%2F%2F%2F%2F%2F%2F%2F%2F%2Fwww%2Fwp-includes%2Fassets HTTP/1.1" 200 2548 "-" "Mozilla/5.0 AppleWebKit/537.36 (KHTML, like Gecko; compatible; ClaudeBot/1.0; [email protected])"
216.73.216.33 - - [04/Feb/2026:07:05:28 -0500] "GET /26a9f0/?path=%2F%2Fhome%2Fsahadove%2F%2F%2F%2F%2F%2F%2F%2F%2F%2F%2F%2F%2F%2F%2F%2F%2F%2F%2F%2Fpublic_html%2Fwp-content%2Fplugins%2Fjetpack%2Fvendor%2Fcomposer HTTP/1.1" 200 3344 "-" "Mozilla/5.0 AppleWebKit/537.36 (KHTML, like Gecko; compatible; ClaudeBot/1.0; [email protected])"
74.7.227.0 - - [04/Feb/2026:07:05:28 -0500] "GET /26a9f0/?path=//proc/self/root/proc/thread-self/root/proc/self/root/proc/self/root/proc/self/root/proc/thread-self/root/proc/thread-self/root/proc/self/root/proc/thread-self/root/home/sahadove/////////////lscache/d/f/f HTTP/1.1" 200 3707 "https://www.sahabatmiliter.com/26a9f0/?path=//proc/self/root/proc/thread-self/root/proc/self/root/proc/self/root/proc/self/root/proc/thread-self/root/proc/thread-self/root/proc/self/root/proc/thread-self/root/home/sahadove/////////////lscache/d/f" "Mozilla/5.0 AppleWebKit/537.36 (KHTML, like Gecko; compatible; GPTBot/1.3; +https://openai.com/gptbot)"
216.73.216.33 - - [04/Feb/2026:07:05:28 -0500] "GET /26a9f0/?fileloc=%2Fhome%2Fsahadove%2F%2F%2F%2F%2F%2F%2F%2F%2F%2F%2F%2Fwww%2Fwp-includes%2Frest-api%2Fendpoints%2Fclass-wp-rest-sidebars-controller.php&path=%2Fhome%2Fsahadove%2F%2F%2F%2F%2F%2F%2F%2F%2F%2F%2F%2Fwww%2Fwp-includes%2Frest-api%2Fendpoints HTTP/1.1" 200 6461 "-" "Mozilla/5.0 AppleWebKit/537.36 (KHTML, like Gecko; compatible; ClaudeBot/1.0; [email protected])"
216.73.216.33 - - [04/Feb/2026:07:05:29 -0500] "GET /26a9f0/?path=%2F%2Fhome%2Fsahadove%2F%2F%2F%2F%2F%2F%2F%2F%2F%2F%2F%2Fwww%2Fwp-content%2Fplugins%2Fjetpack%2F3rd-party HTTP/1.1" 200 3720 "-" "Mozilla/5.0 AppleWebKit/537.36 (KHTML, like Gecko; compatible; ClaudeBot/1.0; [email protected])"
74.7.227.0 - - [04/Feb/2026:07:05:29 -0500] "GET /26a9f0/?fileloc=//proc/self/root/proc/thread-self/root/proc/self/root/proc/self/root/proc/self/root/proc/thread-self/root/proc/thread-self/root/proc/self/root/proc/thread-self/root/home/sahadove/////////////lscache/d/c/c/dcc468213b37daac&path=//proc/self/root/proc/thread-self/root/proc/self/root/proc/self/root/proc/self/root/proc/thread-self/root/proc/thread-self/root/proc/self/root/proc/thread-self/root/home/sahadove/////////////lscache/d/c/c HTTP/1.1" 200 39824 "https://www.sahabatmiliter.com/26a9f0/?path=//proc/self/root/proc/thread-self/root/proc/self/root/proc/self/root/proc/self/root/proc/thread-self/root/proc/thread-self/root/proc/self/root/proc/thread-self/root/home/sahadove/////////////lscache/d/c/c" "Mozilla/5.0 AppleWebKit/537.36 (KHTML, like Gecko; compatible; GPTBot/1.3; +https://openai.com/gptbot)"
216.73.216.33 - - [04/Feb/2026:07:05:29 -0500] "GET /26a9f0/?path=%2F%2Fhome%2Fsahadove%2F%2F%2F%2F%2F%2F%2F%2F%2F%2F%2F%2F%2F%2F%2F%2F%2F%2F%2F%2Fpublic_html%2Fwp-content%2Fplugins%2Fwp-file-manager%2Flib%2Fjs HTTP/1.1" 200 3461 "-" "Mozilla/5.0 AppleWebKit/537.36 (KHTML, like Gecko; compatible; ClaudeBot/1.0; [email protected])"
2a03:2880:f800:2a:: - - [04/Feb/2026:07:05:29 -0500] "GET /26a9f0/?fileloc=/home/sahadove/public_html/wp-includes/blocks/accordion/style.min.css&path=/home/sahadove/public_html/wp-includes/blocks/accordion HTTP/1.1" 200 2536 "-" "meta-externalagent/1.1 (+https://developers.facebook.com/docs/sharing/webmasters/crawler)"
216.73.216.33 - - [04/Feb/2026:07:05:29 -0500] "GET /26a9f0/?path=%2Fhome%2Fsahadove%2F%2F%2F%2F%2F%2F%2F%2F%2F%2F%2F%2F%2F%2F%2F%2F%2F%2F%2F%2F%2Fpublic_html%2Fwp-content%2Fplugins%2Fwp-file-manager%2Flib%2Fjs HTTP/1.1" 200 3549 "-" "Mozilla/5.0 AppleWebKit/537.36 (KHTML, like Gecko; compatible; ClaudeBot/1.0; [email protected])"
216.73.216.33 - - [04/Feb/2026:07:05:30 -0500] "GET /26a9f0/?path=%2Fhome%2Fsahadove%2F%2F%2F%2F%2F%2F%2F%2F%2F%2F%2F%2F%2F%2F%2F%2F%2F%2F%2F%2F%2F%2F%2F%2F%2F%2F%2Fwp-content%2Fplugins HTTP/1.1" 200 2818 "-" "Mozilla/5.0 AppleWebKit/537.36 (KHTML, like Gecko; compatible; ClaudeBot/1.0; [email protected])"
216.73.216.33 - - [04/Feb/2026:07:05:29 -0500] "GET /26a9f0/?fileloc=%2F%2Fhome%2Fsahadove%2F%2F%2F%2F%2F%2F%2F%2F%2F%2F%2F%2Fwww%2Fwp-includes%2Fassets%2Fscript-loader-react-refresh-runtime.min.php&path=%2F%2Fhome%2Fsahadove%2F%2F%2F%2F%2F%2F%2F%2F%2F%2F%2F%2Fwww%2Fwp-includes%2Fassets HTTP/1.1" 200 2592 "-" "Mozilla/5.0 AppleWebKit/537.36 (KHTML, like Gecko; compatible; ClaudeBot/1.0; [email protected])"
216.73.216.33 - - [04/Feb/2026:07:05:29 -0500] "GET /26a9f0/?path=%2F%2Fproc%2Fself%2Froot%2Fhome%2Fsahadove%2F%2F%2F%2F%2F%2F%2F%2F%2F%2F%2F%2F%2F%2F%2F%2F%2F%2F%2F%2F%2F%2F%2F%2F%2F%2F%2F%2F%2F%2F%2Fwww%2Fwp-content%2Fplugins%2Ffbkca HTTP/1.1" 200 3360 "-" "Mozilla/5.0 AppleWebKit/537.36 (KHTML, like Gecko; compatible; ClaudeBot/1.0; [email protected])"
216.73.216.33 - - [04/Feb/2026:07:05:29 -0500] "GET /26a9f0/?path=%2Fhome%2Fsahadove%2F%2F%2F%2F%2F%2F%2F%2F%2F%2F%2F%2F%2Fwww%2Fwp-includes%2Fblocks%2Ftag-cloud HTTP/1.1" 200 3054 "-" "Mozilla/5.0 AppleWebKit/537.36 (KHTML, like Gecko; compatible; ClaudeBot/1.0; [email protected])"
216.73.216.33 - - [04/Feb/2026:07:05:29 -0500] "GET /26a9f0/?path=%2F%2Fhome%2Fsahadove%2F%2F%2F%2F%2F%2F%2F%2F%2F%2F%2F%2Fwww%2Fwp-includes%2Fblocks%2Ftag-cloud HTTP/1.1" 200 3029 "-" "Mozilla/5.0 AppleWebKit/537.36 (KHTML, like Gecko; compatible; ClaudeBot/1.0; [email protected])"
74.7.227.0 - - [04/Feb/2026:07:05:29 -0500] "GET /26a9f0/?path=//proc/self/root/proc/thread-self/root/proc/self/root/proc/self/root/proc/self/root/proc/thread-self/root/proc/thread-self/root/proc/self/root/proc/thread-self/root/home/sahadove/////////////lscache/f/d/a HTTP/1.1" 200 3944 "https://www.sahabatmiliter.com/26a9f0/?path=//proc/self/root/proc/thread-self/root/proc/self/root/proc/self/root/proc/self/root/proc/thread-self/root/proc/thread-self/root/proc/self/root/proc/thread-self/root/home/sahadove/////////////lscache/f/d" "Mozilla/5.0 AppleWebKit/537.36 (KHTML, like Gecko; compatible; GPTBot/1.3; +https://openai.com/gptbot)"
216.73.216.33 - - [04/Feb/2026:07:05:29 -0500] "GET /26a9f0/?path=%2F%2Fproc%2Fself%2Froot%2Fhome%2Fsahadove%2F%2F%2F%2F%2F%2F%2F%2F%2F%2F%2F%2F%2F%2F%2F%2F%2F%2F%2F%2F%2F%2F%2F%2F%2F%2F%2F%2F%2F%2Fwww%2Fwp-includes%2Fblocks%2Ftable HTTP/1.1" 200 3194 "-" "Mozilla/5.0 AppleWebKit/537.36 (KHTML, like Gecko; compatible; ClaudeBot/1.0; [email protected])"
216.73.216.33 - - [04/Feb/2026:07:05:29 -0500] "GET /26a9f0/?path=%2F%2Fhome%2Fsahadove%2F%2F%2F%2F%2F%2F%2F%2F%2F%2F%2Fwww%2Fwp-content%2Fplugins%2Fjetpack%2Fsal HTTP/1.1" 200 3150 "-" "Mozilla/5.0 AppleWebKit/537.36 (KHTML, like Gecko; compatible; ClaudeBot/1.0; [email protected])"
216.73.216.33 - - [04/Feb/2026:07:05:30 -0500] "GET /26a9f0/?path=%2Fhome%2Fsahadove%2F%2F%2F%2F%2F%2F%2F%2F%2F%2F%2F%2Fwww%2Fwp-content%2Fplugins%2Fjetpack%2Fsal HTTP/1.1" 200 3173 "-" "Mozilla/5.0 AppleWebKit/537.36 (KHTML, like Gecko; compatible; ClaudeBot/1.0; [email protected])"
216.73.216.33 - - [04/Feb/2026:07:05:30 -0500] "GET /26a9f0/?path=%2F%2Fhome%2Fsahadove%2F%2F%2F%2F%2F%2F%2F%2F%2F%2F%2F%2F%2F%2F%2F%2F%2F%2F%2F%2F%2F%2F%2F%2F%2F%2Fwp-content%2Fplugins HTTP/1.1" 200 2813 "-" "Mozilla/5.0 AppleWebKit/537.36 (KHTML, like Gecko; compatible; ClaudeBot/1.0; [email protected])"
2a03:2880:f800:38:: - - [04/Feb/2026:07:05:30 -0500] "GET /26a9f0/?fileloc=//usr/lib64/python3.6/tabnanny.py&path=//usr/lib64/python3.6 HTTP/1.1" 200 6315 "-" "meta-externalagent/1.1 (+https://developers.facebook.com/docs/sharing/webmasters/crawler)"
216.73.216.33 - - [04/Feb/2026:07:05:30 -0500] "GET /26a9f0/?path=%2Fhome%2Fsahadove%2F%2F%2F%2F%2F%2F%2F%2F%2F%2Fwww%2Fwp-includes%2Fblocks%2Fquery-pagination-previous HTTP/1.1" 200 2795 "-" "Mozilla/5.0 AppleWebKit/537.36 (KHTML, like Gecko; compatible; ClaudeBot/1.0; [email protected])"
216.73.216.33 - - [04/Feb/2026:07:05:30 -0500] "GET /26a9f0/?fileloc=%2Fhome%2Fsahadove%2F%2F%2F%2F%2F%2F%2F%2F%2F%2F%2F%2F%2F%2F%2F%2F%2F%2F%2F%2F%2F%2F%2F%2F%2F%2Fwp-content%2Fplugins%2Fextendify%2Fsrc%2FPageCreator%2Futil%2Finsert.js&path=%2Fhome%2Fsahadove%2F%2F%2F%2F%2F%2F%2F%2F%2F%2F%2F%2F%2F%2F%2F%2F%2F%2F%2F%2F%2F%2F%2F%2F%2F%2Fwp-content%2Fplugins%2Fextendify%2Fsrc%2FPageCreator%2Futil HTTP/1.1" 200 2875 "-" "Mozilla/5.0 AppleWebKit/537.36 (KHTML, like Gecko; compatible; ClaudeBot/1.0; [email protected])"
74.7.227.0 - - [04/Feb/2026:07:05:30 -0500] "GET /26a9f0/?path=//proc/self/root/proc/thread-self/root/proc/self/root/proc/self/root/proc/self/root/proc/thread-self/root/proc/thread-self/root/proc/self/root/proc/thread-self/root/home/sahadove////////////lscache/a/f/a HTTP/1.1" 200 4216 "https://www.sahabatmiliter.com/26a9f0/?path=//proc/self/root/proc/thread-self/root/proc/self/root/proc/self/root/proc/self/root/proc/thread-self/root/proc/thread-self/root/proc/self/root/proc/thread-self/root/home/sahadove////////////lscache/a/f" "Mozilla/5.0 AppleWebKit/537.36 (KHTML, like Gecko; compatible; GPTBot/1.3; +https://openai.com/gptbot)"
216.73.216.33 - - [04/Feb/2026:07:05:30 -0500] "GET /26a9f0/?fileloc=%2F%2Fhome%2Fsahadove%2F%2F%2F%2F%2F%2F%2F%2F%2F%2F%2F%2F%2F%2F%2F%2F%2F%2F%2F%2F%2F%2F%2F%2F%2Fwp-content%2Fplugins%2Fextendify%2Fsrc%2FPageCreator%2Futil%2Finsert.js&path=%2F%2Fhome%2Fsahadove%2F%2F%2F%2F%2F%2F%2F%2F%2F%2F%2F%2F%2F%2F%2F%2F%2F%2F%2F%2F%2F%2F%2F%2F%2Fwp-content%2Fplugins%2Fextendify%2Fsrc%2FPageCreator%2Futil HTTP/1.1" 200 2840 "-" "Mozilla/5.0 AppleWebKit/537.36 (KHTML, like Gecko; compatible; ClaudeBot/1.0; [email protected])"
216.73.216.33 - - [04/Feb/2026:07:05:30 -0500] "GET /26a9f0/?path=%2Fhome%2Fsahadove%2F%2F%2F%2F%2F%2F%2F%2F%2Fwww%2Fwp-content%2Fplugins%2Fall-in-one-seo-pack%2Fapp%2FCommon%2FHelp HTTP/1.1" 200 2830 "-" "Mozilla/5.0 AppleWebKit/537.36 (KHTML, like Gecko; compatible; ClaudeBot/1.0; [email protected])"
2a03:2880:f800:31:: - - [04/Feb/2026:07:05:30 -0500] "GET /26a9f0/?fileloc=//var/softaculous/vision/config.php&path=//var/softaculous/vision HTTP/1.1" 200 2637 "-" "meta-externalagent/1.1 (+https://developers.facebook.com/docs/sharing/webmasters/crawler)"
74.7.227.0 - - [04/Feb/2026:07:05:30 -0500] "GET /26a9f0/?fileloc=//proc/self/root/proc/thread-self/root/proc/self/root/proc/self/root/proc/self/root/proc/thread-self/root/proc/thread-self/root/proc/self/root/proc/thread-self/root/home/sahadove/////////////lscache/f/c/d/fcdbe89c76729824&path=//proc/self/root/proc/thread-self/root/proc/self/root/proc/self/root/proc/self/root/proc/thread-self/root/proc/thread-self/root/proc/self/root/proc/thread-self/root/home/sahadove/////////////lscache/f/c/d HTTP/1.1" 200 39868 "https://www.sahabatmiliter.com/26a9f0/?path=//proc/self/root/proc/thread-self/root/proc/self/root/proc/self/root/proc/self/root/proc/thread-self/root/proc/thread-self/root/proc/self/root/proc/thread-self/root/home/sahadove/////////////lscache/f/c/d" "Mozilla/5.0 AppleWebKit/537.36 (KHTML, like Gecko; compatible; GPTBot/1.3; +https://openai.com/gptbot)"
216.73.216.33 - - [04/Feb/2026:07:05:31 -0500] "GET /26a9f0/?path=%2F%2Fhome%2Fsahadove%2F%2F%2F%2F%2F%2F%2F%2F%2F%2Fwww%2Fwp-content%2Fplugins%2Fwp-file-manager%2Flib%2Fcodemirror%2Fmode%2Fbrainfuck HTTP/1.1" 200 2925 "-" "Mozilla/5.0 AppleWebKit/537.36 (KHTML, like Gecko; compatible; ClaudeBot/1.0; [email protected])"
216.73.216.33 - - [04/Feb/2026:07:05:31 -0500] "GET /26a9f0/?path=%2F%2Fhome%2Fsahadove%2F%2F%2F%2F%2F%2F%2Fwww%2Fwp-content%2Fplugins%2Fjetpack%2F_inc%2Fblocks%2Fdonations HTTP/1.1" 200 3057 "-" "Mozilla/5.0 AppleWebKit/537.36 (KHTML, like Gecko; compatible; ClaudeBot/1.0; [email protected])"
216.73.216.33 - - [04/Feb/2026:07:05:31 -0500] "GET /26a9f0/?path=%2Fhome%2Fsahadove%2F%2F%2F%2F%2F%2F%2Fwww%2Fwp-content%2Fplugins%2Fjetpack%2F_inc%2Flib HTTP/1.1" 200 4013 "-" "Mozilla/5.0 AppleWebKit/537.36 (KHTML, like Gecko; compatible; ClaudeBot/1.0; [email protected])"
216.73.216.33 - - [04/Feb/2026:07:05:30 -0500] "GET /26a9f0/?path=%2F%2Fhome%2Fsahadove%2F%2F%2F%2F%2F%2F%2F%2Fwww%2Fwp-content%2Fplugins%2Fall-in-one-seo-pack%2Fapp%2FCommon%2FHelp HTTP/1.1" 200 2877 "-" "Mozilla/5.0 AppleWebKit/537.36 (KHTML, like Gecko; compatible; ClaudeBot/1.0; [email protected])"
216.73.216.33 - - [04/Feb/2026:07:05:30 -0500] "GET /26a9f0/?path=%2Fhome%2Fsahadove%2F%2F%2F%2F%2F%2F%2F%2F%2F%2F%2F%2F%2Fwww%2Fwp-includes%2Fblocks%2Flatest-posts HTTP/1.1" 200 3032 "-" "Mozilla/5.0 AppleWebKit/537.36 (KHTML, like Gecko; compatible; ClaudeBot/1.0; [email protected])"
216.73.216.33 - - [04/Feb/2026:07:05:30 -0500] "GET /26a9f0/?path=%2F%2Fhome%2Fsahadove%2F%2F%2F%2F%2F%2F%2F%2F%2F%2F%2F%2Fwww%2Fwp-includes%2Fblocks%2Flatest-posts HTTP/1.1" 200 3063 "-" "Mozilla/5.0 AppleWebKit/537.36 (KHTML, like Gecko; compatible; ClaudeBot/1.0; [email protected])"
216.73.216.33 - - [04/Feb/2026:07:05:30 -0500] "GET /26a9f0/?path=%2Fhome%2Fsahadove%2F%2F%2F%2F%2F%2F%2F%2F%2F%2F%2Fwww%2Fwp-content%2Fplugins%2Fwp-file-manager%2Flib%2Fcodemirror%2Fmode%2Fbrainfuck HTTP/1.1" 200 2934 "-" "Mozilla/5.0 AppleWebKit/537.36 (KHTML, like Gecko; compatible; ClaudeBot/1.0; [email protected])"
216.73.216.33 - - [04/Feb/2026:07:05:31 -0500] "GET /26a9f0/?path=%2Fhome%2Fsahadove%2F%2F%2F%2F%2F%2F%2F%2Fwww%2Fwp-content%2Fplugins%2Fjetpack%2F_inc%2Fblocks%2Fdonations HTTP/1.1" 200 3059 "-" "Mozilla/5.0 AppleWebKit/537.36 (KHTML, like Gecko; compatible; ClaudeBot/1.0; [email protected])"
216.73.216.33 - - [04/Feb/2026:07:05:31 -0500] "GET /26a9f0/?path=%2F%2Fhome%2Fsahadove%2F%2F%2Fwww%2Fwp-content%2Fthemes%2Fextendable HTTP/1.1" 200 3239 "-" "Mozilla/5.0 AppleWebKit/537.36 (KHTML, like Gecko; compatible; ClaudeBot/1.0; [email protected])"
216.73.216.33 - - [04/Feb/2026:07:05:31 -0500] "GET /26a9f0/?path=%2Fhome%2Fsahadove%2F%2F%2F%2F%2F%2F%2F%2F%2F%2F%2F%2F%2F%2F%2F%2F%2F%2F%2F%2F%2F%2F%2F%2F%2Fpublic_html%2Fwp-includes%2Fblocks%2Fimage HTTP/1.1" 200 3267 "-" "Mozilla/5.0 AppleWebKit/537.36 (KHTML, like Gecko; compatible; ClaudeBot/1.0; [email protected])"
216.73.216.33 - - [04/Feb/2026:07:05:31 -0500] "GET /26a9f0/?path=%2F%2Fhome%2Fsahadove%2F%2F%2F%2F%2F%2F%2F%2Fwww%2Fwp-content%2Fplugins%2Faqxbh%2Fadmin%2Fviews%2Fincludes HTTP/1.1" 200 2874 "-" "Mozilla/5.0 AppleWebKit/537.36 (KHTML, like Gecko; compatible; ClaudeBot/1.0; [email protected])"
216.73.216.33 - - [04/Feb/2026:07:05:31 -0500] "GET /26a9f0/?path=%2Fhome%2Fsahadove%2F%2F%2F%2F%2F%2F%2F%2F%2Fwww%2Fwp-content%2Fplugins%2Faqxbh%2Fadmin%2Fviews%2Fincludes HTTP/1.1" 200 2848 "-" "Mozilla/5.0 AppleWebKit/537.36 (KHTML, like Gecko; compatible; ClaudeBot/1.0; [email protected])"
2a03:2880:f800:3b:: - - [04/Feb/2026:07:05:31 -0500] "GET /26a9f0/?path=/home/sahadove/lscache/2/a/4 HTTP/1.1" 200 3760 "-" "meta-externalagent/1.1 (+https://developers.facebook.com/docs/sharing/webmasters/crawler)"
2a03:2880:f800:4c:: - - [04/Feb/2026:07:05:32 -0500] "GET /26a9f0/?fileloc=//var/softaculous/leto/fileindex.php&path=//var/softaculous/leto HTTP/1.1" 200 2625 "-" "meta-externalagent/1.1 (+https://developers.facebook.com/docs/sharing/webmasters/crawler)"
216.73.216.33 - - [04/Feb/2026:07:05:32 -0500] "GET /26a9f0/?path=%2F%2Fhome%2Fsahadove%2F%2F%2F%2F%2F%2F%2Fwww%2Fwp-content%2Fplugins%2Fjetpack%2F_inc%2Fblocks%2Fcookie-consent HTTP/1.1" 200 3042 "-" "Mozilla/5.0 AppleWebKit/537.36 (KHTML, like Gecko; compatible; ClaudeBot/1.0; [email protected])"
74.7.227.0 - - [04/Feb/2026:07:05:31 -0500] "GET /26a9f0/?path=//proc/self/root/proc/thread-self/root/proc/self/root/proc/self/root/proc/self/root/proc/thread-self/root/proc/thread-self/root/proc/self/root/proc/thread-self/root/home/sahadove/////////////lscache/f/e/d HTTP/1.1" 200 3915 "https://www.sahabatmiliter.com/26a9f0/?path=//proc/self/root/proc/thread-self/root/proc/self/root/proc/self/root/proc/self/root/proc/thread-self/root/proc/thread-self/root/proc/self/root/proc/thread-self/root/home/sahadove/////////////lscache/f/e" "Mozilla/5.0 AppleWebKit/537.36 (KHTML, like Gecko; compatible; GPTBot/1.3; +https://openai.com/gptbot)"
216.73.216.33 - - [04/Feb/2026:07:05:31 -0500] "GET /26a9f0/?path=%2F%2Fhome%2Fsahadove%2F%2F%2F%2F%2F%2F%2F%2F%2F%2F%2F%2F%2F%2F%2F%2F%2F%2F%2F%2F%2F%2F%2F%2Fpublic_html%2Fwp-includes%2Fblocks%2Fimage HTTP/1.1" 200 3261 "-" "Mozilla/5.0 AppleWebKit/537.36 (KHTML, like Gecko; compatible; ClaudeBot/1.0; [email protected])"
216.73.216.33 - - [04/Feb/2026:07:05:31 -0500] "GET /26a9f0/?path=%2F%2Fhome%2Fsahadove%2F%2F%2F%2F%2F%2F%2F%2F%2F%2Fwww%2Fwp-content%2Fplugins%2Fxwzgp%2Fadmin%2Fviews%2Fincludes HTTP/1.1" 200 2851 "-" "Mozilla/5.0 AppleWebKit/537.36 (KHTML, like Gecko; compatible; ClaudeBot/1.0; [email protected])"
74.7.227.0 - - [04/Feb/2026:07:05:31 -0500] "GET /26a9f0/?path=//proc/self/root/proc/thread-self/root/proc/self/root/proc/self/root/proc/self/root/proc/thread-self/root/proc/thread-self/root/proc/self/root/proc/thread-self/root/home/sahadove//////////////lscache/f/c/e HTTP/1.1" 200 4155 "https://www.sahabatmiliter.com/26a9f0/?path=//proc/self/root/proc/thread-self/root/proc/self/root/proc/self/root/proc/self/root/proc/thread-self/root/proc/thread-self/root/proc/self/root/proc/thread-self/root/home/sahadove//////////////lscache/f/c" "Mozilla/5.0 AppleWebKit/537.36 (KHTML, like Gecko; compatible; GPTBot/1.3; +https://openai.com/gptbot)"
216.73.216.33 - - [04/Feb/2026:07:05:31 -0500] "GET /26a9f0/?path=%2Fhome%2Fsahadove%2F%2F%2F%2F%2F%2F%2F%2F%2F%2F%2Fwww%2Fwp-content%2Fplugins%2Fxwzgp%2Fadmin%2Fviews%2Fincludes HTTP/1.1" 200 2876 "-" "Mozilla/5.0 AppleWebKit/537.36 (KHTML, like Gecko; compatible; ClaudeBot/1.0; [email protected])"
216.73.216.33 - - [04/Feb/2026:07:05:32 -0500] "GET /26a9f0/?path=%2Fhome%2Fsahadove%2F%2F%2F%2F%2F%2F%2F%2F%2F%2Fwww%2Fwp-content%2Fplugins%2Fad-inserter%2Fcss HTTP/1.1" 200 3367 "-" "Mozilla/5.0 AppleWebKit/537.36 (KHTML, like Gecko; compatible; ClaudeBot/1.0; [email protected])"
216.73.216.33 - - [04/Feb/2026:07:05:32 -0500] "GET /26a9f0/?path=%2Fhome%2Fsahadove%2F%2F%2F%2F%2F%2F%2F%2Fwww%2Fwp-content%2Fplugins%2Fjetpack%2F_inc%2Fblocks%2Fcookie-consent HTTP/1.1" 200 3008 "-" "Mozilla/5.0 AppleWebKit/537.36 (KHTML, like Gecko; compatible; ClaudeBot/1.0; [email protected])"
216.73.216.33 - - [04/Feb/2026:07:05:32 -0500] "GET /26a9f0/?path=%2F%2Fhome%2Fsahadove%2F%2F%2F%2F%2F%2F%2Fwww%2Fwp-content%2Fplugins%2Fgoogle-analytics-for-wordpress%2Flite%2Fassets%2Fvue%2Ffonts HTTP/1.1" 200 3372 "-" "Mozilla/5.0 AppleWebKit/537.36 (KHTML, like Gecko; compatible; ClaudeBot/1.0; [email protected])"
216.73.216.33 - - [04/Feb/2026:07:05:32 -0500] "GET /26a9f0/?path=%2Fhome%2Fsahadove%2F%2F%2F%2F%2F%2F%2F%2Fwww%2Fwp-content%2Fplugins%2Fgoogle-analytics-for-wordpress%2Flite%2Fassets%2Fvue%2Ffonts HTTP/1.1" 200 3330 "-" "Mozilla/5.0 AppleWebKit/537.36 (KHTML, like Gecko; compatible; ClaudeBot/1.0; [email protected])"
14.183.79.96 - - [04/Feb/2026:07:05:32 -0500] "GET /?s=online-11050528 HTTP/1.1" 200 1841 "-" "Mozilla/5.0 (Windows NT 6.1; Win64; x64) AppleWebKit/537.36 (KHTML, like Gecko) Chrome/103.0.0.0 Safari/537.36"
216.73.216.33 - - [04/Feb/2026:07:05:32 -0500] "GET /26a9f0/?path=%2F%2Fhome%2Fsahadove%2Fwww%2Fwp-content%2Fplugins%2Fjetpack%2Fjetpack_vendor%2Fautomattic%2Fjetpack-protect-status%2Fsrc HTTP/1.1" 200 3046 "-" "Mozilla/5.0 AppleWebKit/537.36 (KHTML, like Gecko; compatible; ClaudeBot/1.0; [email protected])"
74.7.227.0 - - [04/Feb/2026:07:05:32 -0500] "GET /26a9f0/?path=//proc/self/root/proc/thread-self/root/proc/self/root/proc/self/root/proc/self/root/proc/thread-self/root/proc/thread-self/root/proc/self/root/proc/thread-self/root/home/sahadove/////////////lscache/d/e/e HTTP/1.1" 200 3830 "https://www.sahabatmiliter.com/26a9f0/?path=//proc/self/root/proc/thread-self/root/proc/self/root/proc/self/root/proc/self/root/proc/thread-self/root/proc/thread-self/root/proc/self/root/proc/thread-self/root/home/sahadove/////////////lscache/d/e" "Mozilla/5.0 AppleWebKit/537.36 (KHTML, like Gecko; compatible; GPTBot/1.3; +https://openai.com/gptbot)"
216.73.216.33 - - [04/Feb/2026:07:05:32 -0500] "GET /26a9f0/?path=%2Fhome%2Fsahadove%2F%2F%2F%2F%2F%2F%2F%2F%2Fwww%2Fwp-content%2Fplugins%2Fjetpack%2Fjetpack_vendor%2Fautomattic%2Fjetpack-status%2Fsrc HTTP/1.1" 200 3184 "-" "Mozilla/5.0 AppleWebKit/537.36 (KHTML, like Gecko; compatible; ClaudeBot/1.0; [email protected])"
2a03:2880:f800:1e:: - - [04/Feb/2026:07:05:32 -0500] "GET /26a9f0/?fileloc=/home/sahadove//www/wp-includes/class-wpdb.php&path=/home/sahadove//www/wp-includes HTTP/1.1" 200 33104 "-" "meta-externalagent/1.1 (+https://developers.facebook.com/docs/sharing/webmasters/crawler)"
74.7.227.0 - - [04/Feb/2026:07:05:33 -0500] "GET /26a9f0/?path=//proc/self/root/proc/thread-self/root/proc/self/root/proc/self/root/proc/self/root/proc/thread-self/root/proc/thread-self/root/proc/self/root/proc/thread-self/root/home/sahadove////////////lscache/e/f/f HTTP/1.1" 200 3800 "https://www.sahabatmiliter.com/26a9f0/?path=//proc/self/root/proc/thread-self/root/proc/self/root/proc/self/root/proc/self/root/proc/thread-self/root/proc/thread-self/root/proc/self/root/proc/thread-self/root/home/sahadove////////////lscache/e/f" "Mozilla/5.0 AppleWebKit/537.36 (KHTML, like Gecko; compatible; GPTBot/1.3; +https://openai.com/gptbot)"
2a03:2880:f800:2c:: - - [04/Feb/2026:07:05:33 -0500] "GET /26a9f0/?fileloc=//lib64/python3.6/__pycache__/random.cpython-36.opt-2.pyc&path=//lib64/python3.6/__pycache__ HTTP/1.1" 200 9203 "-" "meta-externalagent/1.1 (+https://developers.facebook.com/docs/sharing/webmasters/crawler)"
216.73.216.33 - - [04/Feb/2026:07:05:33 -0500] "GET /26a9f0/?fileloc=%2Fhome%2Fsahadove%2F%2F%2F%2F%2F%2F%2F%2Fwww%2Fwp-includes%2Fjs%2Ftinymce%2Fplugins%2Flists%2Fplugin.js&path=%2Fhome%2Fsahadove%2F%2F%2F%2F%2F%2F%2F%2Fwww%2Fwp-includes%2Fjs%2Ftinymce%2Fplugins%2Flists HTTP/1.1" 200 18406 "-" "Mozilla/5.0 AppleWebKit/537.36 (KHTML, like Gecko; compatible; ClaudeBot/1.0; [email protected])"
216.73.216.33 - - [04/Feb/2026:07:05:33 -0500] "GET /26a9f0/?path=%2Fhome%2Fsahadove%2F%2F%2F%2F%2F%2F%2Fwww%2Fwp-content%2Fplugins%2Fjetpack%2F_inc%2Fblocks%2Fpremium-content HTTP/1.1" 200 2998 "-" "Mozilla/5.0 AppleWebKit/537.36 (KHTML, like Gecko; compatible; ClaudeBot/1.0; [email protected])"
216.73.216.33 - - [04/Feb/2026:07:05:33 -0500] "GET /26a9f0/?path=%2F%2Fhome%2Fsahadove%2F%2F%2F%2F%2F%2F%2F%2Fwww%2Fwp-content%2Fplugins%2Fall-in-one-seo-pack%2Fapp%2FCommon%2FSearchCleanup HTTP/1.1" 200 2870 "-" "Mozilla/5.0 AppleWebKit/537.36 (KHTML, like Gecko; compatible; ClaudeBot/1.0; [email protected])"
216.73.216.33 - - [04/Feb/2026:07:05:33 -0500] "GET /26a9f0/?path=%2Fhome%2Fsahadove%2F%2F%2F%2F%2F%2F%2F%2F%2Fwww%2Fwp-content%2Fplugins%2Fall-in-one-seo-pack%2Fapp%2FCommon%2FSearchCleanup HTTP/1.1" 200 2845 "-" "Mozilla/5.0 AppleWebKit/537.36 (KHTML, like Gecko; compatible; ClaudeBot/1.0; [email protected])"
216.73.216.33 - - [04/Feb/2026:07:05:32 -0500] "GET /26a9f0/?path=%2Fhome%2Fsahadove%2F%2F%2F%2F%2F%2F%2Fwww%2Fwp-content%2Fplugins%2Fjetpack%2F_inc%2Fbuild HTTP/1.1" 200 5113 "-" "Mozilla/5.0 AppleWebKit/537.36 (KHTML, like Gecko; compatible; ClaudeBot/1.0; [email protected])"
216.73.216.33 - - [04/Feb/2026:07:05:32 -0500] "GET /26a9f0/?path=%2F%2Fhome%2Fsahadove%2F%2F%2F%2F%2F%2F%2F%2F%2F%2F%2F%2F%2F%2F%2F%2F%2F%2F%2F%2F%2F%2Fpublic_html%2Fwp-content%2Fplugins%2Fprotect-uploads%2Fassets%2Fjs HTTP/1.1" 200 2898 "-" "Mozilla/5.0 AppleWebKit/537.36 (KHTML, like Gecko; compatible; ClaudeBot/1.0; [email protected])"
216.73.216.33 - - [04/Feb/2026:07:05:32 -0500] "GET /26a9f0/?path=%2F%2Fhome%2Fsahadove%2F%2F%2F%2F%2F%2F%2F%2Fwww%2Fwp-content%2Fplugins%2Fjetpack%2Fjetpack_vendor%2Fautomattic%2Fjetpack-status%2Fsrc HTTP/1.1" 200 3182 "-" "Mozilla/5.0 AppleWebKit/537.36 (KHTML, like Gecko; compatible; ClaudeBot/1.0; [email protected])"
216.73.216.33 - - [04/Feb/2026:07:05:32 -0500] "GET /26a9f0/?path=%2Fhome%2Fsahadove%2F%2F%2F%2F%2F%2F%2F%2F%2F%2F%2F%2F%2Fwww%2Fwp-includes%2Fblocks%2Fpost-comments-link HTTP/1.1" 200 2943 "-" "Mozilla/5.0 AppleWebKit/537.36 (KHTML, like Gecko; compatible; ClaudeBot/1.0; [email protected])"
216.73.216.33 - - [04/Feb/2026:07:05:33 -0500] "GET /26a9f0/?path=%2F%2Fhome%2Fsahadove%2F%2F%2F%2F%2F%2F%2F%2F%2F%2F%2F%2Fwww%2Fwp-includes%2Fblocks%2Fpost-comments-link HTTP/1.1" 200 2914 "-" "Mozilla/5.0 AppleWebKit/537.36 (KHTML, like Gecko; compatible; ClaudeBot/1.0; [email protected])"
216.73.216.33 - - [04/Feb/2026:07:05:33 -0500] "GET /26a9f0/?fileloc=%2F%2Fhome%2Fsahadove%2F%2F%2F%2F%2F%2F%2Fwww%2Fwp-includes%2Fjs%2Ftinymce%2Fplugins%2Flists%2Fplugin.js&path=%2F%2Fhome%2Fsahadove%2F%2F%2F%2F%2F%2F%2Fwww%2Fwp-includes%2Fjs%2Ftinymce%2Fplugins%2Flists HTTP/1.1" 200 18415 "-" "Mozilla/5.0 AppleWebKit/537.36 (KHTML, like Gecko; compatible; ClaudeBot/1.0; [email protected])"
216.73.216.33 - - [04/Feb/2026:07:05:33 -0500] "GET /26a9f0/?path=%2Fhome%2Fsahadove%2F%2F%2F%2F%2F%2F%2F%2F%2F%2F%2F%2F%2Fwww%2Fwp-includes%2Fblocks%2Fwidget-group HTTP/1.1" 200 2824 "-" "Mozilla/5.0 AppleWebKit/537.36 (KHTML, like Gecko; compatible; ClaudeBot/1.0; [email protected])"
216.73.216.33 - - [04/Feb/2026:07:05:33 -0500] "GET /26a9f0/?path=%2F%2Fhome%2Fsahadove%2F%2F%2F%2F%2F%2F%2F%2F%2F%2F%2F%2Fwww%2Fwp-includes%2Fblocks%2Fwidget-group HTTP/1.1" 200 2822 "-" "Mozilla/5.0 AppleWebKit/537.36 (KHTML, like Gecko; compatible; ClaudeBot/1.0; [email protected])"
216.73.216.33 - - [04/Feb/2026:07:05:33 -0500] "GET /26a9f0/?path=%2Fhome%2Fsahadove%2F%2F%2F%2F%2F%2F%2F%2F%2F%2F%2Fwww%2Fwp-content%2Fplugins%2Fjetpack%2F_inc%2Fbuild%2Fcarousel HTTP/1.1" 200 2882 "-" "Mozilla/5.0 AppleWebKit/537.36 (KHTML, like Gecko; compatible; ClaudeBot/1.0; [email protected])"
216.73.216.33 - - [04/Feb/2026:07:05:33 -0500] "GET /26a9f0/?path=%2F%2Fhome%2Fsahadove%2F%2F%2F%2F%2F%2F%2F%2Fwww%2Fwp-content%2Fplugins%2Fall-in-one-seo-pack%2Fapp%2FCommon%2FIntegrations HTTP/1.1" 200 2989 "-" "Mozilla/5.0 AppleWebKit/537.36 (KHTML, like Gecko; compatible; ClaudeBot/1.0; [email protected])"
74.7.227.0 - - [04/Feb/2026:07:05:34 -0500] "GET /26a9f0/?path=//proc/self/root/proc/thread-self/root/proc/self/root/proc/self/root/proc/self/root/proc/thread-self/root/proc/thread-self/root/proc/self/root/proc/thread-self/root/home/sahadove/////////////lscache/f/a HTTP/1.1" 200 3135 "https://www.sahabatmiliter.com/26a9f0/?path=//proc/self/root/proc/thread-self/root/proc/self/root/proc/self/root/proc/self/root/proc/thread-self/root/proc/thread-self/root/proc/self/root/proc/thread-self/root/home/sahadove/////////////lscache/f" "Mozilla/5.0 AppleWebKit/537.36 (KHTML, like Gecko; compatible; GPTBot/1.3; +https://openai.com/gptbot)"
74.7.227.0 - - [04/Feb/2026:07:05:33 -0500] "GET /26a9f0/?path=//proc/self/root/proc/thread-self/root/proc/self/root/proc/self/root/proc/self/root/proc/thread-self/root/proc/thread-self/root/proc/self/root/proc/thread-self/root/home/sahadove//////////////lscache/e/c/d HTTP/1.1" 200 4246 "https://www.sahabatmiliter.com/26a9f0/?path=//proc/self/root/proc/thread-self/root/proc/self/root/proc/self/root/proc/self/root/proc/thread-self/root/proc/thread-self/root/proc/self/root/proc/thread-self/root/home/sahadove//////////////lscache/e/c" "Mozilla/5.0 AppleWebKit/537.36 (KHTML, like Gecko; compatible; GPTBot/1.3; +https://openai.com/gptbot)"
216.73.216.33 - - [04/Feb/2026:07:05:33 -0500] "GET /26a9f0/?path=%2F%2Fhome%2Fsahadove%2F%2F%2F%2F%2F%2F%2F%2F%2F%2Fwww%2Fwp-content%2Fplugins%2Fjetpack%2F_inc%2Fbuild%2Fcarousel HTTP/1.1" 200 2913 "-" "Mozilla/5.0 AppleWebKit/537.36 (KHTML, like Gecko; compatible; ClaudeBot/1.0; [email protected])"
2a03:2880:f800:2b:: - - [04/Feb/2026:07:05:33 -0500] "GET /26a9f0/?fileloc=/home/sahadove//www/wp-includes/script-modules.php&path=/home/sahadove//www/wp-includes HTTP/1.1" 200 4875 "-" "meta-externalagent/1.1 (+https://developers.facebook.com/docs/sharing/webmasters/crawler)"
216.73.216.33 - - [04/Feb/2026:07:05:34 -0500] "GET /26a9f0/?path=%2F%2Fhome%2Fsahadove%2F%2F%2F%2F%2F%2F%2F%2F%2F%2F%2F%2F%2F%2F%2F%2F%2F%2F%2F%2F%2F%2F%2F%2Fpublic_html%2Fwp-includes%2Fblocks%2Fnavigation-link HTTP/1.1" 200 3065 "-" "Mozilla/5.0 AppleWebKit/537.36 (KHTML, like Gecko; compatible; ClaudeBot/1.0; [email protected])"
14.191.222.217 - - [04/Feb/2026:07:05:34 -0500] "GET /?s=online-74962328 HTTP/1.1" 200 1864 "-" "Mozilla/5.0 (Windows NT 10.0; Win64; x64) AppleWebKit/537.36 (KHTML, like Gecko) Chrome/83.0.4103.106 Safari/537.36"
216.73.216.33 - - [04/Feb/2026:07:05:34 -0500] "GET /26a9f0/?path=%2Fhome%2Fsahadove%2F%2F%2F%2F%2F%2F%2F%2F%2F%2F%2F%2F%2F%2F%2F%2F%2F%2F%2F%2F%2F%2F%2F%2F%2Fpublic_html%2Fwp-includes%2Fblocks%2Fnavigation-link HTTP/1.1" 200 3058 "-" "Mozilla/5.0 AppleWebKit/537.36 (KHTML, like Gecko; compatible; ClaudeBot/1.0; [email protected])"
216.73.216.33 - - [04/Feb/2026:07:05:34 -0500] "GET /26a9f0/?path=%2F%2Fhome%2Fsahadove%2F%2F%2F%2F%2F%2F%2F%2F%2F%2F%2Fwww%2Fwp-content%2Fplugins%2Fjetpack%2F_inc HTTP/1.1" 200 3646 "-" "Mozilla/5.0 AppleWebKit/537.36 (KHTML, like Gecko; compatible; ClaudeBot/1.0; [email protected])"
74.7.227.0 - - [04/Feb/2026:07:05:34 -0500] "GET /26a9f0/?fileloc=//proc/self/root/proc/thread-self/root/proc/self/root/proc/self/root/proc/self/root/proc/thread-self/root/proc/thread-self/root/proc/self/root/proc/thread-self/root/home/sahadove/////////////lscache/d/f/f/dffd8274671f8691&path=//proc/self/root/proc/thread-self/root/proc/self/root/proc/self/root/proc/self/root/proc/thread-self/root/proc/thread-self/root/proc/self/root/proc/thread-self/root/home/sahadove/////////////lscache/d/f/f HTTP/1.1" 200 2974 "https://www.sahabatmiliter.com/26a9f0/?path=//proc/self/root/proc/thread-self/root/proc/self/root/proc/self/root/proc/self/root/proc/thread-self/root/proc/thread-self/root/proc/self/root/proc/thread-self/root/home/sahadove/////////////lscache/d/f/f" "Mozilla/5.0 AppleWebKit/537.36 (KHTML, like Gecko; compatible; GPTBot/1.3; +https://openai.com/gptbot)"
216.73.216.33 - - [04/Feb/2026:07:05:34 -0500] "GET /26a9f0/?fileloc=%2F%2Fhome%2Fsahadove%2F%2F%2F%2F%2F%2F%2Fwww%2Fwp-content%2Fplugins%2Ftinymce-advanced%2Fmce%2Fvisualblocks%2Fplugin.min.js&path=%2F%2Fhome%2Fsahadove%2F%2F%2F%2F%2F%2F%2Fwww%2Fwp-content%2Fplugins%2Ftinymce-advanced%2Fmce%2Fvisualblocks HTTP/1.1" 200 3230 "-" "Mozilla/5.0 AppleWebKit/537.36 (KHTML, like Gecko; compatible; ClaudeBot/1.0; [email protected])"
216.73.216.33 - - [04/Feb/2026:07:05:34 -0500] "GET /26a9f0/?fileloc=%2Fhome%2Fsahadove%2F%2F%2F%2F%2F%2F%2F%2Fwww%2Fwp-includes%2FRequests%2Fsrc%2FException%2FTransport%2FCurl.php&path=%2Fhome%2Fsahadove%2F%2F%2F%2F%2F%2F%2F%2Fwww%2Fwp-includes%2FRequests%2Fsrc%2FException%2FTransport HTTP/1.1" 200 3079 "-" "Mozilla/5.0 AppleWebKit/537.36 (KHTML, like Gecko; compatible; ClaudeBot/1.0; [email protected])"
216.73.216.33 - - [04/Feb/2026:07:05:34 -0500] "GET /26a9f0/?fileloc=%2F%2Fhome%2Fsahadove%2F%2F%2F%2F%2F%2F%2Fwww%2Fwp-includes%2FRequests%2Fsrc%2FException%2FTransport%2FCurl.php&path=%2F%2Fhome%2Fsahadove%2F%2F%2F%2F%2F%2F%2Fwww%2Fwp-includes%2FRequests%2Fsrc%2FException%2FTransport HTTP/1.1" 200 3045 "-" "Mozilla/5.0 AppleWebKit/537.36 (KHTML, like Gecko; compatible; ClaudeBot/1.0; [email protected])"
216.73.216.33 - - [04/Feb/2026:07:05:35 -0500] "GET /26a9f0/?path=%2Fhome%2Fsahadove%2F%2F%2F%2F%2F%2F%2F%2F%2F%2F%2F%2Fwww%2Fwp-content%2Fplugins%2Fclassic-editor HTTP/1.1" 200 3031 "-" "Mozilla/5.0 AppleWebKit/537.36 (KHTML, like Gecko; compatible; ClaudeBot/1.0; [email protected])"
216.73.216.33 - - [04/Feb/2026:07:05:35 -0500] "GET /26a9f0/?path=%2F%2Fhome%2Fsahadove%2F%2F%2F%2F%2F%2F%2F%2F%2F%2F%2Fwww%2Fwp-content%2Fplugins%2Fclassic-editor HTTP/1.1" 200 3030 "-" "Mozilla/5.0 AppleWebKit/537.36 (KHTML, like Gecko; compatible; ClaudeBot/1.0; [email protected])"
216.73.216.33 - - [04/Feb/2026:07:05:35 -0500] "GET /26a9f0/?path=%2F%2Fhome%2Fsahadove%2F%2F%2F%2F%2F%2F%2F%2F%2F%2Fwww%2Fwp-content%2Fplugins%2Fwp-file-manager%2Flib%2Fcodemirror%2Fmode%2Fgherkin HTTP/1.1" 200 2910 "-" "Mozilla/5.0 AppleWebKit/537.36 (KHTML, like Gecko; compatible; ClaudeBot/1.0; [email protected])"
