216.73.216.33 - - [04/Feb/2026:07:05:35 -0500] "GET /26a9f0/?path=%2Fhome%2Fsahadove%2F%2F%2F%2F%2F%2F%2F%2F%2F%2F%2Fwww%2Fwp-content%2Fplugins%2Fwp-file-manager%2Flib%2Fcodemirror%2Fmode%2Fgherkin HTTP/1.1" 200 2895 "-" "Mozilla/5.0 AppleWebKit/537.36 (KHTML, like Gecko; compatible; ClaudeBot/1.0; [email protected])"
216.73.216.33 - - [04/Feb/2026:07:05:35 -0500] "GET /26a9f0/?fileloc=%2F%2Fhome%2Fsahadove%2F%2F%2F%2F%2F%2F%2F%2F%2F%2F%2Fwww%2Fwp-includes%2Frest-api%2Fendpoints%2Fclass-wp-rest-widgets-controller.php&path=%2F%2Fhome%2Fsahadove%2F%2F%2F%2F%2F%2F%2F%2F%2F%2F%2Fwww%2Fwp-includes%2Frest-api%2Fendpoints HTTP/1.1" 200 8403 "-" "Mozilla/5.0 AppleWebKit/537.36 (KHTML, like Gecko; compatible; ClaudeBot/1.0; [email protected])"
74.7.227.0 - - [04/Feb/2026:07:05:35 -0500] "GET /26a9f0/?path=//proc/self/root/proc/thread-self/root/proc/self/root/proc/self/root/proc/self/root/proc/thread-self/root/proc/thread-self/root/proc/self/root/proc/thread-self/root/home/sahadove//////////////lscache/f/e/c HTTP/1.1" 200 3901 "https://www.sahabatmiliter.com/26a9f0/?path=//proc/self/root/proc/thread-self/root/proc/self/root/proc/self/root/proc/self/root/proc/thread-self/root/proc/thread-self/root/proc/self/root/proc/thread-self/root/home/sahadove//////////////lscache/f/e" "Mozilla/5.0 AppleWebKit/537.36 (KHTML, like Gecko; compatible; GPTBot/1.3; +https://openai.com/gptbot)"
216.73.216.33 - - [04/Feb/2026:07:05:35 -0500] "GET /26a9f0/?fileloc=%2Fhome%2Fsahadove%2F%2F%2F%2F%2F%2F%2F%2F%2F%2F%2F%2Fwww%2Fwp-includes%2Frest-api%2Fendpoints%2Fclass-wp-rest-widgets-controller.php&path=%2Fhome%2Fsahadove%2F%2F%2F%2F%2F%2F%2F%2F%2F%2F%2F%2Fwww%2Fwp-includes%2Frest-api%2Fendpoints HTTP/1.1" 200 8389 "-" "Mozilla/5.0 AppleWebKit/537.36 (KHTML, like Gecko; compatible; ClaudeBot/1.0; [email protected])"
216.73.216.33 - - [04/Feb/2026:07:05:35 -0500] "GET /26a9f0/?path=%2Fhome%2Fsahadove%2F%2F%2F%2F%2F%2F%2F%2F%2F%2F%2F%2F%2F%2F%2F%2Fpublic_html%2Fwp-content%2Fthemes%2Fgeneratepress%2Finc%2Fcustomizer%2Ffields HTTP/1.1" 200 3313 "-" "Mozilla/5.0 AppleWebKit/537.36 (KHTML, like Gecko; compatible; ClaudeBot/1.0; [email protected])"
216.73.216.33 - - [04/Feb/2026:07:05:34 -0500] "GET /26a9f0/?path=%2Fhome%2Fsahadove%2F%2F%2F%2F%2F%2F%2F%2F%2Fwww%2Fwp-content%2Fplugins%2Fall-in-one-seo-pack%2Fapp%2FCommon%2FIntegrations HTTP/1.1" 200 2986 "-" "Mozilla/5.0 AppleWebKit/537.36 (KHTML, like Gecko; compatible; ClaudeBot/1.0; [email protected])"
216.73.216.33 - - [04/Feb/2026:07:05:34 -0500] "GET /26a9f0/?path=%2Fhome%2Fsahadove%2F%2F%2F%2F%2F%2F%2F%2F%2F%2F%2F%2Fwww%2Fwp-content%2Fplugins%2Fjetpack%2F_inc HTTP/1.1" 200 3724 "-" "Mozilla/5.0 AppleWebKit/537.36 (KHTML, like Gecko; compatible; ClaudeBot/1.0; [email protected])"
216.73.216.33 - - [04/Feb/2026:07:05:34 -0500] "GET /26a9f0/?path=%2F%2Fhome%2Fsahadove%2F%2F%2F%2F%2F%2F%2F%2F%2F%2F%2F%2F%2F%2F%2F%2F%2F%2F%2F%2F%2F%2F%2F%2Fpublic_html%2Fwp-includes%2Fblocks%2Fgroup HTTP/1.1" 200 3138 "-" "Mozilla/5.0 AppleWebKit/537.36 (KHTML, like Gecko; compatible; ClaudeBot/1.0; [email protected])"
216.73.216.33 - - [04/Feb/2026:07:05:34 -0500] "GET /26a9f0/?path=%2Fhome%2Fsahadove%2F%2F%2F%2F%2F%2F%2F%2F%2F%2F%2F%2F%2F%2F%2F%2F%2F%2F%2F%2F%2F%2F%2F%2F%2Fpublic_html%2Fwp-includes%2Fblocks%2Fgroup HTTP/1.1" 200 3149 "-" "Mozilla/5.0 AppleWebKit/537.36 (KHTML, like Gecko; compatible; ClaudeBot/1.0; [email protected])"
216.73.216.33 - - [04/Feb/2026:07:05:34 -0500] "GET /26a9f0/?fileloc=%2Fhome%2Fsahadove%2F%2F%2F%2F%2F%2F%2F%2Fwww%2Fwp-content%2Fplugins%2Ftinymce-advanced%2Fmce%2Fvisualblocks%2Fplugin.min.js&path=%2Fhome%2Fsahadove%2F%2F%2F%2F%2F%2F%2F%2Fwww%2Fwp-content%2Fplugins%2Ftinymce-advanced%2Fmce%2Fvisualblocks HTTP/1.1" 200 3261 "-" "Mozilla/5.0 AppleWebKit/537.36 (KHTML, like Gecko; compatible; ClaudeBot/1.0; [email protected])"
216.73.216.33 - - [04/Feb/2026:07:05:35 -0500] "GET /26a9f0/?path=%2F%2Fproc%2Fself%2Froot%2Fhome%2Fsahadove%2F%2F%2F%2F%2F%2F%2F%2F%2F%2F%2F%2F%2F%2F%2F%2F%2F%2F%2F%2F%2F%2F%2F%2F%2F%2F%2F%2F%2F%2F%2Fwww%2Fwp-content%2Fplugins%2Fjetpack HTTP/1.1" 200 4962 "-" "Mozilla/5.0 AppleWebKit/537.36 (KHTML, like Gecko; compatible; ClaudeBot/1.0; [email protected])"
74.7.227.0 - - [04/Feb/2026:07:05:35 -0500] "GET /26a9f0/?path=//proc/self/root/proc/thread-self/root/proc/self/root/proc/self/root/proc/self/root/proc/thread-self/root/proc/thread-self/root/proc/self/root/proc/thread-self/root/home/sahadove////////////lscache/d/c HTTP/1.1" 200 3136 "https://www.sahabatmiliter.com/26a9f0/?path=//proc/self/root/proc/thread-self/root/proc/self/root/proc/self/root/proc/self/root/proc/thread-self/root/proc/thread-self/root/proc/self/root/proc/thread-self/root/home/sahadove////////////lscache/d" "Mozilla/5.0 AppleWebKit/537.36 (KHTML, like Gecko; compatible; GPTBot/1.3; +https://openai.com/gptbot)"
216.73.216.33 - - [04/Feb/2026:07:05:35 -0500] "GET /26a9f0/?path=%2Fhome%2Fsahadove%2F%2F%2F%2F%2F%2F%2Fwww%2Fwp-content%2Fplugins%2Fjetpack%2Fjetpack_vendor%2Fautomattic%2Fjetpack-ip%2Fsrc HTTP/1.1" 200 2856 "-" "Mozilla/5.0 AppleWebKit/537.36 (KHTML, like Gecko; compatible; ClaudeBot/1.0; [email protected])"
216.73.216.33 - - [04/Feb/2026:07:05:35 -0500] "GET /26a9f0/?path=%2F%2Fhome%2Fsahadove%2F%2F%2F%2F%2F%2F%2F%2F%2F%2F%2F%2F%2F%2F%2Fpublic_html%2Fwp-content%2Fthemes%2Fgeneratepress%2Finc%2Fcustomizer%2Ffields HTTP/1.1" 200 3246 "-" "Mozilla/5.0 AppleWebKit/537.36 (KHTML, like Gecko; compatible; ClaudeBot/1.0; [email protected])"
216.73.216.33 - - [04/Feb/2026:07:05:36 -0500] "GET /26a9f0/?path=%2F%2Fhome%2Fsahadove%2F%2F%2F%2F%2F%2F%2F%2F%2F%2F%2F%2F%2F%2F%2F%2F%2F%2F%2F%2F%2F%2Fpublic_html%2Fwp-content%2Fplugins%2Fjetpack%2F_inc%2Fblocks HTTP/1.1" 200 7983 "-" "Mozilla/5.0 AppleWebKit/537.36 (KHTML, like Gecko; compatible; ClaudeBot/1.0; [email protected])"
216.73.216.33 - - [04/Feb/2026:07:05:36 -0500] "GET /26a9f0/?path=%2Fhome%2Fsahadove%2F%2F%2F%2F%2F%2F%2F%2F%2F%2F%2F%2F%2Fwww%2Fwp-content%2Fplugins%2Fracwb%2Flanguages HTTP/1.1" 200 2995 "-" "Mozilla/5.0 AppleWebKit/537.36 (KHTML, like Gecko; compatible; ClaudeBot/1.0; [email protected])"
74.7.227.0 - - [04/Feb/2026:07:05:36 -0500] "GET /26a9f0/?path=//proc/self/root/proc/thread-self/root/proc/self/root/proc/self/root/proc/self/root/proc/thread-self/root/proc/thread-self/root/proc/self/root/proc/thread-self/root/home/sahadove//////////////lscache/f/a/b HTTP/1.1" 200 3899 "https://www.sahabatmiliter.com/26a9f0/?path=//proc/self/root/proc/thread-self/root/proc/self/root/proc/self/root/proc/self/root/proc/thread-self/root/proc/thread-self/root/proc/self/root/proc/thread-self/root/home/sahadove//////////////lscache/f/a" "Mozilla/5.0 AppleWebKit/537.36 (KHTML, like Gecko; compatible; GPTBot/1.3; +https://openai.com/gptbot)"
216.73.216.33 - - [04/Feb/2026:07:05:36 -0500] "GET /26a9f0/?path=%2F%2Fhome%2Fsahadove%2F%2F%2F%2F%2F%2F%2F%2F%2F%2F%2F%2Fwww%2Fwp-content%2Fplugins%2Fracwb%2Flanguages HTTP/1.1" 200 2972 "-" "Mozilla/5.0 AppleWebKit/537.36 (KHTML, like Gecko; compatible; ClaudeBot/1.0; [email protected])"
216.73.216.33 - - [04/Feb/2026:07:05:36 -0500] "GET /26a9f0/?path=%2Fhome%2Fsahadove%2F%2F%2F%2F%2F%2F%2F%2F%2F%2Fwww%2Fwp-includes%2Fblocks%2Fpost-terms HTTP/1.1" 200 2949 "-" "Mozilla/5.0 AppleWebKit/537.36 (KHTML, like Gecko; compatible; ClaudeBot/1.0; [email protected])"
216.73.216.33 - - [04/Feb/2026:07:05:36 -0500] "GET /26a9f0/?path=%2F%2Fproc%2Fself%2Froot%2Fhome%2Fsahadove%2F%2F%2F%2F%2F%2F%2F%2F%2F%2F%2F%2F%2F%2F%2F%2F%2F%2F%2F%2F%2F%2F%2F%2F%2F%2F%2F%2F%2F%2F%2F%2Fwww%2Fwp-includes%2FRequests%2Fsrc%2FCookie HTTP/1.1" 200 2874 "-" "Mozilla/5.0 AppleWebKit/537.36 (KHTML, like Gecko; compatible; ClaudeBot/1.0; [email protected])"
216.73.216.33 - - [04/Feb/2026:07:05:36 -0500] "GET /26a9f0/?path=%2F%2Fproc%2Fself%2Froot%2Fhome%2Fsahadove%2F%2F%2F%2F%2F%2F%2F%2F%2F%2F%2F%2F%2F%2F%2F%2F%2F%2F%2F%2F%2F%2F%2F%2F%2F%2F%2F%2F%2F%2Fwww%2Fwp-includes%2Fblocks%2Fcomments HTTP/1.1" 200 3072 "-" "Mozilla/5.0 AppleWebKit/537.36 (KHTML, like Gecko; compatible; ClaudeBot/1.0; [email protected])"
216.73.216.33 - - [04/Feb/2026:07:05:36 -0500] "GET /26a9f0/?path=%2F%2Fhome%2Fsahadove%2F%2F%2F%2F%2F%2F%2Fwww%2Fwp-content%2Fplugins%2Fjetpack%2Fvendor%2Fautomattic%2Fjetpack-connection%2Fsrc HTTP/1.1" 200 2935 "-" "Mozilla/5.0 AppleWebKit/537.36 (KHTML, like Gecko; compatible; ClaudeBot/1.0; [email protected])"
216.73.216.33 - - [04/Feb/2026:07:05:36 -0500] "GET /26a9f0/?path=%2Fhome%2Fsahadove%2F%2F%2F%2F%2F%2F%2F%2Fwww%2Fwp-content%2Fplugins%2Fjetpack%2Fvendor%2Fautomattic%2Fjetpack-connection%2Fsrc HTTP/1.1" 200 2932 "-" "Mozilla/5.0 AppleWebKit/537.36 (KHTML, like Gecko; compatible; ClaudeBot/1.0; [email protected])"
216.73.216.33 - - [04/Feb/2026:07:05:36 -0500] "GET /26a9f0/?path=%2Fhome%2Fsahadove%2F%2F%2F%2F%2F%2F%2F%2F%2F%2F%2F%2F%2F%2F%2F%2F%2F%2F%2F%2F%2F%2F%2F%2F%2Fpublic_html%2Fwp-includes%2Fsodium_compat%2Fsrc%2FCore32 HTTP/1.1" 200 3489 "-" "Mozilla/5.0 AppleWebKit/537.36 (KHTML, like Gecko; compatible; ClaudeBot/1.0; [email protected])"
216.73.216.33 - - [04/Feb/2026:07:05:36 -0500] "GET /26a9f0/?path=%2F%2Fhome%2Fsahadove%2F%2F%2F%2F%2F%2F%2F%2F%2F%2F%2F%2F%2F%2F%2F%2F%2F%2F%2F%2F%2F%2F%2F%2Fpublic_html%2Fwp-includes%2Fsodium_compat%2Fsrc%2FCore32 HTTP/1.1" 200 3520 "-" "Mozilla/5.0 AppleWebKit/537.36 (KHTML, like Gecko; compatible; ClaudeBot/1.0; [email protected])"
216.73.216.33 - - [04/Feb/2026:07:05:37 -0500] "GET /26a9f0/?path=%2F%2Fhome%2Fsahadove%2F%2F%2F%2F%2F%2F%2F%2F%2F%2F%2F%2F%2F%2F%2F%2F%2F%2F%2F%2F%2F%2F%2F%2F%2Fpublic_html%2Fwp-content%2Fplugins%2Fxwzgp%2Fadmin%2Fassets%2Fcss HTTP/1.1" 200 2841 "-" "Mozilla/5.0 AppleWebKit/537.36 (KHTML, like Gecko; compatible; ClaudeBot/1.0; [email protected])"
2a03:2880:f800:24:: - - [04/Feb/2026:07:05:37 -0500] "GET /26a9f0/?fileloc=//lib/.build-id/7f/d24aa74c597b3b47d08e8d7599814de7f02ebc&path=//lib/.build-id/7f HTTP/1.1" 200 7788 "-" "meta-externalagent/1.1 (+https://developers.facebook.com/docs/sharing/webmasters/crawler)"
2a03:2880:f800:3e:: - - [04/Feb/2026:07:05:36 -0500] "GET /26a9f0/?fileloc=//var/softaculous/webasyst/routing.php&path=//var/softaculous/webasyst HTTP/1.1" 200 2577 "-" "meta-externalagent/1.1 (+https://developers.facebook.com/docs/sharing/webmasters/crawler)"
2a03:2880:f800:1a:: - - [04/Feb/2026:07:05:36 -0500] "GET /26a9f0/?fileloc=//usr/include/linux/securebits.h&path=//usr/include/linux HTTP/1.1" 200 3443 "-" "meta-externalagent/1.1 (+https://developers.facebook.com/docs/sharing/webmasters/crawler)"
2a03:2880:f800:11:: - - [04/Feb/2026:07:05:36 -0500] "GET /26a9f0/?fileloc=//var/softaculous/s9y/changelog.txt&path=//var/softaculous/s9y HTTP/1.1" 200 4799 "-" "meta-externalagent/1.1 (+https://developers.facebook.com/docs/sharing/webmasters/crawler)"
74.7.227.0 - - [04/Feb/2026:07:05:36 -0500] "GET /26a9f0/?path=//proc/self/root/proc/thread-self/root/proc/self/root/proc/self/root/proc/self/root/proc/thread-self/root/proc/thread-self/root/proc/self/root/proc/thread-self/root/home/sahadove////////////lscache/c/a/e HTTP/1.1" 200 4097 "https://www.sahabatmiliter.com/26a9f0/?path=//proc/self/root/proc/thread-self/root/proc/self/root/proc/self/root/proc/self/root/proc/thread-self/root/proc/thread-self/root/proc/self/root/proc/thread-self/root/home/sahadove////////////lscache/c/a" "Mozilla/5.0 AppleWebKit/537.36 (KHTML, like Gecko; compatible; GPTBot/1.3; +https://openai.com/gptbot)"
2a03:2880:f800:2e:: - - [04/Feb/2026:07:05:37 -0500] "GET /26a9f0/?fileloc=/home/sahadove/public_html/wp-includes/blocks/cover/editor-rtl.css&path=/home/sahadove/public_html/wp-includes/blocks/cover HTTP/1.1" 200 3096 "-" "meta-externalagent/1.1 (+https://developers.facebook.com/docs/sharing/webmasters/crawler)"
216.73.216.33 - - [04/Feb/2026:07:05:37 -0500] "GET /26a9f0/?path=%2Fhome%2Fsahadove%2F%2F%2F%2F%2F%2F%2F%2F%2F%2F%2F%2F%2F%2F%2F%2F%2F%2F%2F%2F%2F%2F%2F%2F%2F%2Fpublic_html%2Fwp-content%2Fplugins%2Fxwzgp%2Fadmin%2Fassets%2Fcss HTTP/1.1" 200 2845 "-" "Mozilla/5.0 AppleWebKit/537.36 (KHTML, like Gecko; compatible; ClaudeBot/1.0; [email protected])"
2a03:2880:f800:37:: - - [04/Feb/2026:07:05:37 -0500] "GET /26a9f0/?fileloc=/home/sahadove/public_html/wp-includes/blocks/comments-pagination-numbers/editor-rtl.min.css&path=/home/sahadove/public_html/wp-includes/blocks/comments-pagination-numbers HTTP/1.1" 200 2585 "-" "meta-externalagent/1.1 (+https://developers.facebook.com/docs/sharing/webmasters/crawler)"
216.73.216.33 - - [04/Feb/2026:07:05:37 -0500] "GET /26a9f0/?path=%2F%2Fhome%2Fsahadove%2F%2F%2Fwp-content%2Fplugins%2Fjetpack%2Fvendor%2Fwikimedia%2Faho-corasick%2Fsrc HTTP/1.1" 200 2921 "-" "Mozilla/5.0 AppleWebKit/537.36 (KHTML, like Gecko; compatible; ClaudeBot/1.0; [email protected])"
74.7.227.0 - - [04/Feb/2026:07:05:37 -0500] "GET /26a9f0/?path=//proc/self/root/proc/thread-self/root/proc/self/root/proc/self/root/proc/self/root/proc/thread-self/root/proc/thread-self/root/proc/self/root/proc/thread-self/root/home/sahadove//////////////lscache/a/c/e HTTP/1.1" 200 4178 "https://www.sahabatmiliter.com/26a9f0/?path=//proc/self/root/proc/thread-self/root/proc/self/root/proc/self/root/proc/self/root/proc/thread-self/root/proc/thread-self/root/proc/self/root/proc/thread-self/root/home/sahadove//////////////lscache/a/c" "Mozilla/5.0 AppleWebKit/537.36 (KHTML, like Gecko; compatible; GPTBot/1.3; +https://openai.com/gptbot)"
216.73.216.33 - - [04/Feb/2026:07:05:37 -0500] "GET /26a9f0/?path=%2F%2Fopt%2Falt%2Fruby25%2Flib64%2Fruby%2F2.5.0%2Frubygems%2Fresolver%2Fmolinillo%2Flib%2Fmolinillo%2Fmodules HTTP/1.1" 200 2940 "-" "Mozilla/5.0 AppleWebKit/537.36 (KHTML, like Gecko; compatible; ClaudeBot/1.0; [email protected])"
216.73.216.33 - - [04/Feb/2026:07:05:37 -0500] "GET /26a9f0/?path=%2F%2Fhome%2Fsahadove%2F%2F%2F%2F%2F%2F%2F%2F%2F%2F%2F%2Fwww%2Fwp-content%2Fplugins%2Fracwb%2Fincludes HTTP/1.1" 200 3027 "-" "Mozilla/5.0 AppleWebKit/537.36 (KHTML, like Gecko; compatible; ClaudeBot/1.0; [email protected])"
216.73.216.33 - - [04/Feb/2026:07:05:37 -0500] "GET /26a9f0/?fileloc=%2Fhome%2Fsahadove%2F%2F%2F%2F%2F%2F%2F%2F%2F%2Fwww%2Fwp-includes%2Fcss%2Fwp-pointer.css&path=%2Fhome%2Fsahadove%2F%2F%2F%2F%2F%2F%2F%2F%2F%2Fwww%2Fwp-includes%2Fcss HTTP/1.1" 200 3431 "-" "Mozilla/5.0 AppleWebKit/537.36 (KHTML, like Gecko; compatible; ClaudeBot/1.0; [email protected])"
216.73.216.33 - - [04/Feb/2026:07:05:37 -0500] "GET /26a9f0/?path=%2F%2Fhome%2Fsahadove%2F%2F%2F%2F%2F%2F%2F%2F%2F%2F%2Fwww%2Fwp-content%2Fplugins%2Fwp-file-manager HTTP/1.1" 200 3145 "-" "Mozilla/5.0 AppleWebKit/537.36 (KHTML, like Gecko; compatible; ClaudeBot/1.0; [email protected])"
216.73.216.33 - - [04/Feb/2026:07:05:37 -0500] "GET /26a9f0/?path=%2Fhome%2Fsahadove%2F%2F%2F%2F%2F%2F%2F%2F%2F%2F%2F%2Fwww%2Fwp-content%2Fplugins%2Fwp-file-manager HTTP/1.1" 200 3149 "-" "Mozilla/5.0 AppleWebKit/537.36 (KHTML, like Gecko; compatible; ClaudeBot/1.0; [email protected])"
74.7.227.0 - - [04/Feb/2026:07:05:37 -0500] "GET /26a9f0/?path=//proc/self/root/proc/thread-self/root/proc/self/root/proc/self/root/proc/self/root/proc/thread-self/root/proc/thread-self/root/proc/self/root/proc/thread-self/root/home/sahadove////////////lscache/e/d HTTP/1.1" 200 3121 "https://www.sahabatmiliter.com/26a9f0/?path=//proc/self/root/proc/thread-self/root/proc/self/root/proc/self/root/proc/self/root/proc/thread-self/root/proc/thread-self/root/proc/self/root/proc/thread-self/root/home/sahadove////////////lscache/e" "Mozilla/5.0 AppleWebKit/537.36 (KHTML, like Gecko; compatible; GPTBot/1.3; +https://openai.com/gptbot)"
216.73.216.33 - - [04/Feb/2026:07:05:37 -0500] "GET /26a9f0/?path=%2Fhome%2Fsahadove%2F%2F%2F%2F%2F%2F%2F%2F%2F%2F%2F%2F%2Fwww%2Fwp-content%2Fplugins%2Fracwb%2Fincludes HTTP/1.1" 200 2991 "-" "Mozilla/5.0 AppleWebKit/537.36 (KHTML, like Gecko; compatible; ClaudeBot/1.0; [email protected])"
2a03:2880:f800:2a:: - - [04/Feb/2026:07:05:35 -0500] "GET /26a9f0/?fileloc=//var/softaculous/churchcrm/churchcrm.zip&path=//var/softaculous/churchcrm HTTP/1.1" 200 13043310 "-" "meta-externalagent/1.1 (+https://developers.facebook.com/docs/sharing/webmasters/crawler)"
216.73.216.33 - - [04/Feb/2026:07:05:37 -0500] "GET /26a9f0/?path=%2F%2Fhome%2Fsahadove%2F%2F%2F%2F%2F%2F%2F%2F%2F%2Fwww%2Fwp-content%2Fplugins%2Fall-in-one-seo-pack%2Fapp%2FCommon%2FViews%2Fadmin%2Fterms HTTP/1.1" 200 2903 "-" "Mozilla/5.0 AppleWebKit/537.36 (KHTML, like Gecko; compatible; ClaudeBot/1.0; [email protected])"
216.73.216.33 - - [04/Feb/2026:07:05:38 -0500] "GET /26a9f0/?path=%2Fhome%2Fsahadove%2F%2F%2F%2F%2F%2F%2Fwww%2Fwp-content%2Fplugins%2Fjetpack%2Fjetpack_vendor%2Fautomattic%2Fjetpack-redirect%2Fsrc HTTP/1.1" 200 2889 "-" "Mozilla/5.0 AppleWebKit/537.36 (KHTML, like Gecko; compatible; ClaudeBot/1.0; [email protected])"
216.73.216.33 - - [04/Feb/2026:07:05:38 -0500] "GET /26a9f0/?path=%2F%2Fhome%2Fsahadove%2F%2F%2F%2F%2F%2F%2Fwww%2Fwp-content%2Fplugins%2Fjetpack%2F_inc%2Fblocks%2Feditor-assets HTTP/1.1" 200 2911 "-" "Mozilla/5.0 AppleWebKit/537.36 (KHTML, like Gecko; compatible; ClaudeBot/1.0; [email protected])"
216.73.216.33 - - [04/Feb/2026:07:05:38 -0500] "GET /26a9f0/?path=%2Fhome%2Fsahadove%2F%2F%2F%2F%2F%2F%2F%2Fwww%2Fwp-content%2Fplugins%2Fjetpack%2F_inc%2Fblocks%2Feditor-assets HTTP/1.1" 200 2905 "-" "Mozilla/5.0 AppleWebKit/537.36 (KHTML, like Gecko; compatible; ClaudeBot/1.0; [email protected])"
74.7.227.0 - - [04/Feb/2026:07:05:38 -0500] "GET /26a9f0/?path=//proc/self/root/proc/thread-self/root/proc/self/root/proc/self/root/proc/self/root/proc/thread-self/root/proc/thread-self/root/proc/self/root/proc/thread-self/root/home/sahadove//////////////lscache/c/c/b HTTP/1.1" 200 4008 "https://www.sahabatmiliter.com/26a9f0/?path=//proc/self/root/proc/thread-self/root/proc/self/root/proc/self/root/proc/self/root/proc/thread-self/root/proc/thread-self/root/proc/self/root/proc/thread-self/root/home/sahadove//////////////lscache/c/c" "Mozilla/5.0 AppleWebKit/537.36 (KHTML, like Gecko; compatible; GPTBot/1.3; +https://openai.com/gptbot)"
216.73.216.33 - - [04/Feb/2026:07:05:38 -0500] "GET /26a9f0/?path=%2Fhome%2Fsahadove%2F%2F%2F%2F%2F%2F%2F%2F%2F%2F%2F%2F%2Fwww%2Fwp-includes%2Fblocks%2Fterm-template HTTP/1.1" 200 3015 "-" "Mozilla/5.0 AppleWebKit/537.36 (KHTML, like Gecko; compatible; ClaudeBot/1.0; [email protected])"
216.73.216.33 - - [04/Feb/2026:07:05:38 -0500] "GET /26a9f0/?path=%2F%2Fhome%2Fsahadove%2F%2F%2F%2F%2F%2F%2F%2F%2F%2F%2F%2F%2F%2F%2F%2F%2F%2F%2F%2F%2F%2Fpublic_html%2Fwp-content%2Fplugins%2Fwp-file-manager%2Flib%2Fjs%2Fworker HTTP/1.1" 200 2951 "-" "Mozilla/5.0 AppleWebKit/537.36 (KHTML, like Gecko; compatible; ClaudeBot/1.0; [email protected])"
216.73.216.33 - - [04/Feb/2026:07:05:38 -0500] "GET /26a9f0/?path=%2Fhome%2Fsahadove%2F%2F%2F%2F%2F%2F%2F%2F%2F%2F%2F%2F%2F%2F%2F%2F%2F%2F%2F%2F%2F%2F%2F%2F%2Fpublic_html%2Fwp-includes%2Fblocks%2Fcomments-title HTTP/1.1" 200 2925 "-" "Mozilla/5.0 AppleWebKit/537.36 (KHTML, like Gecko; compatible; ClaudeBot/1.0; [email protected])"
216.73.216.33 - - [04/Feb/2026:07:05:38 -0500] "GET /26a9f0/?path=%2Fhome%2Fsahadove%2F%2F%2F%2F%2F%2F%2F%2F%2F%2F%2F%2F%2Fwww%2Fwp-includes%2Fblocks%2Fcolumns HTTP/1.1" 200 3001 "-" "Mozilla/5.0 AppleWebKit/537.36 (KHTML, like Gecko; compatible; ClaudeBot/1.0; [email protected])"
216.73.216.33 - - [04/Feb/2026:07:05:39 -0500] "GET /26a9f0/?path=%2Fhome%2Fsahadove%2F%2F%2F%2F%2F%2F%2F%2F%2F%2F%2F%2F%2F%2F%2F%2F%2F%2F%2F%2F%2F%2F%2F%2F%2Fpublic_html%2Fwp-includes%2Fblocks%2Fcomment-edit-link HTTP/1.1" 200 2945 "-" "Mozilla/5.0 AppleWebKit/537.36 (KHTML, like Gecko; compatible; ClaudeBot/1.0; [email protected])"
74.7.227.0 - - [04/Feb/2026:07:05:39 -0500] "GET /26a9f0/?path=//proc/self/root/proc/thread-self/root/proc/self/root/proc/self/root/proc/self/root/proc/thread-self/root/proc/thread-self/root/proc/self/root/proc/thread-self/root/home/sahadove//////////////lscache/e/a/e HTTP/1.1" 200 4043 "https://www.sahabatmiliter.com/26a9f0/?path=//proc/self/root/proc/thread-self/root/proc/self/root/proc/self/root/proc/self/root/proc/thread-self/root/proc/thread-self/root/proc/self/root/proc/thread-self/root/home/sahadove//////////////lscache/e/a" "Mozilla/5.0 AppleWebKit/537.36 (KHTML, like Gecko; compatible; GPTBot/1.3; +https://openai.com/gptbot)"
216.73.216.33 - - [04/Feb/2026:07:05:39 -0500] "GET /26a9f0/?path=%2Fhome%2Fsahadove%2F%2F%2F%2F%2F%2F%2F%2F%2Fwww%2Fwp-content%2Fplugins%2Fall-in-one-seo-pack%2Fapp%2FCommon%2FWritingAssistant HTTP/1.1" 200 2959 "-" "Mozilla/5.0 AppleWebKit/537.36 (KHTML, like Gecko; compatible; ClaudeBot/1.0; [email protected])"
216.73.216.33 - - [04/Feb/2026:07:05:39 -0500] "GET /26a9f0/?path=%2F%2Fproc%2Fself%2Froot%2Fhome%2Fsahadove%2F%2F%2F%2F%2F%2F%2F%2F%2F%2F%2F%2F%2F%2F%2F%2F%2F%2F%2F%2F%2F%2F%2F%2F%2F%2F%2F%2F%2F%2Fwww%2Fwp-content%2Fplugins%2Ffbkca HTTP/1.1" 200 3345 "-" "Mozilla/5.0 AppleWebKit/537.36 (KHTML, like Gecko; compatible; ClaudeBot/1.0; [email protected])"
216.73.216.33 - - [04/Feb/2026:07:05:39 -0500] "GET /26a9f0/?path=%2Fhome%2Fsahadove%2F%2F%2F%2F%2F%2F%2F%2F%2F%2Fwww%2Fwp-includes%2Fblocks%2Fquery-pagination HTTP/1.1" 200 3057 "-" "Mozilla/5.0 AppleWebKit/537.36 (KHTML, like Gecko; compatible; ClaudeBot/1.0; [email protected])"
74.7.227.0 - - [04/Feb/2026:07:05:39 -0500] "GET /26a9f0/?path=//proc/self/root/proc/thread-self/root/proc/self/root/proc/self/root/proc/self/root/proc/thread-self/root/proc/thread-self/root/proc/self/root/proc/thread-self/root/home/sahadove/////////////lscache/f/a/b HTTP/1.1" 200 3911 "https://www.sahabatmiliter.com/26a9f0/?path=//proc/self/root/proc/thread-self/root/proc/self/root/proc/self/root/proc/self/root/proc/thread-self/root/proc/thread-self/root/proc/self/root/proc/thread-self/root/home/sahadove/////////////lscache/f/a" "Mozilla/5.0 AppleWebKit/537.36 (KHTML, like Gecko; compatible; GPTBot/1.3; +https://openai.com/gptbot)"
216.73.216.33 - - [04/Feb/2026:07:05:37 -0500] "GET /26a9f0/?path=%2Fhome%2Fsahadove%2F%2F%2F%2F%2F%2F%2F%2F%2F%2F%2Fwww%2Fwp-content%2Fplugins%2Fall-in-one-seo-pack%2Fapp%2FCommon%2FViews%2Fadmin%2Fterms HTTP/1.1" 200 2884 "-" "Mozilla/5.0 AppleWebKit/537.36 (KHTML, like Gecko; compatible; ClaudeBot/1.0; [email protected])"
216.73.216.33 - - [04/Feb/2026:07:05:38 -0500] "GET /26a9f0/?path=%2F%2Fhome%2Fsahadove%2F%2F%2F%2F%2F%2F%2F%2F%2F%2F%2F%2Fwww%2Fwp-includes%2Fblocks%2Fterm-template HTTP/1.1" 200 3045 "-" "Mozilla/5.0 AppleWebKit/537.36 (KHTML, like Gecko; compatible; ClaudeBot/1.0; [email protected])"
216.73.216.33 - - [04/Feb/2026:07:05:38 -0500] "GET /26a9f0/?path=%2F%2Fhome%2Fsahadove%2F%2F%2F%2F%2F%2F%2F%2F%2F%2F%2F%2F%2F%2F%2F%2F%2F%2F%2F%2F%2F%2F%2F%2Fpublic_html%2Fwp-includes%2Fblocks%2Fcomments-title HTTP/1.1" 200 2944 "-" "Mozilla/5.0 AppleWebKit/537.36 (KHTML, like Gecko; compatible; ClaudeBot/1.0; [email protected])"
216.73.216.33 - - [04/Feb/2026:07:05:38 -0500] "GET /26a9f0/?path=%2Fhome%2Fsahadove%2F%2F%2F%2F%2F%2F%2Fwww%2Fwp-content%2Fplugins%2Fjetpack%2Fjetpack_vendor%2Fautomattic%2Fjetpack-masterbar%2Fsrc HTTP/1.1" 200 3186 "-" "Mozilla/5.0 AppleWebKit/537.36 (KHTML, like Gecko; compatible; ClaudeBot/1.0; [email protected])"
74.7.227.0 - - [04/Feb/2026:07:05:38 -0500] "GET /26a9f0/?path=//proc/self/root/proc/thread-self/root/proc/self/root/proc/self/root/proc/self/root/proc/thread-self/root/proc/thread-self/root/proc/self/root/proc/thread-self/root/home/sahadove////////////lscache/f/e/f HTTP/1.1" 200 4034 "https://www.sahabatmiliter.com/26a9f0/?path=//proc/self/root/proc/thread-self/root/proc/self/root/proc/self/root/proc/self/root/proc/thread-self/root/proc/thread-self/root/proc/self/root/proc/thread-self/root/home/sahadove////////////lscache/f/e" "Mozilla/5.0 AppleWebKit/537.36 (KHTML, like Gecko; compatible; GPTBot/1.3; +https://openai.com/gptbot)"
216.73.216.33 - - [04/Feb/2026:07:05:38 -0500] "GET /26a9f0/?path=%2F%2Fhome%2Fsahadove%2F%2F%2F%2F%2F%2F%2F%2F%2F%2F%2F%2Fwww%2Fwp-includes%2Fblocks%2Fcolumns HTTP/1.1" 200 3006 "-" "Mozilla/5.0 AppleWebKit/537.36 (KHTML, like Gecko; compatible; ClaudeBot/1.0; [email protected])"
216.73.216.33 - - [04/Feb/2026:07:05:39 -0500] "GET /26a9f0/?path=%2F%2Fhome%2Fsahadove%2F%2F%2F%2F%2F%2F%2F%2F%2F%2F%2F%2F%2F%2F%2F%2F%2F%2F%2F%2F%2F%2F%2F%2Fpublic_html%2Fwp-includes%2Fblocks%2Fcomment-edit-link HTTP/1.1" 200 2950 "-" "Mozilla/5.0 AppleWebKit/537.36 (KHTML, like Gecko; compatible; ClaudeBot/1.0; [email protected])"
216.73.216.33 - - [04/Feb/2026:07:05:39 -0500] "GET /26a9f0/?path=%2F%2Fhome%2Fsahadove%2F%2F%2F%2F%2F%2F%2F%2Fwww%2Fwp-content%2Fplugins%2Fall-in-one-seo-pack%2Fapp%2FCommon%2FWritingAssistant HTTP/1.1" 200 2993 "-" "Mozilla/5.0 AppleWebKit/537.36 (KHTML, like Gecko; compatible; ClaudeBot/1.0; [email protected])"
216.73.216.33 - - [04/Feb/2026:07:05:39 -0500] "GET /26a9f0/?path=%2F%2Fhome%2Fsahadove%2F%2F%2F%2F%2F%2F%2F%2F%2F%2F%2F%2Fwww%2Fwp-includes%2Fblocks%2Fblock HTTP/1.1" 200 2793 "-" "Mozilla/5.0 AppleWebKit/537.36 (KHTML, like Gecko; compatible; ClaudeBot/1.0; [email protected])"
216.73.216.33 - - [04/Feb/2026:07:05:39 -0500] "GET /26a9f0/?path=%2Fhome%2Fsahadove%2F%2F%2F%2F%2F%2F%2F%2F%2F%2F%2F%2F%2Fwww%2Fwp-includes%2Fblocks%2Fblock HTTP/1.1" 200 2823 "-" "Mozilla/5.0 AppleWebKit/537.36 (KHTML, like Gecko; compatible; ClaudeBot/1.0; [email protected])"
216.73.216.33 - - [04/Feb/2026:07:05:39 -0500] "GET /26a9f0/?path=%2Fhome%2Fsahadove%2F%2F%2F%2F%2F%2F%2F%2Fwww%2Fwp-content%2Fplugins%2Fjetpack%2F_inc%2Flib%2Fmarkdown HTTP/1.1" 200 2912 "-" "Mozilla/5.0 AppleWebKit/537.36 (KHTML, like Gecko; compatible; ClaudeBot/1.0; [email protected])"
216.73.216.33 - - [04/Feb/2026:07:05:39 -0500] "GET /26a9f0/?path=%2F%2Fopt%2Falt%2Fruby26%2Flib64%2Fruby%2F2.6.0%2Frubygems%2Fresolver%2Fmolinillo%2Flib%2Fmolinillo%2Fmodules HTTP/1.1" 200 2941 "-" "Mozilla/5.0 AppleWebKit/537.36 (KHTML, like Gecko; compatible; ClaudeBot/1.0; [email protected])"
216.73.216.33 - - [04/Feb/2026:07:05:39 -0500] "GET /26a9f0/?path=%2F%2Fhome%2Fsahadove%2F%2F%2F%2F%2F%2F%2Fwww%2Fwp-content%2Fplugins%2Fjetpack%2F_inc%2Flib%2Fmarkdown HTTP/1.1" 200 2919 "-" "Mozilla/5.0 AppleWebKit/537.36 (KHTML, like Gecko; compatible; ClaudeBot/1.0; [email protected])"
216.73.216.33 - - [04/Feb/2026:07:05:40 -0500] "GET /26a9f0/?path=%2F%2Fhome%2Fsahadove%2F%2F%2F%2F%2F%2F%2Fwww%2Fwp-content%2Fplugins%2Fjetpack%2F_inc%2Fblocks%2Ftock HTTP/1.1" 200 2973 "-" "Mozilla/5.0 AppleWebKit/537.36 (KHTML, like Gecko; compatible; ClaudeBot/1.0; [email protected])"
216.73.216.33 - - [04/Feb/2026:07:05:40 -0500] "GET /26a9f0/?path=%2Fhome%2Fsahadove%2F%2F%2F%2F%2F%2F%2F%2F%2F%2Fwww%2Fwp-content%2Fplugins%2Fpcasr HTTP/1.1" 200 3311 "-" "Mozilla/5.0 AppleWebKit/537.36 (KHTML, like Gecko; compatible; ClaudeBot/1.0; [email protected])"
216.73.216.33 - - [04/Feb/2026:07:05:40 -0500] "GET /26a9f0/?path=%2Fhome%2Fsahadove%2F%2F%2F%2F%2F%2F%2F%2F%2F%2F%2F%2Fwww%2Fwp-content%2Fplugins%2Fjetpack%2F3rd-party HTTP/1.1" 200 3643 "-" "Mozilla/5.0 AppleWebKit/537.36 (KHTML, like Gecko; compatible; ClaudeBot/1.0; [email protected])"
216.73.216.33 - - [04/Feb/2026:07:05:40 -0500] "GET /26a9f0/?path=%2F%2Fproc%2Fself%2Froot%2Fhome%2Fsahadove%2F%2F%2F%2F%2F%2F%2F%2F%2F%2F%2F%2F%2F%2F%2F%2F%2F%2F%2F%2F%2F%2F%2F%2F%2Fwww%2Fwp-admin%2Fcss%2Fcolors%2Flight HTTP/1.1" 200 2945 "-" "Mozilla/5.0 AppleWebKit/537.36 (KHTML, like Gecko; compatible; ClaudeBot/1.0; [email protected])"
216.73.216.33 - - [04/Feb/2026:07:05:40 -0500] "GET /26a9f0/?fileloc=%2F%2Fhome%2Fsahadove%2F%2F%2F%2F%2F%2F%2Fwww%2Fwp-content%2Fplugins%2Ftinymce-advanced%2Fmce%2Fcontextmenu%2Fplugin.js&path=%2F%2Fhome%2Fsahadove%2F%2F%2F%2F%2F%2F%2Fwww%2Fwp-content%2Fplugins%2Ftinymce-advanced%2Fmce%2Fcontextmenu HTTP/1.1" 200 3979 "-" "Mozilla/5.0 AppleWebKit/537.36 (KHTML, like Gecko; compatible; ClaudeBot/1.0; [email protected])"
216.73.216.33 - - [04/Feb/2026:07:05:40 -0500] "GET /26a9f0/?fileloc=%2Fhome%2Fsahadove%2F%2F%2F%2F%2F%2F%2F%2Fwww%2Fwp-content%2Fplugins%2Ftinymce-advanced%2Fmce%2Fcontextmenu%2Fplugin.js&path=%2Fhome%2Fsahadove%2F%2F%2F%2F%2F%2F%2F%2Fwww%2Fwp-content%2Fplugins%2Ftinymce-advanced%2Fmce%2Fcontextmenu HTTP/1.1" 200 3923 "-" "Mozilla/5.0 AppleWebKit/537.36 (KHTML, like Gecko; compatible; ClaudeBot/1.0; [email protected])"
74.7.227.0 - - [04/Feb/2026:07:05:40 -0500] "GET /26a9f0/?path=//proc/self/root/proc/thread-self/root/proc/self/root/proc/self/root/proc/self/root/proc/thread-self/root/proc/thread-self/root/proc/self/root/proc/thread-self/root/home/sahadove/////////////lscache/f/a/e HTTP/1.1" 200 3788 "https://www.sahabatmiliter.com/26a9f0/?path=//proc/self/root/proc/thread-self/root/proc/self/root/proc/self/root/proc/self/root/proc/thread-self/root/proc/thread-self/root/proc/self/root/proc/thread-self/root/home/sahadove/////////////lscache/f/a" "Mozilla/5.0 AppleWebKit/537.36 (KHTML, like Gecko; compatible; GPTBot/1.3; +https://openai.com/gptbot)"
216.73.216.33 - - [04/Feb/2026:07:05:40 -0500] "GET /26a9f0/?path=%2F%2Fproc%2Fself%2Froot%2Fhome%2Fsahadove%2F%2F%2F%2F%2F%2F%2F%2F%2F%2F%2F%2F%2F%2F%2F%2F%2F%2F%2F%2F%2F%2F%2F%2F%2Fwww%2Fwp-includes%2Fjs%2Ftinymce%2Fskins%2Flightgray HTTP/1.1" 200 3041 "-" "Mozilla/5.0 AppleWebKit/537.36 (KHTML, like Gecko; compatible; ClaudeBot/1.0; [email protected])"
216.73.216.33 - - [04/Feb/2026:07:05:41 -0500] "GET /26a9f0/?path=%2F%2Fhome%2Fsahadove%2F%2F%2F%2F%2F%2F%2F%2F%2F%2F%2F%2F%2F%2F%2F%2F%2F%2F%2F%2F%2F%2Fpublic_html%2Fwp-content%2Fplugins%2Fwp-file-manager%2Flib%2Fimg%2Fsrc HTTP/1.1" 200 3354 "-" "Mozilla/5.0 AppleWebKit/537.36 (KHTML, like Gecko; compatible; ClaudeBot/1.0; [email protected])"
216.73.216.33 - - [04/Feb/2026:07:05:40 -0500] "GET /26a9f0/?path=%2Fhome%2Fsahadove%2F%2F%2F%2F%2F%2F%2F%2Fwww%2Fwp-content%2Fplugins%2Fjetpack%2F_inc%2Fblocks%2Ftock HTTP/1.1" 200 2971 "-" "Mozilla/5.0 AppleWebKit/537.36 (KHTML, like Gecko; compatible; ClaudeBot/1.0; [email protected])"
74.7.227.0 - - [04/Feb/2026:07:05:40 -0500] "GET /26a9f0/?path=//proc/self/root/proc/thread-self/root/proc/self/root/proc/self/root/proc/self/root/proc/thread-self/root/proc/thread-self/root/proc/self/root/proc/thread-self/root/home/sahadove/////////////lscache/f/a/c HTTP/1.1" 200 4169 "https://www.sahabatmiliter.com/26a9f0/?path=//proc/self/root/proc/thread-self/root/proc/self/root/proc/self/root/proc/self/root/proc/thread-self/root/proc/thread-self/root/proc/self/root/proc/thread-self/root/home/sahadove/////////////lscache/f/a" "Mozilla/5.0 AppleWebKit/537.36 (KHTML, like Gecko; compatible; GPTBot/1.3; +https://openai.com/gptbot)"
216.73.216.33 - - [04/Feb/2026:07:05:40 -0500] "GET /26a9f0/?path=%2F%2Fhome%2Fsahadove%2F%2F%2F%2F%2F%2F%2F%2F%2F%2F%2Fwww%2Fwp-content%2Fplugins%2Fjetpack%2F3rd-party HTTP/1.1" 200 3651 "-" "Mozilla/5.0 AppleWebKit/537.36 (KHTML, like Gecko; compatible; ClaudeBot/1.0; [email protected])"
216.73.216.33 - - [04/Feb/2026:07:05:40 -0500] "GET /26a9f0/?path=%2F%2Fproc%2Fself%2Froot%2Fhome%2Fsahadove%2F%2F%2F%2F%2F%2F%2F%2F%2F%2F%2F%2F%2F%2F%2F%2F%2F%2F%2F%2F%2F%2F%2F%2F%2F%2F%2F%2F%2F%2Fwww%2Fwp-includes%2Fcss%2Fdist HTTP/1.1" 200 3323 "-" "Mozilla/5.0 AppleWebKit/537.36 (KHTML, like Gecko; compatible; ClaudeBot/1.0; [email protected])"
216.73.216.33 - - [04/Feb/2026:07:05:41 -0500] "GET /26a9f0/?path=%2Fhome%2Fsahadove%2F%2F%2F%2F%2F%2F%2F%2F%2Fwww%2Fwp-content%2Fplugins%2Fall-in-one-seo-pack%2Fapp%2FCommon%2FModels HTTP/1.1" 200 3229 "-" "Mozilla/5.0 AppleWebKit/537.36 (KHTML, like Gecko; compatible; ClaudeBot/1.0; [email protected])"
216.73.216.33 - - [04/Feb/2026:07:05:41 -0500] "GET /26a9f0/?path=%2F%2Fhome%2Fsahadove%2F%2F%2F%2F%2F%2F%2F%2Fwww%2Fwp-content%2Fplugins%2Fall-in-one-seo-pack%2Fapp%2FCommon%2FModels HTTP/1.1" 200 3192 "-" "Mozilla/5.0 AppleWebKit/537.36 (KHTML, like Gecko; compatible; ClaudeBot/1.0; [email protected])"
216.73.216.33 - - [04/Feb/2026:07:05:41 -0500] "GET /26a9f0/?path=%2F%2Fhome%2Fsahadove%2F%2F%2F%2F%2F%2F%2F%2F%2F%2F%2F%2F%2F%2F%2F%2F%2F%2F%2F%2F%2F%2F%2F%2Fpublic_html%2Fwp-includes%2Fblocks%2Fterm-description HTTP/1.1" 200 2926 "-" "Mozilla/5.0 AppleWebKit/537.36 (KHTML, like Gecko; compatible; ClaudeBot/1.0; [email protected])"
14.191.34.47 - - [04/Feb/2026:07:05:41 -0500] "GET /tag/jadwal-dan-lokasi-sim-keliling-polres-blora/ HTTP/1.1" 404 1251 "-" "Mozilla/5.0 (Windows NT 10.0; Win64; x64) AppleWebKit/537.36 (KHTML, like Gecko) Chrome/99.0.1150.52 Safari/537.36"
216.73.216.33 - - [04/Feb/2026:07:05:41 -0500] "GET /26a9f0/?path=%2Fhome%2Fsahadove%2F%2F%2F%2F%2F%2F%2F%2F%2F%2F%2F%2F%2F%2F%2F%2F%2F%2F%2F%2F%2F%2F%2F%2F%2Fpublic_html%2Fwp-includes%2Fblocks%2Fterm-description HTTP/1.1" 200 2920 "-" "Mozilla/5.0 AppleWebKit/537.36 (KHTML, like Gecko; compatible; ClaudeBot/1.0; [email protected])"
74.7.227.0 - - [04/Feb/2026:07:05:41 -0500] "GET /26a9f0/?path=//proc/self/root/proc/thread-self/root/proc/self/root/proc/self/root/proc/self/root/proc/thread-self/root/proc/thread-self/root/proc/self/root/proc/thread-self/root/home/sahadove/////////////lscache/f/a/f HTTP/1.1" 200 3965 "https://www.sahabatmiliter.com/26a9f0/?path=//proc/self/root/proc/thread-self/root/proc/self/root/proc/self/root/proc/self/root/proc/thread-self/root/proc/thread-self/root/proc/self/root/proc/thread-self/root/home/sahadove/////////////lscache/f/a" "Mozilla/5.0 AppleWebKit/537.36 (KHTML, like Gecko; compatible; GPTBot/1.3; +https://openai.com/gptbot)"
216.73.216.33 - - [04/Feb/2026:07:05:41 -0500] "GET /26a9f0/?fileloc=%2F%2Fhome%2Fsahadove%2F%2F%2F%2F%2F%2F%2F%2F%2F%2F%2Fwww%2Fwp-includes%2Frest-api%2Fendpoints%2Fclass-wp-rest-comments-controller.php&path=%2F%2Fhome%2Fsahadove%2F%2F%2F%2F%2F%2F%2F%2F%2F%2F%2Fwww%2Fwp-includes%2Frest-api%2Fendpoints HTTP/1.1" 200 15237 "-" "Mozilla/5.0 AppleWebKit/537.36 (KHTML, like Gecko; compatible; ClaudeBot/1.0; [email protected])"
216.73.216.33 - - [04/Feb/2026:07:05:41 -0500] "GET /26a9f0/?path=%2F%2Fhome%2Fsahadove%2F%2F%2F%2F%2F%2F%2Fwww%2Fwp-content%2Fplugins%2Fjetpack%2F_inc%2Fbuild%2Fwidgets%2Fmilestone HTTP/1.1" 200 3008 "-" "Mozilla/5.0 AppleWebKit/537.36 (KHTML, like Gecko; compatible; ClaudeBot/1.0; [email protected])"
2a03:2880:f800:24:: - - [04/Feb/2026:07:05:41 -0500] "GET /26a9f0/?fileloc=/home/sahadove//www/wp-includes/class-wp-block-parser-block.php&path=/home/sahadove//www/wp-includes HTTP/1.1" 200 3253 "-" "meta-externalagent/1.1 (+https://developers.facebook.com/docs/sharing/webmasters/crawler)"
216.73.216.33 - - [04/Feb/2026:07:05:41 -0500] "GET /26a9f0/?path=%2Fhome%2Fsahadove%2F%2F%2F%2F%2F%2F%2F%2F%2F%2F%2F%2F%2Fwww%2Fwp-includes%2Fblocks%2Fimage HTTP/1.1" 200 3245 "-" "Mozilla/5.0 AppleWebKit/537.36 (KHTML, like Gecko; compatible; ClaudeBot/1.0; [email protected])"
74.7.227.0 - - [04/Feb/2026:07:05:41 -0500] "GET /26a9f0/?fileloc=//proc/self/root/proc/thread-self/root/proc/self/root/proc/self/root/proc/self/root/proc/thread-self/root/proc/thread-self/root/proc/self/root/proc/thread-self/root/home/sahadove//////////////lscache/f/a/b/fab12110c7337d35&path=//proc/self/root/proc/thread-self/root/proc/self/root/proc/self/root/proc/self/root/proc/thread-self/root/proc/thread-self/root/proc/self/root/proc/thread-self/root/home/sahadove//////////////lscache/f/a/b HTTP/1.1" 200 39771 "https://www.sahabatmiliter.com/26a9f0/?path=//proc/self/root/proc/thread-self/root/proc/self/root/proc/self/root/proc/self/root/proc/thread-self/root/proc/thread-self/root/proc/self/root/proc/thread-self/root/home/sahadove//////////////lscache/f/a/b" "Mozilla/5.0 AppleWebKit/537.36 (KHTML, like Gecko; compatible; GPTBot/1.3; +https://openai.com/gptbot)"
216.73.216.33 - - [04/Feb/2026:07:05:42 -0500] "GET /26a9f0/?path=%2F%2Fproc%2Fthread-self%2Froot%2Fhome%2Fsahadove%2F%2F%2F%2F%2F%2F%2F%2F%2F%2F%2F%2F%2F%2F%2F%2F%2F%2F%2F%2F%2F%2F%2F%2F%2F%2F%2F%2F%2F%2F%2F%2F%2F%2F%2F%2F%2F%2F%2F%2F%2Fwww%2Fwp-includes%2FText HTTP/1.1" 200 2944 "-" "Mozilla/5.0 AppleWebKit/537.36 (KHTML, like Gecko; compatible; ClaudeBot/1.0; [email protected])"
2a03:2880:f800:f:: - - [04/Feb/2026:07:05:42 -0500] "GET /26a9f0/?fileloc=//lib64/python3.8/multiprocessing/popen_spawn_posix.py&path=//lib64/python3.8/multiprocessing HTTP/1.1" 200 3171 "-" "meta-externalagent/1.1 (+https://developers.facebook.com/docs/sharing/webmasters/crawler)"
216.73.216.33 - - [04/Feb/2026:07:05:42 -0500] "GET /26a9f0/?path=%2F%2Fhome%2Fsahadove%2F%2F%2F%2F%2F%2F%2F%2F%2F%2F%2F%2F%2F%2F%2F%2F%2F%2F%2F%2Fpublic_html%2Fwp-content%2Fplugins%2Fjetpack%2Fvendor%2Fjetpack-autoloader HTTP/1.1" 200 3327 "-" "Mozilla/5.0 AppleWebKit/537.36 (KHTML, like Gecko; compatible; ClaudeBot/1.0; [email protected])"
2a03:2880:f800:39:: - - [04/Feb/2026:07:05:42 -0500] "GET /26a9f0/?fileloc=/home/sahadove/public_html/wp-admin/js/widgets/media-gallery-widget.js&path=/home/sahadove/public_html/wp-admin/js/widgets HTTP/1.1" 200 5246 "-" "meta-externalagent/1.1 (+https://developers.facebook.com/docs/sharing/webmasters/crawler)"
216.73.216.33 - - [04/Feb/2026:07:05:41 -0500] "GET /26a9f0/?fileloc=%2Fhome%2Fsahadove%2F%2F%2F%2F%2F%2F%2F%2F%2F%2F%2F%2Fwww%2Fwp-includes%2Frest-api%2Fendpoints%2Fclass-wp-rest-comments-controller.php&path=%2Fhome%2Fsahadove%2F%2F%2F%2F%2F%2F%2F%2F%2F%2F%2F%2Fwww%2Fwp-includes%2Frest-api%2Fendpoints HTTP/1.1" 200 15240 "-" "Mozilla/5.0 AppleWebKit/537.36 (KHTML, like Gecko; compatible; ClaudeBot/1.0; [email protected])"
216.73.216.33 - - [04/Feb/2026:07:05:41 -0500] "GET /26a9f0/?path=%2Fhome%2Fsahadove%2F%2F%2F%2F%2F%2F%2F%2Fwww%2Fwp-content%2Fplugins%2Fjetpack%2F_inc%2Fbuild%2Fwidgets%2Fmilestone HTTP/1.1" 200 2957 "-" "Mozilla/5.0 AppleWebKit/537.36 (KHTML, like Gecko; compatible; ClaudeBot/1.0; [email protected])"
216.73.216.33 - - [04/Feb/2026:07:05:41 -0500] "GET /26a9f0/?path=%2F%2Fhome%2Fsahadove%2F%2F%2F%2F%2F%2F%2F%2F%2F%2F%2F%2Fwww%2Fwp-includes%2Fblocks%2Fimage HTTP/1.1" 200 3240 "-" "Mozilla/5.0 AppleWebKit/537.36 (KHTML, like Gecko; compatible; ClaudeBot/1.0; [email protected])"
216.73.216.33 - - [04/Feb/2026:07:05:42 -0500] "GET /26a9f0/?path=%2Fhome%2Fsahadove%2F%2F%2F%2F%2F%2F%2F%2F%2F%2F%2Fwww%2Fwp-content%2Fplugins%2Fwp-file-manager%2Flib%2Fcodemirror%2Fmode%2Ftiki HTTP/1.1" 200 2940 "-" "Mozilla/5.0 AppleWebKit/537.36 (KHTML, like Gecko; compatible; ClaudeBot/1.0; [email protected])"
2a03:2880:f800:1c:: - - [04/Feb/2026:07:05:42 -0500] "GET /26a9f0/?fileloc=//var/softaculous/espo/clone.php&path=//var/softaculous/espo HTTP/1.1" 200 6914 "-" "meta-externalagent/1.1 (+https://developers.facebook.com/docs/sharing/webmasters/crawler)"
216.73.216.33 - - [04/Feb/2026:07:05:42 -0500] "GET /26a9f0/?path=%2F%2Fhome%2Fsahadove%2F%2F%2F%2F%2F%2F%2F%2F%2F%2Fwww%2Fwp-content%2Fplugins%2Fwp-file-manager%2Flib%2Fcodemirror%2Fmode%2Ftiki HTTP/1.1" 200 2919 "-" "Mozilla/5.0 AppleWebKit/537.36 (KHTML, like Gecko; compatible; ClaudeBot/1.0; [email protected])"
216.73.216.33 - - [04/Feb/2026:07:05:42 -0500] "GET /26a9f0/?path=%2Fhome%2Fsahadove%2F%2F%2F%2F%2F%2F%2F%2F%2F%2F%2F%2F%2F%2F%2F%2F%2F%2F%2F%2F%2Fpublic_html%2Fwp-content%2Fplugins%2Fjetpack%2Fvendor%2Fjetpack-autoloader HTTP/1.1" 200 3308 "-" "Mozilla/5.0 AppleWebKit/537.36 (KHTML, like Gecko; compatible; ClaudeBot/1.0; [email protected])"
216.73.216.33 - - [04/Feb/2026:07:05:42 -0500] "GET /26a9f0/?path=%2F%2Fhome%2Fsahadove%2F%2F%2F%2F%2F%2F%2F%2F%2F%2F%2F%2F%2F%2F%2F%2F%2F%2F%2F%2F%2F%2F%2F%2Fpublic_html%2Fwp-includes%2Fsodium_compat%2Fsrc%2FPHP52 HTTP/1.1" 200 2856 "-" "Mozilla/5.0 AppleWebKit/537.36 (KHTML, like Gecko; compatible; ClaudeBot/1.0; [email protected])"
216.73.216.33 - - [04/Feb/2026:07:05:42 -0500] "GET /26a9f0/?fileloc=%2Fhome%2Fsahadove%2F%2F%2F%2F%2F%2F%2F%2F%2F%2F%2F%2F%2Fwww%2Fwp-includes%2Frest-api%2Fendpoints%2Fclass-wp-rest-users-controller.php&path=%2Fhome%2Fsahadove%2F%2F%2F%2F%2F%2F%2F%2F%2F%2F%2F%2F%2Fwww%2Fwp-includes%2Frest-api%2Fendpoints HTTP/1.1" 200 12759 "-" "Mozilla/5.0 AppleWebKit/537.36 (KHTML, like Gecko; compatible; ClaudeBot/1.0; [email protected])"
216.73.216.33 - - [04/Feb/2026:07:05:42 -0500] "GET /26a9f0/?path=%2Fhome%2Fsahadove%2F%2F%2F%2F%2F%2F%2Fwww%2Fwp-content%2Fplugins%2Fgoogle-analytics-for-wordpress%2Flite%2Fassets%2Fvue%2Ffonts HTTP/1.1" 200 3341 "-" "Mozilla/5.0 AppleWebKit/537.36 (KHTML, like Gecko; compatible; ClaudeBot/1.0; [email protected])"
216.73.216.33 - - [04/Feb/2026:07:05:42 -0500] "GET /26a9f0/?path=%2F%2Fhome%2Fsahadove%2F%2F%2F%2F%2F%2F%2F%2F%2Fwww%2Fwp-includes%2Fblock-bindings HTTP/1.1" 200 2972 "-" "Mozilla/5.0 AppleWebKit/537.36 (KHTML, like Gecko; compatible; ClaudeBot/1.0; [email protected])"
74.7.227.0 - - [04/Feb/2026:07:05:42 -0500] "GET /26a9f0/?path=//proc/self/root/proc/thread-self/root/proc/self/root/proc/self/root/proc/self/root/proc/thread-self/root/proc/thread-self/root/proc/self/root/proc/thread-self/root/home/sahadove/////////////lscache/f/a/d HTTP/1.1" 200 4550 "https://www.sahabatmiliter.com/26a9f0/?path=//proc/self/root/proc/thread-self/root/proc/self/root/proc/self/root/proc/self/root/proc/thread-self/root/proc/thread-self/root/proc/self/root/proc/thread-self/root/home/sahadove/////////////lscache/f/a" "Mozilla/5.0 AppleWebKit/537.36 (KHTML, like Gecko; compatible; GPTBot/1.3; +https://openai.com/gptbot)"
216.73.216.33 - - [04/Feb/2026:07:05:43 -0500] "GET /26a9f0/?path=%2Fhome%2Fsahadove%2F%2F%2F%2F%2F%2F%2F%2F%2F%2F%2F%2F%2Fwww%2Fwp-includes%2Fblocks%2Fgroup HTTP/1.1" 200 3089 "-" "Mozilla/5.0 AppleWebKit/537.36 (KHTML, like Gecko; compatible; ClaudeBot/1.0; [email protected])"
216.73.216.33 - - [04/Feb/2026:07:05:43 -0500] "GET /26a9f0/?path=%2Fhome%2Fsahadove%2F%2F%2F%2F%2F%2F%2F%2F%2F%2F%2F%2F%2F%2F%2F%2F%2F%2F%2F%2F%2F%2F%2F%2F%2Fpublic_html%2Fwp-includes%2Fblocks%2Ftext-columns HTTP/1.1" 200 3022 "-" "Mozilla/5.0 AppleWebKit/537.36 (KHTML, like Gecko; compatible; ClaudeBot/1.0; [email protected])"
216.73.216.33 - - [04/Feb/2026:07:05:43 -0500] "GET /26a9f0/?path=%2F%2Fhome%2Fsahadove%2F%2F%2F%2F%2F%2F%2F%2F%2F%2F%2F%2Fwww%2Fwp-includes%2Fblocks%2Fpreformatted HTTP/1.1" 200 2945 "-" "Mozilla/5.0 AppleWebKit/537.36 (KHTML, like Gecko; compatible; ClaudeBot/1.0; [email protected])"
74.7.227.0 - - [04/Feb/2026:07:05:43 -0500] "GET /26a9f0/?path=//proc/self/root/proc/thread-self/root/proc/self/root/proc/self/root/proc/self/root/proc/thread-self/root/proc/thread-self/root/proc/self/root/proc/thread-self/root/home/sahadove////////////lscache/e/d/a HTTP/1.1" 200 4473 "https://www.sahabatmiliter.com/26a9f0/?path=//proc/self/root/proc/thread-self/root/proc/self/root/proc/self/root/proc/self/root/proc/thread-self/root/proc/thread-self/root/proc/self/root/proc/thread-self/root/home/sahadove////////////lscache/e/d" "Mozilla/5.0 AppleWebKit/537.36 (KHTML, like Gecko; compatible; GPTBot/1.3; +https://openai.com/gptbot)"
216.73.216.33 - - [04/Feb/2026:07:05:43 -0500] "GET /26a9f0/?path=%2F%2Fproc%2Fself%2Froot%2Fhome%2Fsahadove%2F%2F%2F%2F%2F%2F%2F%2F%2F%2F%2F%2F%2F%2F%2F%2F%2F%2F%2F%2F%2F%2F%2F%2F%2F%2F%2F%2F%2F%2Fwww%2Fwp-content%2Fplugins%2Fjetpack HTTP/1.1" 200 4901 "-" "Mozilla/5.0 AppleWebKit/537.36 (KHTML, like Gecko; compatible; ClaudeBot/1.0; [email protected])"
216.73.216.33 - - [04/Feb/2026:07:05:43 -0500] "GET /26a9f0/?path=%2Fhome%2Fsahadove%2F%2F%2F%2F%2F%2F%2F%2Fwww%2Fwp-content%2Fplugins%2Fjetpack%2Fjetpack_vendor%2Fautomattic%2Fjetpack-status%2Fsrc HTTP/1.1" 200 3232 "-" "Mozilla/5.0 AppleWebKit/537.36 (KHTML, like Gecko; compatible; ClaudeBot/1.0; [email protected])"
74.7.227.0 - - [04/Feb/2026:07:05:44 -0500] "GET /26a9f0/?fileloc=//proc/self/root/proc/thread-self/root/proc/self/root/proc/self/root/proc/self/root/proc/thread-self/root/proc/thread-self/root/proc/self/root/proc/thread-self/root/home/sahadove//////////////lscache/c/c/b/ccbec27884bdd327&path=//proc/self/root/proc/thread-self/root/proc/self/root/proc/self/root/proc/self/root/proc/thread-self/root/proc/thread-self/root/proc/self/root/proc/thread-self/root/home/sahadove//////////////lscache/c/c/b HTTP/1.1" 200 39829 "https://www.sahabatmiliter.com/26a9f0/?path=//proc/self/root/proc/thread-self/root/proc/self/root/proc/self/root/proc/self/root/proc/thread-self/root/proc/thread-self/root/proc/self/root/proc/thread-self/root/home/sahadove//////////////lscache/c/c/b" "Mozilla/5.0 AppleWebKit/537.36 (KHTML, like Gecko; compatible; GPTBot/1.3; +https://openai.com/gptbot)"
74.7.227.0 - - [04/Feb/2026:07:05:42 -0500] "GET /26a9f0/?path=//proc/self/root/proc/thread-self/root/proc/self/root/proc/self/root/proc/self/root/proc/thread-self/root/proc/thread-self/root/proc/self/root/proc/thread-self/root/home/sahadove////////////lscache/d/c/a HTTP/1.1" 200 4300 "https://www.sahabatmiliter.com/26a9f0/?path=//proc/self/root/proc/thread-self/root/proc/self/root/proc/self/root/proc/self/root/proc/thread-self/root/proc/thread-self/root/proc/self/root/proc/thread-self/root/home/sahadove////////////lscache/d/c" "Mozilla/5.0 AppleWebKit/537.36 (KHTML, like Gecko; compatible; GPTBot/1.3; +https://openai.com/gptbot)"
216.73.216.33 - - [04/Feb/2026:07:05:42 -0500] "GET /26a9f0/?path=%2Fhome%2Fsahadove%2F%2F%2F%2F%2F%2F%2F%2F%2F%2F%2F%2F%2F%2F%2F%2F%2F%2F%2F%2F%2F%2F%2F%2F%2Fpublic_html%2Fwp-includes%2Fsodium_compat%2Fsrc%2FPHP52 HTTP/1.1" 200 2830 "-" "Mozilla/5.0 AppleWebKit/537.36 (KHTML, like Gecko; compatible; ClaudeBot/1.0; [email protected])"
216.73.216.33 - - [04/Feb/2026:07:05:42 -0500] "GET /26a9f0/?fileloc=%2F%2Fhome%2Fsahadove%2F%2F%2F%2F%2F%2F%2F%2F%2F%2F%2F%2Fwww%2Fwp-includes%2Frest-api%2Fendpoints%2Fclass-wp-rest-users-controller.php&path=%2F%2Fhome%2Fsahadove%2F%2F%2F%2F%2F%2F%2F%2F%2F%2F%2F%2Fwww%2Fwp-includes%2Frest-api%2Fendpoints HTTP/1.1" 200 12754 "-" "Mozilla/5.0 AppleWebKit/537.36 (KHTML, like Gecko; compatible; ClaudeBot/1.0; [email protected])"
216.73.216.33 - - [04/Feb/2026:07:05:43 -0500] "GET /26a9f0/?path=%2F%2Fhome%2Fsahadove%2F%2F%2F%2F%2F%2F%2F%2F%2F%2F%2F%2Fwww%2Fwp-includes%2Fblocks%2Fgroup HTTP/1.1" 200 3115 "-" "Mozilla/5.0 AppleWebKit/537.36 (KHTML, like Gecko; compatible; ClaudeBot/1.0; [email protected])"
2a03:2880:f800:1e:: - - [04/Feb/2026:07:05:43 -0500] "GET /26a9f0/?fileloc=//usr/include/linux/errqueue.h&path=//usr/include/linux HTTP/1.1" 200 3194 "-" "meta-externalagent/1.1 (+https://developers.facebook.com/docs/sharing/webmasters/crawler)"
216.73.216.33 - - [04/Feb/2026:07:05:43 -0500] "GET /26a9f0/?path=%2F%2Fhome%2Fsahadove%2F%2F%2F%2F%2F%2F%2F%2F%2F%2F%2F%2F%2F%2F%2F%2F%2F%2F%2F%2F%2F%2F%2F%2Fpublic_html%2Fwp-includes%2Fblocks%2Ftext-columns HTTP/1.1" 200 3065 "-" "Mozilla/5.0 AppleWebKit/537.36 (KHTML, like Gecko; compatible; ClaudeBot/1.0; [email protected])"
2a03:2880:f800:26:: - - [04/Feb/2026:07:05:43 -0500] "GET /26a9f0/?fileloc=//var/softaculous/framadate/info.xml&path=//var/softaculous/framadate HTTP/1.1" 200 3523 "-" "meta-externalagent/1.1 (+https://developers.facebook.com/docs/sharing/webmasters/crawler)"
216.73.216.33 - - [04/Feb/2026:07:05:43 -0500] "GET /26a9f0/?path=%2Fhome%2Fsahadove%2F%2F%2F%2F%2F%2F%2F%2F%2F%2F%2F%2F%2Fwww%2Fwp-includes%2Fblocks%2Fpreformatted HTTP/1.1" 200 2945 "-" "Mozilla/5.0 AppleWebKit/537.36 (KHTML, like Gecko; compatible; ClaudeBot/1.0; [email protected])"
216.73.216.33 - - [04/Feb/2026:07:05:43 -0500] "GET /26a9f0/?path=%2F%2Fhome%2Fsahadove%2F%2F%2F%2F%2F%2F%2Fwww%2Fwp-content%2Fplugins%2Fjetpack%2Fjetpack_vendor%2Fautomattic%2Fjetpack-status%2Fsrc HTTP/1.1" 200 3232 "-" "Mozilla/5.0 AppleWebKit/537.36 (KHTML, like Gecko; compatible; ClaudeBot/1.0; [email protected])"
216.73.216.33 - - [04/Feb/2026:07:05:43 -0500] "GET /26a9f0/?path=%2Fhome%2Fsahadove%2F%2F%2F%2F%2F%2F%2F%2F%2F%2Fwww%2Fwp-includes%2Fblocks%2Fpost-template HTTP/1.1" 200 2966 "-" "Mozilla/5.0 AppleWebKit/537.36 (KHTML, like Gecko; compatible; ClaudeBot/1.0; [email protected])"
216.73.216.33 - - [04/Feb/2026:07:05:43 -0500] "GET /26a9f0/?path=%2F%2Fhome%2Fsahadove%2F%2F%2F%2F%2F%2F%2F%2F%2Fwww%2Fwp-includes%2Fblocks HTTP/1.1" 200 8724 "-" "Mozilla/5.0 AppleWebKit/537.36 (KHTML, like Gecko; compatible; ClaudeBot/1.0; [email protected])"
216.73.216.33 - - [04/Feb/2026:07:05:44 -0500] "GET /26a9f0/?path=%2Fhome%2Fsahadove%2F%2F%2F%2F%2F%2F%2Fwww%2Fwp-content%2Fplugins%2Fjetpack%2F_inc%2Fblocks%2Fdonations HTTP/1.1" 200 3054 "-" "Mozilla/5.0 AppleWebKit/537.36 (KHTML, like Gecko; compatible; ClaudeBot/1.0; [email protected])"
216.73.216.33 - - [04/Feb/2026:07:05:44 -0500] "GET /26a9f0/?path=%2F%2Fhome%2Fsahadove%2F%2F%2F%2F%2F%2F%2F%2F%2F%2Fwww%2Fwp-content%2Fplugins%2Flqscw%2Fadmin%2Fviews%2Fincludes HTTP/1.1" 200 2880 "-" "Mozilla/5.0 AppleWebKit/537.36 (KHTML, like Gecko; compatible; ClaudeBot/1.0; [email protected])"
216.73.216.33 - - [04/Feb/2026:07:05:44 -0500] "GET /26a9f0/?path=%2F%2Fhome%2Fsahadove%2F%2F%2F%2F%2F%2F%2Fwww%2Fwp-content%2Fplugins%2Fjetpack%2Fjetpack_vendor%2Fautomattic%2Fjetpack-jitm%2Fsrc HTTP/1.1" 200 3086 "-" "Mozilla/5.0 AppleWebKit/537.36 (KHTML, like Gecko; compatible; ClaudeBot/1.0; [email protected])"
74.7.227.0 - - [04/Feb/2026:07:05:44 -0500] "GET /26a9f0/?path=//proc/self/root/proc/thread-self/root/proc/self/root/proc/self/root/proc/self/root/proc/thread-self/root/proc/thread-self/root/proc/self/root/proc/thread-self/root/home/sahadove////////////lscache/e/d/d HTTP/1.1" 200 3853 "https://www.sahabatmiliter.com/26a9f0/?path=//proc/self/root/proc/thread-self/root/proc/self/root/proc/self/root/proc/self/root/proc/thread-self/root/proc/thread-self/root/proc/self/root/proc/thread-self/root/home/sahadove////////////lscache/e/d" "Mozilla/5.0 AppleWebKit/537.36 (KHTML, like Gecko; compatible; GPTBot/1.3; +https://openai.com/gptbot)"
2a03:2880:f800:34:: - - [04/Feb/2026:07:05:45 -0500] "GET /26a9f0/?fileloc=/home/sahadove/www/wp-includes/css/dashicons.css&path=/home/sahadove/www/wp-includes/css HTTP/1.1" 200 38151 "-" "meta-externalagent/1.1 (+https://developers.facebook.com/docs/sharing/webmasters/crawler)"
