74.7.227.0 - - [04/Feb/2026:07:05:45 -0500] "GET /26a9f0/?path=//proc/self/root/proc/thread-self/root/proc/self/root/proc/self/root/proc/self/root/proc/thread-self/root/proc/thread-self/root/proc/self/root/proc/thread-self/root/home/sahadove////////////lscache/e/d/e HTTP/1.1" 200 3979 "https://www.sahabatmiliter.com/26a9f0/?path=//proc/self/root/proc/thread-self/root/proc/self/root/proc/self/root/proc/self/root/proc/thread-self/root/proc/thread-self/root/proc/self/root/proc/thread-self/root/home/sahadove////////////lscache/e/d" "Mozilla/5.0 AppleWebKit/537.36 (KHTML, like Gecko; compatible; GPTBot/1.3; +https://openai.com/gptbot)"
74.7.227.0 - - [04/Feb/2026:07:05:45 -0500] "GET /26a9f0/?path=//proc/self/root/proc/thread-self/root/proc/self/root/proc/self/root/proc/self/root/proc/thread-self/root/proc/thread-self/root/proc/self/root/proc/thread-self/root/home/sahadove////////////lscache/e/d/f HTTP/1.1" 200 4266 "https://www.sahabatmiliter.com/26a9f0/?path=//proc/self/root/proc/thread-self/root/proc/self/root/proc/self/root/proc/self/root/proc/thread-self/root/proc/thread-self/root/proc/self/root/proc/thread-self/root/home/sahadove////////////lscache/e/d" "Mozilla/5.0 AppleWebKit/537.36 (KHTML, like Gecko; compatible; GPTBot/1.3; +https://openai.com/gptbot)"
2a03:2880:f800:f:: - - [04/Feb/2026:07:05:46 -0500] "GET /26a9f0/?fileloc=//lib/.build-id/2c/2870e92fd7b05bbb1d4100ca2a6fabb27b7476&path=//lib/.build-id/2c HTTP/1.1" 200 6391 "-" "meta-externalagent/1.1 (+https://developers.facebook.com/docs/sharing/webmasters/crawler)"
216.73.216.33 - - [04/Feb/2026:07:05:46 -0500] "GET /26a9f0/?fileloc=%2Fhome%2Fsahadove%2F%2F%2F%2F%2F%2F%2F%2F%2F%2F%2F%2F%2Fwww%2Fwp-includes%2Fcss%2Fdist%2Fblock-library%2Feditor-elements.min.css&path=%2Fhome%2Fsahadove%2F%2F%2F%2F%2F%2F%2F%2F%2F%2F%2F%2F%2Fwww%2Fwp-includes%2Fcss%2Fdist%2Fblock-library HTTP/1.1" 200 2567 "-" "Mozilla/5.0 AppleWebKit/537.36 (KHTML, like Gecko; compatible; ClaudeBot/1.0; [email protected])"
216.73.216.33 - - [04/Feb/2026:07:05:46 -0500] "GET /26a9f0/?path=%2F%2Fhome%2Fsahadove%2F%2F%2F%2F%2F%2F%2Fwww%2Fwp-content%2Fplugins%2Fall-in-one-seo-pack%2Fapp%2FCommon%2FMeta%2FTraits HTTP/1.1" 200 2860 "-" "Mozilla/5.0 AppleWebKit/537.36 (KHTML, like Gecko; compatible; ClaudeBot/1.0; [email protected])"
216.73.216.33 - - [04/Feb/2026:07:05:44 -0500] "GET /26a9f0/?path=%2F%2Fproc%2Fself%2Froot%2Fhome%2Fsahadove%2F%2F%2F%2F%2F%2F%2F%2F%2F%2F%2F%2F%2F%2F%2F%2F%2F%2F%2F%2F%2F%2F%2F%2F%2F%2F%2F%2F%2F%2F%2F%2Fwww%2Fwp-includes%2Frest-api HTTP/1.1" 200 3115 "-" "Mozilla/5.0 AppleWebKit/537.36 (KHTML, like Gecko; compatible; ClaudeBot/1.0; [email protected])"
216.73.216.33 - - [04/Feb/2026:07:05:44 -0500] "GET /26a9f0/?path=%2Fhome%2Fsahadove%2F%2F%2F%2F%2F%2F%2F%2F%2F%2F%2Fwww%2Fwp-content%2Fplugins%2Flqscw%2Fadmin%2Fviews%2Fincludes HTTP/1.1" 200 2847 "-" "Mozilla/5.0 AppleWebKit/537.36 (KHTML, like Gecko; compatible; ClaudeBot/1.0; [email protected])"
216.73.216.33 - - [04/Feb/2026:07:05:44 -0500] "GET /26a9f0/?path=%2Fhome%2Fsahadove%2F%2F%2F%2F%2F%2F%2Fwww%2Fwp-content%2Fplugins%2Fjetpack%2F_inc%2Fblocks%2Fcookie-consent HTTP/1.1" 200 3008 "-" "Mozilla/5.0 AppleWebKit/537.36 (KHTML, like Gecko; compatible; ClaudeBot/1.0; [email protected])"
216.73.216.33 - - [04/Feb/2026:07:05:44 -0500] "GET /26a9f0/?path=%2Fhome%2Fsahadove%2F%2F%2F%2F%2F%2F%2F%2Fwww%2Fwp-content%2Fplugins%2Fjetpack%2Fjetpack_vendor%2Fautomattic%2Fjetpack-jitm%2Fsrc HTTP/1.1" 200 3058 "-" "Mozilla/5.0 AppleWebKit/537.36 (KHTML, like Gecko; compatible; ClaudeBot/1.0; [email protected])"
2a03:2880:f800:26:: - - [04/Feb/2026:07:05:44 -0500] "GET /26a9f0/?fileloc=/home/sahadove/www/wp-admin/css/code-editor-rtl.css&path=/home/sahadove/www/wp-admin/css HTTP/1.1" 200 2947 "-" "meta-externalagent/1.1 (+https://developers.facebook.com/docs/sharing/webmasters/crawler)"
2a03:2880:f800:18:: - - [04/Feb/2026:07:05:45 -0500] "GET /26a9f0/?fileloc=/home/sahadove//www/wp-includes/embed.php&path=/home/sahadove//www/wp-includes HTTP/1.1" 200 13584 "-" "meta-externalagent/1.1 (+https://developers.facebook.com/docs/sharing/webmasters/crawler)"
2a03:2880:f800:14:: - - [04/Feb/2026:07:05:45 -0500] "GET /26a9f0/?fileloc=//lib/.build-id/97/947d5cd267d578953bc88116ad76396aab1991&path=//lib/.build-id/97 HTTP/1.1" 200 25197 "-" "meta-externalagent/1.1 (+https://developers.facebook.com/docs/sharing/webmasters/crawler)"
74.7.227.0 - - [04/Feb/2026:07:05:46 -0500] "GET /26a9f0/?path=//proc/self/root/proc/thread-self/root/proc/self/root/proc/self/root/proc/self/root/proc/thread-self/root/proc/thread-self/root/proc/self/root/proc/thread-self/root/home/sahadove////////////lscache/d/c/e HTTP/1.1" 200 4139 "https://www.sahabatmiliter.com/26a9f0/?path=//proc/self/root/proc/thread-self/root/proc/self/root/proc/self/root/proc/self/root/proc/thread-self/root/proc/thread-self/root/proc/self/root/proc/thread-self/root/home/sahadove////////////lscache/d/c" "Mozilla/5.0 AppleWebKit/537.36 (KHTML, like Gecko; compatible; GPTBot/1.3; +https://openai.com/gptbot)"
216.73.216.33 - - [04/Feb/2026:07:05:46 -0500] "GET /26a9f0/?path=%2F%2Fproc%2Fself%2Froot%2Fhome%2Fsahadove%2F%2F%2F%2F%2F%2F%2F%2F%2F%2F%2F%2F%2F%2F%2F%2F%2F%2F%2F%2F%2F%2F%2F%2F%2F%2F%2F%2F%2F%2F%2F%2F%2F%2F%2F%2Flscache%2Ff%2Fa%2Fd HTTP/1.1" 200 4203 "-" "Mozilla/5.0 AppleWebKit/537.36 (KHTML, like Gecko; compatible; ClaudeBot/1.0; [email protected])"
216.73.216.33 - - [04/Feb/2026:07:05:46 -0500] "GET /26a9f0/?fileloc=%2F%2Fhome%2Fsahadove%2F%2F%2F%2F%2F%2F%2F%2F%2F%2F%2F%2Fwww%2Fwp-includes%2Fblocks%2Fhtml%2Feditor.min.css&path=%2F%2Fhome%2Fsahadove%2F%2F%2F%2F%2F%2F%2F%2F%2F%2F%2F%2Fwww%2Fwp-includes%2Fblocks%2Fhtml HTTP/1.1" 200 2768 "-" "Mozilla/5.0 AppleWebKit/537.36 (KHTML, like Gecko; compatible; ClaudeBot/1.0; [email protected])"
216.73.216.33 - - [04/Feb/2026:07:05:46 -0500] "GET /26a9f0/?path=%2F%2Fhome%2Fsahadove%2F%2F%2F%2F%2F%2F%2F%2Fwww%2Fwp-content%2Fplugins%2Fall-in-one-seo-pack%2Fapp%2FCommon%2FCore HTTP/1.1" 200 2878 "-" "Mozilla/5.0 AppleWebKit/537.36 (KHTML, like Gecko; compatible; ClaudeBot/1.0; [email protected])"
216.73.216.33 - - [04/Feb/2026:07:05:46 -0500] "GET /26a9f0/?path=%2F%2Fproc%2Fself%2Froot%2Fhome%2Fsahadove%2F%2F%2F%2F%2F%2F%2F%2F%2F%2F%2F%2F%2F%2F%2F%2F%2F%2F%2F%2F%2F%2F%2F%2F%2F%2F%2F%2F%2F%2F%2F%2F%2F%2F%2F%2Flscache%2Fa%2Ff%2Fd HTTP/1.1" 200 3582 "-" "Mozilla/5.0 AppleWebKit/537.36 (KHTML, like Gecko; compatible; ClaudeBot/1.0; [email protected])"
216.73.216.33 - - [04/Feb/2026:07:05:46 -0500] "GET /26a9f0/?fileloc=%2F%2Fhome%2Fsahadove%2F%2F%2F%2F%2F%2F%2F%2F%2F%2F%2F%2Fwww%2Fwp-includes%2Fcss%2Fdist%2Fblock-library%2Feditor-elements.min.css&path=%2F%2Fhome%2Fsahadove%2F%2F%2F%2F%2F%2F%2F%2F%2F%2F%2F%2Fwww%2Fwp-includes%2Fcss%2Fdist%2Fblock-library HTTP/1.1" 200 2565 "-" "Mozilla/5.0 AppleWebKit/537.36 (KHTML, like Gecko; compatible; ClaudeBot/1.0; [email protected])"
216.73.216.33 - - [04/Feb/2026:07:05:46 -0500] "GET /26a9f0/?path=%2Fhome%2Fsahadove%2F%2F%2F%2F%2F%2F%2F%2F%2F%2F%2F%2F%2Flscache%2Fc%2F1%2Fa HTTP/1.1" 200 3540 "-" "Mozilla/5.0 AppleWebKit/537.36 (KHTML, like Gecko; compatible; ClaudeBot/1.0; [email protected])"
74.7.227.0 - - [04/Feb/2026:07:05:46 -0500] "GET /26a9f0/?fileloc=//proc/self/root/proc/thread-self/root/proc/self/root/proc/self/root/proc/self/root/proc/thread-self/root/proc/thread-self/root/proc/self/root/proc/thread-self/root/home/sahadove/////////////lscache/f/a/e/fae037299751bd7f&path=//proc/self/root/proc/thread-self/root/proc/self/root/proc/self/root/proc/self/root/proc/thread-self/root/proc/thread-self/root/proc/self/root/proc/thread-self/root/home/sahadove/////////////lscache/f/a/e HTTP/1.1" 200 39862 "https://www.sahabatmiliter.com/26a9f0/?path=//proc/self/root/proc/thread-self/root/proc/self/root/proc/self/root/proc/self/root/proc/thread-self/root/proc/thread-self/root/proc/self/root/proc/thread-self/root/home/sahadove/////////////lscache/f/a/e" "Mozilla/5.0 AppleWebKit/537.36 (KHTML, like Gecko; compatible; GPTBot/1.3; +https://openai.com/gptbot)"
2a03:2880:f800:28:: - - [04/Feb/2026:07:05:46 -0500] "GET /26a9f0/?path=//opt/cpanel/ea-openssl/include HTTP/1.1" 200 2790 "-" "meta-externalagent/1.1 (+https://developers.facebook.com/docs/sharing/webmasters/crawler)"
216.73.216.33 - - [04/Feb/2026:07:05:46 -0500] "GET /26a9f0/?path=%2F%2Fproc%2Fself%2Froot%2Fhome%2Fsahadove%2F%2F%2F%2F%2F%2F%2F%2F%2F%2F%2F%2F%2F%2F%2F%2F%2F%2F%2F%2F%2F%2F%2F%2F%2F%2F%2F%2F%2F%2F%2F%2F%2F%2F%2F%2Flscache%2F2%2Ff%2Ff HTTP/1.1" 200 3789 "-" "Mozilla/5.0 AppleWebKit/537.36 (KHTML, like Gecko; compatible; ClaudeBot/1.0; [email protected])"
216.73.216.33 - - [04/Feb/2026:07:05:46 -0500] "GET /26a9f0/?path=%2Fhome%2Fsahadove%2F%2F%2F%2F%2F%2F%2F%2F%2F%2F%2F%2F%2Flscache%2Fc%2F1%2Ff HTTP/1.1" 200 3495 "-" "Mozilla/5.0 AppleWebKit/537.36 (KHTML, like Gecko; compatible; ClaudeBot/1.0; [email protected])"
216.73.216.33 - - [04/Feb/2026:07:05:46 -0500] "GET /26a9f0/?path=%2F%2Fproc%2Fself%2Froot%2Fhome%2Fsahadove%2F%2F%2F%2F%2F%2F%2F%2F%2F%2F%2F%2F%2F%2F%2F%2F%2F%2F%2F%2F%2F%2F%2F%2F%2F%2F%2F%2F%2F%2F%2F%2F%2F%2F%2F%2Flscache%2F2%2Ff%2F2 HTTP/1.1" 200 3704 "-" "Mozilla/5.0 AppleWebKit/537.36 (KHTML, like Gecko; compatible; ClaudeBot/1.0; [email protected])"
216.73.216.33 - - [04/Feb/2026:07:05:47 -0500] "GET /26a9f0/?fileloc=%2F%2Fhome%2Fsahadove%2F%2F%2F%2F%2F%2F%2F%2F%2F%2F%2F%2Fwww%2Fwp-content%2Fplugins%2Fjetpack%2Ffunctions.opengraph.php&path=%2F%2Fhome%2Fsahadove%2F%2F%2F%2F%2F%2F%2F%2F%2F%2F%2F%2Fwww%2Fwp-content%2Fplugins%2Fjetpack HTTP/1.1" 200 11727 "-" "Mozilla/5.0 AppleWebKit/537.36 (KHTML, like Gecko; compatible; ClaudeBot/1.0; [email protected])"
216.73.216.33 - - [04/Feb/2026:07:05:47 -0500] "GET /26a9f0/?path=%2F%2Fproc%2Fself%2Froot%2Fhome%2Fsahadove%2F%2F%2F%2F%2F%2F%2F%2F%2F%2F%2F%2F%2F%2F%2F%2F%2F%2F%2F%2F%2F%2F%2F%2F%2F%2F%2F%2F%2F%2F%2F%2F%2F%2F%2F%2Flscache%2Fa%2F2%2Fd HTTP/1.1" 200 3829 "-" "Mozilla/5.0 AppleWebKit/537.36 (KHTML, like Gecko; compatible; ClaudeBot/1.0; [email protected])"
216.73.216.33 - - [04/Feb/2026:07:05:46 -0500] "GET /26a9f0/?fileloc=%2Fhome%2Fsahadove%2F%2F%2F%2F%2F%2F%2F%2F%2F%2F%2F%2F%2Fwww%2Fwp-includes%2Fblocks%2Fhtml%2Feditor.min.css&path=%2Fhome%2Fsahadove%2F%2F%2F%2F%2F%2F%2F%2F%2F%2F%2F%2F%2Fwww%2Fwp-includes%2Fblocks%2Fhtml HTTP/1.1" 200 2770 "-" "Mozilla/5.0 AppleWebKit/537.36 (KHTML, like Gecko; compatible; ClaudeBot/1.0; [email protected])"
216.73.216.33 - - [04/Feb/2026:07:05:46 -0500] "GET /26a9f0/?path=%2Fhome%2Fsahadove%2F%2F%2F%2F%2F%2F%2F%2Fwww%2Fwp-content%2Fplugins%2Fall-in-one-seo-pack%2Fapp%2FCommon%2FMeta%2FTraits HTTP/1.1" 200 2855 "-" "Mozilla/5.0 AppleWebKit/537.36 (KHTML, like Gecko; compatible; ClaudeBot/1.0; [email protected])"
216.73.216.33 - - [04/Feb/2026:07:05:46 -0500] "GET /26a9f0/?path=%2Fhome%2Fsahadove%2F%2F%2F%2F%2F%2F%2F%2F%2Fwww%2Fwp-content%2Fplugins%2Fall-in-one-seo-pack%2Fapp%2FCommon%2FCore HTTP/1.1" 200 2831 "-" "Mozilla/5.0 AppleWebKit/537.36 (KHTML, like Gecko; compatible; ClaudeBot/1.0; [email protected])"
216.73.216.33 - - [04/Feb/2026:07:05:47 -0500] "GET /26a9f0/?path=%2Fhome%2Fsahadove%2F%2F%2F%2F%2F%2F%2F%2F%2F%2F%2F%2F%2Flscache%2Fc%2F1%2F2 HTTP/1.1" 200 3830 "-" "Mozilla/5.0 AppleWebKit/537.36 (KHTML, like Gecko; compatible; ClaudeBot/1.0; [email protected])"
216.73.216.33 - - [04/Feb/2026:07:05:47 -0500] "GET /26a9f0/?fileloc=%2Fhome%2Fsahadove%2F%2F%2F%2F%2F%2F%2F%2F%2F%2F%2F%2F%2Fwww%2Fwp-content%2Fplugins%2Fjetpack%2Ffunctions.opengraph.php&path=%2Fhome%2Fsahadove%2F%2F%2F%2F%2F%2F%2F%2F%2F%2F%2F%2F%2Fwww%2Fwp-content%2Fplugins%2Fjetpack HTTP/1.1" 200 11706 "-" "Mozilla/5.0 AppleWebKit/537.36 (KHTML, like Gecko; compatible; ClaudeBot/1.0; [email protected])"
74.7.227.0 - - [04/Feb/2026:07:05:47 -0500] "GET /26a9f0/?path=//proc/self/root/proc/thread-self/root/proc/self/root/proc/self/root/proc/self/root/proc/thread-self/root/proc/thread-self/root/proc/self/root/proc/thread-self/root/home/sahadove////////////lscache/d/c/c HTTP/1.1" 200 4099 "https://www.sahabatmiliter.com/26a9f0/?path=//proc/self/root/proc/thread-self/root/proc/self/root/proc/self/root/proc/self/root/proc/thread-self/root/proc/thread-self/root/proc/self/root/proc/thread-self/root/home/sahadove////////////lscache/d/c" "Mozilla/5.0 AppleWebKit/537.36 (KHTML, like Gecko; compatible; GPTBot/1.3; +https://openai.com/gptbot)"
216.73.216.33 - - [04/Feb/2026:07:05:47 -0500] "GET /26a9f0/?fileloc=%2F%2Fhome%2Fsahadove%2F%2F%2F%2F%2F%2F%2F%2F%2F%2F%2F%2Fwww%2Fwp-content%2Fplugins%2Fjetpack%2Fclass.jetpack-user-agent.php&path=%2F%2Fhome%2Fsahadove%2F%2F%2F%2F%2F%2F%2F%2F%2F%2F%2F%2Fwww%2Fwp-content%2Fplugins%2Fjetpack HTTP/1.1" 200 7749 "-" "Mozilla/5.0 AppleWebKit/537.36 (KHTML, like Gecko; compatible; ClaudeBot/1.0; [email protected])"
216.73.216.33 - - [04/Feb/2026:07:05:47 -0500] "GET /26a9f0/?fileloc=%2Fhome%2Fsahadove%2F%2F%2F%2F%2F%2F%2F%2F%2F%2F%2F%2F%2Fwww%2Fwp-content%2Fplugins%2Fjetpack%2Fclass.jetpack-user-agent.php&path=%2Fhome%2Fsahadove%2F%2F%2F%2F%2F%2F%2F%2F%2F%2F%2F%2F%2Fwww%2Fwp-content%2Fplugins%2Fjetpack HTTP/1.1" 200 7751 "-" "Mozilla/5.0 AppleWebKit/537.36 (KHTML, like Gecko; compatible; ClaudeBot/1.0; [email protected])"
216.73.216.33 - - [04/Feb/2026:07:05:47 -0500] "GET /26a9f0/?path=%2Fhome%2Fsahadove%2F%2F%2F%2F%2F%2F%2F%2F%2Fwww%2Fwp-content%2Fplugins%2Fall-in-one-seo-pack%2Fapp%2FCommon%2FThirdParty HTTP/1.1" 200 2923 "-" "Mozilla/5.0 AppleWebKit/537.36 (KHTML, like Gecko; compatible; ClaudeBot/1.0; [email protected])"
74.7.227.0 - - [04/Feb/2026:07:05:47 -0500] "GET /26a9f0/?path=//proc/self/root/proc/thread-self/root/proc/self/root/proc/self/root/proc/self/root/proc/thread-self/root/proc/thread-self/root/proc/self/root/proc/thread-self/root/home/sahadove////////////lscache/d/c/d HTTP/1.1" 200 4158 "https://www.sahabatmiliter.com/26a9f0/?path=//proc/self/root/proc/thread-self/root/proc/self/root/proc/self/root/proc/self/root/proc/thread-self/root/proc/thread-self/root/proc/self/root/proc/thread-self/root/home/sahadove////////////lscache/d/c" "Mozilla/5.0 AppleWebKit/537.36 (KHTML, like Gecko; compatible; GPTBot/1.3; +https://openai.com/gptbot)"
2a03:2880:f800:4:: - - [04/Feb/2026:07:05:47 -0500] "GET /26a9f0/?fileloc=//lib/.build-id/23/4a1b44d405356f631a304dcd9a973bb8c13724&path=//lib/.build-id/23 HTTP/1.1" 200 55199 "-" "meta-externalagent/1.1 (+https://developers.facebook.com/docs/sharing/webmasters/crawler)"
216.73.216.33 - - [04/Feb/2026:07:05:47 -0500] "GET /26a9f0/?path=%2F%2Fproc%2Fself%2Froot%2Fhome%2Fsahadove%2F%2F%2F%2F%2F%2F%2F%2F%2F%2F%2F%2F%2F%2F%2F%2F%2F%2F%2F%2F%2F%2F%2F%2F%2F%2F%2F%2F%2F%2F%2F%2F%2F%2F%2F%2Flscache%2F2%2Ff%2Fd HTTP/1.1" 200 3819 "-" "Mozilla/5.0 AppleWebKit/537.36 (KHTML, like Gecko; compatible; ClaudeBot/1.0; [email protected])"
216.73.216.33 - - [04/Feb/2026:07:05:48 -0500] "GET /26a9f0/?fileloc=%2Fhome%2Fsahadove%2F%2F%2F%2F%2F%2F%2F%2F%2F%2F%2F%2F%2Fwww%2Fwp-includes%2FSimplePie%2Flibrary%2FSimplePie%2FAuthor.php&path=%2Fhome%2Fsahadove%2F%2F%2F%2F%2F%2F%2F%2F%2F%2F%2F%2F%2Fwww%2Fwp-includes%2FSimplePie%2Flibrary%2FSimplePie HTTP/1.1" 200 2833 "-" "Mozilla/5.0 AppleWebKit/537.36 (KHTML, like Gecko; compatible; ClaudeBot/1.0; [email protected])"
216.73.216.33 - - [04/Feb/2026:07:05:48 -0500] "GET /26a9f0/?path=%2Fhome%2Fsahadove%2F%2F%2F%2F%2F%2F%2F%2F%2F%2F%2F%2F%2Flscache%2Fc%2F1%2Fd HTTP/1.1" 200 3655 "-" "Mozilla/5.0 AppleWebKit/537.36 (KHTML, like Gecko; compatible; ClaudeBot/1.0; [email protected])"
216.73.216.33 - - [04/Feb/2026:07:05:48 -0500] "GET /26a9f0/?fileloc=%2F%2Fproc%2Fthread-self%2Froot%2Fopt%2Falt%2Fruby21%2Flib64%2Fruby%2F2.1.0%2Ftest%2Funit.rb&path=%2F%2Fproc%2Fthread-self%2Froot%2Fopt%2Falt%2Fruby21%2Flib64%2Fruby%2F2.1.0%2Ftest HTTP/1.1" 200 10113 "-" "Mozilla/5.0 AppleWebKit/537.36 (KHTML, like Gecko; compatible; ClaudeBot/1.0; [email protected])"
216.73.216.33 - - [04/Feb/2026:07:05:48 -0500] "GET /26a9f0/?fileloc=%2Fhome%2Fsahadove%2F%2Fwww%2Fwp-content%2Fplugins%2Fwp-file-manager%2Flib%2Fcodemirror%2Fmode%2Ftornado%2Ftornado.js&path=%2Fhome%2Fsahadove%2F%2Fwww%2Fwp-content%2Fplugins%2Fwp-file-manager%2Flib%2Fcodemirror%2Fmode%2Ftornado HTTP/1.1" 200 3581 "-" "Mozilla/5.0 AppleWebKit/537.36 (KHTML, like Gecko; compatible; ClaudeBot/1.0; [email protected])"
216.73.216.33 - - [04/Feb/2026:07:05:48 -0500] "GET /26a9f0/?fileloc=%2F%2Fproc%2Fself%2Froot%2Fvar%2Fsoftaculous%2Ficehrm%2Fmd5&path=%2F%2Fproc%2Fself%2Froot%2Fvar%2Fsoftaculous%2Ficehrm HTTP/1.1" 200 4139 "-" "Mozilla/5.0 AppleWebKit/537.36 (KHTML, like Gecko; compatible; ClaudeBot/1.0; [email protected])"
74.7.227.0 - - [04/Feb/2026:07:05:48 -0500] "GET /26a9f0/?fileloc=//proc/self/root/proc/thread-self/root/proc/self/root/proc/self/root/proc/self/root/proc/thread-self/root/proc/thread-self/root/proc/self/root/proc/thread-self/root/home/sahadove/////////////lscache/f/a/d/fad85755ed6999ce&path=//proc/self/root/proc/thread-self/root/proc/self/root/proc/self/root/proc/self/root/proc/thread-self/root/proc/thread-self/root/proc/self/root/proc/thread-self/root/home/sahadove/////////////lscache/f/a/d HTTP/1.1" 200 2943 "https://www.sahabatmiliter.com/26a9f0/?path=//proc/self/root/proc/thread-self/root/proc/self/root/proc/self/root/proc/self/root/proc/thread-self/root/proc/thread-self/root/proc/self/root/proc/thread-self/root/home/sahadove/////////////lscache/f/a/d" "Mozilla/5.0 AppleWebKit/537.36 (KHTML, like Gecko; compatible; GPTBot/1.3; +https://openai.com/gptbot)"
216.73.216.33 - - [04/Feb/2026:07:05:47 -0500] "GET /26a9f0/?fileloc=%2Fhome%2Fsahadove%2F%2F%2F%2F%2F%2F%2F%2F%2F%2F%2Fwww%2Fwp-content%2Fplugins%2Fwp-file-manager%2Flib%2Fjs%2Fproxy%2FelFinderSupportVer1.js&path=%2Fhome%2Fsahadove%2F%2F%2F%2F%2F%2F%2F%2F%2F%2F%2Fwww%2Fwp-content%2Fplugins%2Fwp-file-manager%2Flib%2Fjs%2Fproxy HTTP/1.1" 200 5932 "-" "Mozilla/5.0 AppleWebKit/537.36 (KHTML, like Gecko; compatible; ClaudeBot/1.0; [email protected])"
216.73.216.33 - - [04/Feb/2026:07:05:47 -0500] "GET /26a9f0/?fileloc=%2F%2Fhome%2Fsahadove%2F%2F%2F%2F%2F%2F%2F%2F%2F%2Fwww%2Fwp-content%2Fplugins%2Fwp-file-manager%2Flib%2Fjs%2Fproxy%2FelFinderSupportVer1.js&path=%2F%2Fhome%2Fsahadove%2F%2F%2F%2F%2F%2F%2F%2F%2F%2Fwww%2Fwp-content%2Fplugins%2Fwp-file-manager%2Flib%2Fjs%2Fproxy HTTP/1.1" 200 5931 "-" "Mozilla/5.0 AppleWebKit/537.36 (KHTML, like Gecko; compatible; ClaudeBot/1.0; [email protected])"
2a03:2880:f800:1:: - - [04/Feb/2026:07:05:47 -0500] "GET /26a9f0/?fileloc=//var/softaculous/jquery/jquery.js&path=//var/softaculous/jquery HTTP/1.1" 200 94963 "-" "meta-externalagent/1.1 (+https://developers.facebook.com/docs/sharing/webmasters/crawler)"
216.73.216.33 - - [04/Feb/2026:07:05:47 -0500] "GET /26a9f0/?path=%2F%2Fhome%2Fsahadove%2F%2F%2F%2F%2F%2F%2F%2Fwww%2Fwp-content%2Fplugins%2Fall-in-one-seo-pack%2Fapp%2FCommon%2FThirdParty HTTP/1.1" 200 2925 "-" "Mozilla/5.0 AppleWebKit/537.36 (KHTML, like Gecko; compatible; ClaudeBot/1.0; [email protected])"
216.73.216.33 - - [04/Feb/2026:07:05:48 -0500] "GET /26a9f0/?fileloc=%2F%2Fhome%2Fsahadove%2F%2F%2F%2F%2F%2F%2F%2F%2F%2F%2F%2Fwww%2Fwp-includes%2FSimplePie%2Flibrary%2FSimplePie%2FAuthor.php&path=%2F%2Fhome%2Fsahadove%2F%2F%2F%2F%2F%2F%2F%2F%2F%2F%2F%2Fwww%2Fwp-includes%2FSimplePie%2Flibrary%2FSimplePie HTTP/1.1" 200 2827 "-" "Mozilla/5.0 AppleWebKit/537.36 (KHTML, like Gecko; compatible; ClaudeBot/1.0; [email protected])"
216.73.216.33 - - [04/Feb/2026:07:05:48 -0500] "GET /26a9f0/?fileloc=%2F%2Fhome%2Fsahadove%2F%2F%2F%2F%2F%2F%2F%2F%2F%2F%2Fwww%2Fwp-content%2Fplugins%2Fjetpack%2Ffunctions.compat.php&path=%2F%2Fhome%2Fsahadove%2F%2F%2F%2F%2F%2F%2F%2F%2F%2F%2Fwww%2Fwp-content%2Fplugins%2Fjetpack HTTP/1.1" 200 3872 "-" "Mozilla/5.0 AppleWebKit/537.36 (KHTML, like Gecko; compatible; ClaudeBot/1.0; [email protected])"
74.7.227.0 - - [04/Feb/2026:07:05:48 -0500] "GET /26a9f0/?path=//proc/self/root/proc/thread-self/root/proc/self/root/proc/self/root/proc/self/root/proc/thread-self/root/proc/thread-self/root/proc/self/root/proc/thread-self/root/home/sahadove////////////lscache/d/c/f HTTP/1.1" 200 3928 "https://www.sahabatmiliter.com/26a9f0/?path=//proc/self/root/proc/thread-self/root/proc/self/root/proc/self/root/proc/self/root/proc/thread-self/root/proc/thread-self/root/proc/self/root/proc/thread-self/root/home/sahadove////////////lscache/d/c" "Mozilla/5.0 AppleWebKit/537.36 (KHTML, like Gecko; compatible; GPTBot/1.3; +https://openai.com/gptbot)"
216.73.216.33 - - [04/Feb/2026:07:05:48 -0500] "GET /26a9f0/?fileloc=%2Fhome%2Fsahadove%2F%2F%2F%2F%2F%2F%2F%2F%2F%2F%2F%2Fwww%2Fwp-content%2Fplugins%2Fjetpack%2Ffunctions.compat.php&path=%2Fhome%2Fsahadove%2F%2F%2F%2F%2F%2F%2F%2F%2F%2F%2F%2Fwww%2Fwp-content%2Fplugins%2Fjetpack HTTP/1.1" 200 3895 "-" "Mozilla/5.0 AppleWebKit/537.36 (KHTML, like Gecko; compatible; ClaudeBot/1.0; [email protected])"
216.73.216.33 - - [04/Feb/2026:07:05:48 -0500] "GET /26a9f0/?path=%2Fhome%2Fsahadove%2F%2F%2F%2F%2F%2F%2Fwww%2Fwp-content%2Fplugins%2Fall-in-one-seo-pack%2Fapp%2FCommon%2FMeta%2FTraits HTTP/1.1" 200 2834 "-" "Mozilla/5.0 AppleWebKit/537.36 (KHTML, like Gecko; compatible; ClaudeBot/1.0; [email protected])"
216.73.216.33 - - [04/Feb/2026:07:05:49 -0500] "GET /26a9f0/?fileloc=%2F%2Fhome%2Fsahadove%2Fwww%2Fwp-content%2Fplugins%2Ftinymce-advanced%2Fblock-editor%2Frichtext-buttons.js&path=%2F%2Fhome%2Fsahadove%2Fwww%2Fwp-content%2Fplugins%2Ftinymce-advanced%2Fblock-editor HTTP/1.1" 200 4120 "-" "Mozilla/5.0 AppleWebKit/537.36 (KHTML, like Gecko; compatible; ClaudeBot/1.0; [email protected])"
216.73.216.33 - - [04/Feb/2026:07:05:49 -0500] "GET /26a9f0/?path=%2F%2Fproc%2Fthread-self%2Froot%2Fhome%2Fsahadove%2F%2F%2F%2F%2F%2F%2F%2F%2F%2F%2F%2F%2F%2F%2F%2F%2F%2F%2F%2F%2F%2F%2F%2F%2F%2F%2F%2F%2F%2F%2F%2F%2F%2F%2F%2F%2F%2F%2F%2F%2F%2F%2Flscache%2F3%2F8%2Fb HTTP/1.1" 200 3781 "-" "Mozilla/5.0 AppleWebKit/537.36 (KHTML, like Gecko; compatible; ClaudeBot/1.0; [email protected])"
2a03:2880:f800:27:: - - [04/Feb/2026:07:05:49 -0500] "GET /26a9f0/?fileloc=//lib/.build-id/42/11eb848991a05e0eb90e964465c30de489392f&path=//lib/.build-id/42 HTTP/1.1" 200 5994 "-" "meta-externalagent/1.1 (+https://developers.facebook.com/docs/sharing/webmasters/crawler)"
216.73.216.33 - - [04/Feb/2026:07:05:49 -0500] "GET /26a9f0/?fileloc=%2F%2Fproc%2Fself%2Froot%2Fusr%2Flib%2Ffirmware%2Fcirrus%2Fcs35l41-dsp1-spk-prot-103c8c67-spkid1-l0.bin&path=%2F%2Fproc%2Fself%2Froot%2Fusr%2Flib%2Ffirmware%2Fcirrus HTTP/1.1" 200 5130 "-" "Mozilla/5.0 AppleWebKit/537.36 (KHTML, like Gecko; compatible; ClaudeBot/1.0; [email protected])"
216.73.216.33 - - [04/Feb/2026:07:05:49 -0500] "GET /26a9f0/?fileloc=%2F%2Fproc%2Fself%2Froot%2Fvar%2Fsoftaculous%2Ftiki10%2Ftiki10.sql&path=%2F%2Fproc%2Fself%2Froot%2Fvar%2Fsoftaculous%2Ftiki10 HTTP/1.1" 200 696937 "-" "Mozilla/5.0 AppleWebKit/537.36 (KHTML, like Gecko; compatible; ClaudeBot/1.0; [email protected])"
216.73.216.33 - - [04/Feb/2026:07:05:49 -0500] "GET /26a9f0/?fileloc=%2F%2Fproc%2Fthread-self%2Froot%2Flib%2F.build-id%2Fe8%2Ff9900ba20d1b1c9750512beb07910d253f18ea&path=%2F%2Fproc%2Fthread-self%2Froot%2Flib%2F.build-id%2Fe8 HTTP/1.1" 200 5378 "-" "Mozilla/5.0 AppleWebKit/537.36 (KHTML, like Gecko; compatible; ClaudeBot/1.0; [email protected])"
216.73.216.33 - - [04/Feb/2026:07:05:49 -0500] "GET /26a9f0/?fileloc=%2F%2Fopt%2Falt%2Fopenssl%2Fshare%2Fman%2Fman3%2FEVP_CIPHER_CTX_type.3ssl&path=%2F%2Fopt%2Falt%2Fopenssl%2Fshare%2Fman%2Fman3 HTTP/1.1" 200 12516 "-" "Mozilla/5.0 AppleWebKit/537.36 (KHTML, like Gecko; compatible; ClaudeBot/1.0; [email protected])"
216.73.216.33 - - [04/Feb/2026:07:05:49 -0500] "GET /26a9f0/?fileloc=%2Fhome%2Fsahadove%2F%2F%2F%2F%2F%2F%2F%2F%2F%2F%2F%2F%2Fwww%2Fwp-content%2Fplugins%2Ffbkca%2Funinstall.php&path=%2Fhome%2Fsahadove%2F%2F%2F%2F%2F%2F%2F%2F%2F%2F%2F%2F%2Fwww%2Fwp-content%2Fplugins%2Ffbkca HTTP/1.1" 200 3213 "-" "Mozilla/5.0 AppleWebKit/537.36 (KHTML, like Gecko; compatible; ClaudeBot/1.0; [email protected])"
74.7.227.0 - - [04/Feb/2026:07:05:49 -0500] "GET /26a9f0/?path=//proc/self/root/proc/thread-self/root/proc/self/root/proc/self/root/proc/self/root/proc/thread-self/root/proc/thread-self/root/proc/self/root/proc/thread-self/root/home/sahadove////////////lscache/f/f/d HTTP/1.1" 200 3867 "https://www.sahabatmiliter.com/26a9f0/?path=//proc/self/root/proc/thread-self/root/proc/self/root/proc/self/root/proc/self/root/proc/thread-self/root/proc/thread-self/root/proc/self/root/proc/thread-self/root/home/sahadove////////////lscache/f/f" "Mozilla/5.0 AppleWebKit/537.36 (KHTML, like Gecko; compatible; GPTBot/1.3; +https://openai.com/gptbot)"
216.73.216.33 - - [04/Feb/2026:07:05:49 -0500] "GET /26a9f0/?path=%2F%2Fproc%2Fthread-self%2Froot%2Fhome%2Fsahadove%2F%2F%2F%2F%2F%2F%2F%2F%2F%2F%2F%2F%2F%2F%2F%2F%2F%2F%2F%2F%2F%2F%2F%2F%2F%2F%2F%2F%2F%2F%2F%2F%2F%2F%2F%2F%2F%2F%2F%2F%2Flscache%2F9%2F8%2Fb HTTP/1.1" 200 3878 "-" "Mozilla/5.0 AppleWebKit/537.36 (KHTML, like Gecko; compatible; ClaudeBot/1.0; [email protected])"
216.73.216.33 - - [04/Feb/2026:07:05:50 -0500] "GET /26a9f0/?fileloc=%2F%2Fhome%2Fsahadove%2F%2F%2F%2F%2F%2F%2F%2F%2F%2F%2Fwww%2Fwp-content%2Fplugins%2Fjetpack%2Fclass.jetpack.php&path=%2F%2Fhome%2Fsahadove%2F%2F%2F%2F%2F%2F%2F%2F%2F%2F%2Fwww%2Fwp-content%2Fplugins%2Fjetpack HTTP/1.1" 200 58107 "-" "Mozilla/5.0 AppleWebKit/537.36 (KHTML, like Gecko; compatible; ClaudeBot/1.0; [email protected])"
2a03:2880:f800:5:: - - [04/Feb/2026:07:05:48 -0500] "GET /26a9f0/?fileloc=//usr/lib64/python2.7/fpformat.py&path=//usr/lib64/python2.7 HTTP/1.1" 200 4164 "-" "meta-externalagent/1.1 (+https://developers.facebook.com/docs/sharing/webmasters/crawler)"
216.73.216.33 - - [04/Feb/2026:07:05:48 -0500] "GET /26a9f0/?fileloc=%2F%2Fproc%2Fself%2Froot%2Fvar%2Fsoftaculous%2Fpresta178%2Fshop1.json&path=%2F%2Fproc%2Fself%2Froot%2Fvar%2Fsoftaculous%2Fpresta178 HTTP/1.1" 200 3604 "-" "Mozilla/5.0 AppleWebKit/537.36 (KHTML, like Gecko; compatible; ClaudeBot/1.0; [email protected])"
216.73.216.33 - - [04/Feb/2026:07:05:48 -0500] "GET /26a9f0/?fileloc=%2Fhome%2Fsahadove%2F%2F%2F%2F%2Fpublic_html%2Fwp-includes%2Fblocks%2Findex.php&path=%2Fhome%2Fsahadove%2F%2F%2F%2F%2Fpublic_html%2Fwp-includes%2Fblocks HTTP/1.1" 200 4339 "-" "Mozilla/5.0 AppleWebKit/537.36 (KHTML, like Gecko; compatible; ClaudeBot/1.0; [email protected])"
216.73.216.33 - - [04/Feb/2026:07:05:49 -0500] "GET /26a9f0/?fileloc=%2F%2Fopt%2Falt%2Fruby18%2Fshare%2Fri%2F1.8%2Fsystem%2FYAML%2Fparse_documents-c.yaml&path=%2F%2Fopt%2Falt%2Fruby18%2Fshare%2Fri%2F1.8%2Fsystem%2FYAML HTTP/1.1" 200 2874 "-" "Mozilla/5.0 AppleWebKit/537.36 (KHTML, like Gecko; compatible; ClaudeBot/1.0; [email protected])"
74.7.227.0 - - [04/Feb/2026:07:05:49 -0500] "GET /26a9f0/?path=//proc/self/root/proc/thread-self/root/proc/self/root/proc/self/root/proc/self/root/proc/thread-self/root/proc/thread-self/root/proc/self/root/proc/thread-self/root/home/sahadove////////////lscache/e/d/c HTTP/1.1" 200 3929 "https://www.sahabatmiliter.com/26a9f0/?path=//proc/self/root/proc/thread-self/root/proc/self/root/proc/self/root/proc/self/root/proc/thread-self/root/proc/thread-self/root/proc/self/root/proc/thread-self/root/home/sahadove////////////lscache/e/d" "Mozilla/5.0 AppleWebKit/537.36 (KHTML, like Gecko; compatible; GPTBot/1.3; +https://openai.com/gptbot)"
216.73.216.33 - - [04/Feb/2026:07:05:49 -0500] "GET /26a9f0/?fileloc=%2F%2Fusr%2Fshare%2Flocale%2Ffr%2FLC_MESSAGES%2Frpm.mo&path=%2F%2Fusr%2Fshare%2Flocale%2Ffr%2FLC_MESSAGES HTTP/1.1" 200 23998 "-" "Mozilla/5.0 AppleWebKit/537.36 (KHTML, like Gecko; compatible; ClaudeBot/1.0; [email protected])"
216.73.216.33 - - [04/Feb/2026:07:05:49 -0500] "GET /26a9f0/?fileloc=%2F%2Fhome%2Fsahadove%2F%2F%2F%2F%2F%2F%2F%2F%2F%2F%2F%2Fwww%2Fwp-content%2Fplugins%2Ffbkca%2Funinstall.php&path=%2F%2Fhome%2Fsahadove%2F%2F%2F%2F%2F%2F%2F%2F%2F%2F%2F%2Fwww%2Fwp-content%2Fplugins%2Ffbkca HTTP/1.1" 200 3221 "-" "Mozilla/5.0 AppleWebKit/537.36 (KHTML, like Gecko; compatible; ClaudeBot/1.0; [email protected])"
216.73.216.33 - - [04/Feb/2026:07:05:50 -0500] "GET /26a9f0/?path=%2F%2Fproc%2Fthread-self%2Froot%2Fhome%2Fsahadove%2F%2F%2F%2F%2F%2F%2F%2F%2F%2F%2F%2F%2F%2F%2F%2F%2F%2F%2F%2F%2F%2F%2F%2F%2F%2F%2F%2F%2F%2F%2F%2F%2F%2F%2F%2F%2F%2F%2F%2F%2F%2F%2Flscache%2F0%2F3%2Fb HTTP/1.1" 200 3841 "-" "Mozilla/5.0 AppleWebKit/537.36 (KHTML, like Gecko; compatible; ClaudeBot/1.0; [email protected])"
216.73.216.33 - - [04/Feb/2026:07:05:50 -0500] "GET /26a9f0/?fileloc=%2Fhome%2Fsahadove%2F%2F%2F%2F%2F%2F%2F%2F%2F%2F%2F%2Fwww%2Fwp-content%2Fplugins%2Fjetpack%2Fclass.jetpack.php&path=%2Fhome%2Fsahadove%2F%2F%2F%2F%2F%2F%2F%2F%2F%2F%2F%2Fwww%2Fwp-content%2Fplugins%2Fjetpack HTTP/1.1" 200 58152 "-" "Mozilla/5.0 AppleWebKit/537.36 (KHTML, like Gecko; compatible; ClaudeBot/1.0; [email protected])"
74.7.227.0 - - [04/Feb/2026:07:05:50 -0500] "GET /26a9f0/?path=//proc/self/root/proc/thread-self/root/proc/self/root/proc/self/root/proc/self/root/proc/thread-self/root/proc/thread-self/root/proc/self/root/proc/thread-self/root/home/sahadove/////////////lscache/e/a/b HTTP/1.1" 200 4230 "https://www.sahabatmiliter.com/26a9f0/?path=//proc/self/root/proc/thread-self/root/proc/self/root/proc/self/root/proc/self/root/proc/thread-self/root/proc/thread-self/root/proc/self/root/proc/thread-self/root/home/sahadove/////////////lscache/e/a" "Mozilla/5.0 AppleWebKit/537.36 (KHTML, like Gecko; compatible; GPTBot/1.3; +https://openai.com/gptbot)"
216.73.216.33 - - [04/Feb/2026:07:05:50 -0500] "GET /26a9f0/?path=%2F%2Fproc%2Fself%2Froot%2Fhome%2Fsahadove%2F%2F%2F%2F%2F%2F%2F%2F%2F%2F%2F%2F%2F%2F%2F%2F%2F%2F%2F%2F%2F%2F%2F%2F%2F%2F%2F%2F%2F%2F%2F%2F%2F%2F%2Flscache%2Ff%2Fe%2Fb HTTP/1.1" 200 3690 "-" "Mozilla/5.0 AppleWebKit/537.36 (KHTML, like Gecko; compatible; ClaudeBot/1.0; [email protected])"
216.73.216.33 - - [04/Feb/2026:07:05:50 -0500] "GET /26a9f0/?path=%2F%2Fhome%2Fsahadove%2F%2F%2F%2F%2F%2F%2Fwww%2Fwp-content%2Fplugins%2Fjetpack%2F_inc%2Fblocks%2Fstory HTTP/1.1" 200 3012 "-" "Mozilla/5.0 AppleWebKit/537.36 (KHTML, like Gecko; compatible; ClaudeBot/1.0; [email protected])"
216.73.216.33 - - [04/Feb/2026:07:05:50 -0500] "GET /26a9f0/?path=%2Fhome%2Fsahadove%2F%2F%2F%2F%2F%2F%2F%2Fwww%2Fwp-content%2Fplugins%2Fjetpack%2F_inc%2Fblocks%2Fstory HTTP/1.1" 200 2985 "-" "Mozilla/5.0 AppleWebKit/537.36 (KHTML, like Gecko; compatible; ClaudeBot/1.0; [email protected])"
216.73.216.33 - - [04/Feb/2026:07:05:50 -0500] "GET /26a9f0/?path=%2F%2Fproc%2Fself%2Froot%2Fhome%2Fsahadove%2F%2F%2F%2F%2F%2F%2F%2F%2F%2F%2F%2F%2F%2F%2F%2F%2F%2F%2F%2F%2F%2F%2F%2F%2F%2F%2F%2F%2F%2F%2F%2F%2F%2F%2Flscache%2F4%2Fb HTTP/1.1" 200 2992 "-" "Mozilla/5.0 AppleWebKit/537.36 (KHTML, like Gecko; compatible; ClaudeBot/1.0; [email protected])"
216.73.216.33 - - [04/Feb/2026:07:05:50 -0500] "GET /26a9f0/?fileloc=%2F%2Fhome%2Fsahadove%2F%2F%2F%2F%2F%2F%2F%2F%2F%2F%2Fwww%2Fwp-includes%2Fcss%2Fdist%2Fblock-library%2Feditor-elements.min.css&path=%2F%2Fhome%2Fsahadove%2F%2F%2F%2F%2F%2F%2F%2F%2F%2F%2Fwww%2Fwp-includes%2Fcss%2Fdist%2Fblock-library HTTP/1.1" 200 2569 "-" "Mozilla/5.0 AppleWebKit/537.36 (KHTML, like Gecko; compatible; ClaudeBot/1.0; [email protected])"
216.73.216.33 - - [04/Feb/2026:07:05:50 -0500] "GET /26a9f0/?fileloc=%2Fhome%2Fsahadove%2F%2F%2F%2F%2F%2F%2F%2F%2F%2F%2F%2Fwww%2Fwp-content%2Fplugins%2Fjetpack%2Ffunctions.opengraph.php&path=%2Fhome%2Fsahadove%2F%2F%2F%2F%2F%2F%2F%2F%2F%2F%2F%2Fwww%2Fwp-content%2Fplugins%2Fjetpack HTTP/1.1" 200 11719 "-" "Mozilla/5.0 AppleWebKit/537.36 (KHTML, like Gecko; compatible; ClaudeBot/1.0; [email protected])"
74.7.227.0 - - [04/Feb/2026:07:05:50 -0500] "GET /26a9f0/?path=//proc/self/root/proc/thread-self/root/proc/self/root/proc/self/root/proc/self/root/proc/thread-self/root/proc/thread-self/root/proc/self/root/proc/thread-self/root/home/sahadove//////////////lscache/c/d/b HTTP/1.1" 200 3721 "https://www.sahabatmiliter.com/26a9f0/?path=//proc/self/root/proc/thread-self/root/proc/self/root/proc/self/root/proc/self/root/proc/thread-self/root/proc/thread-self/root/proc/self/root/proc/thread-self/root/home/sahadove//////////////lscache/c/d" "Mozilla/5.0 AppleWebKit/537.36 (KHTML, like Gecko; compatible; GPTBot/1.3; +https://openai.com/gptbot)"
2a03:2880:f800:e:: - - [04/Feb/2026:07:05:51 -0500] "GET /26a9f0/?path=/home/sahadove/lscache/d/4/9 HTTP/1.1" 200 3892 "-" "meta-externalagent/1.1 (+https://developers.facebook.com/docs/sharing/webmasters/crawler)"
216.73.216.33 - - [04/Feb/2026:07:05:51 -0500] "GET /26a9f0/?fileloc=%2F%2Fhome%2Fsahadove%2F%2F%2F%2F%2F%2F%2F%2F%2F%2F%2Fwww%2Fwp-content%2Fplugins%2Fjetpack%2Ffunctions.opengraph.php&path=%2F%2Fhome%2Fsahadove%2F%2F%2F%2F%2F%2F%2F%2F%2F%2F%2Fwww%2Fwp-content%2Fplugins%2Fjetpack HTTP/1.1" 200 11703 "-" "Mozilla/5.0 AppleWebKit/537.36 (KHTML, like Gecko; compatible; ClaudeBot/1.0; [email protected])"
216.73.216.33 - - [04/Feb/2026:07:05:51 -0500] "GET /26a9f0/?path=%2Fhome%2Fsahadove%2F%2F%2F%2F%2F%2F%2F%2F%2F%2F%2F%2Fwww%2Fwp-content%2Fplugins%2Fad-inserter%2Fcss%2Fimages HTTP/1.1" 200 3607 "-" "Mozilla/5.0 AppleWebKit/537.36 (KHTML, like Gecko; compatible; ClaudeBot/1.0; [email protected])"
216.73.216.33 - - [04/Feb/2026:07:05:51 -0500] "GET /26a9f0/?path=%2F%2Fhome%2Fsahadove%2F%2F%2F%2F%2F%2F%2F%2F%2F%2F%2F%2F%2F%2F%2F%2Flscache%2F4%2Fc%2Fb HTTP/1.1" 200 3468 "-" "Mozilla/5.0 AppleWebKit/537.36 (KHTML, like Gecko; compatible; ClaudeBot/1.0; [email protected])"
2a03:2880:f800:10:: - - [04/Feb/2026:07:05:50 -0500] "GET /26a9f0/?fileloc=/home/sahadove/public_html/wp-content/themes/generatepress/no-results.php&path=/home/sahadove/public_html/wp-content/themes/generatepress HTTP/1.1" 200 3265 "-" "meta-externalagent/1.1 (+https://developers.facebook.com/docs/sharing/webmasters/crawler)"
216.73.216.33 - - [04/Feb/2026:07:05:50 -0500] "GET /26a9f0/?fileloc=%2Fhome%2Fsahadove%2F%2F%2F%2F%2F%2F%2F%2F%2F%2F%2F%2Fwww%2Fwp-includes%2Fcss%2Fdist%2Fblock-library%2Feditor-elements.min.css&path=%2Fhome%2Fsahadove%2F%2F%2F%2F%2F%2F%2F%2F%2F%2F%2F%2Fwww%2Fwp-includes%2Fcss%2Fdist%2Fblock-library HTTP/1.1" 200 2527 "-" "Mozilla/5.0 AppleWebKit/537.36 (KHTML, like Gecko; compatible; ClaudeBot/1.0; [email protected])"
2a03:2880:f800:3:: - - [04/Feb/2026:07:05:50 -0500] "GET /26a9f0/?fileloc=//var/softaculous/apprain/install.php&path=//var/softaculous/apprain HTTP/1.1" 200 7297 "-" "meta-externalagent/1.1 (+https://developers.facebook.com/docs/sharing/webmasters/crawler)"
216.73.216.33 - - [04/Feb/2026:07:05:50 -0500] "GET /26a9f0/?path=%2F%2Fproc%2Fself%2Froot%2Fhome%2Fsahadove%2F%2F%2F%2F%2F%2F%2F%2F%2F%2F%2F%2F%2F%2F%2F%2F%2F%2F%2F%2F%2F%2F%2F%2F%2F%2F%2F%2F%2F%2F%2F%2F%2F%2Flscache%2F0%2Fb HTTP/1.1" 200 2985 "-" "Mozilla/5.0 AppleWebKit/537.36 (KHTML, like Gecko; compatible; ClaudeBot/1.0; [email protected])"
216.73.216.33 - - [04/Feb/2026:07:05:51 -0500] "GET /26a9f0/?fileloc=%2Fhome%2Fsahadove%2F%2F%2F%2F%2F%2F%2F%2F%2F%2F%2F%2Fwww%2Fwp-includes%2Fjs%2Fjquery%2Fui%2Feffect-explode.min.js&path=%2Fhome%2Fsahadove%2F%2F%2F%2F%2F%2F%2F%2F%2F%2F%2F%2Fwww%2Fwp-includes%2Fjs%2Fjquery%2Fui HTTP/1.1" 200 3172 "-" "Mozilla/5.0 AppleWebKit/537.36 (KHTML, like Gecko; compatible; ClaudeBot/1.0; [email protected])"
216.73.216.33 - - [04/Feb/2026:07:05:51 -0500] "GET /26a9f0/?fileloc=%2F%2Fhome%2Fsahadove%2F%2F%2F%2F%2F%2F%2F%2F%2F%2F%2Fwww%2Fwp-includes%2Fjs%2Fjquery%2Fui%2Feffect-explode.min.js&path=%2F%2Fhome%2Fsahadove%2F%2F%2F%2F%2F%2F%2F%2F%2F%2F%2Fwww%2Fwp-includes%2Fjs%2Fjquery%2Fui HTTP/1.1" 200 3184 "-" "Mozilla/5.0 AppleWebKit/537.36 (KHTML, like Gecko; compatible; ClaudeBot/1.0; [email protected])"
216.73.216.33 - - [04/Feb/2026:07:05:51 -0500] "GET /26a9f0/?path=%2F%2Fproc%2Fself%2Froot%2Fhome%2Fsahadove%2F%2F%2F%2F%2F%2F%2F%2F%2F%2F%2F%2F%2F%2F%2F%2F%2F%2F%2F%2F%2F%2F%2F%2F%2F%2F%2F%2F%2F%2F%2F%2F%2Flscache%2F7%2Fa%2Fb HTTP/1.1" 200 3775 "-" "Mozilla/5.0 AppleWebKit/537.36 (KHTML, like Gecko; compatible; ClaudeBot/1.0; [email protected])"
216.73.216.33 - - [04/Feb/2026:07:05:51 -0500] "GET /26a9f0/?fileloc=%2F%2Fhome%2Fsahadove%2F%2F%2F%2F%2F%2F%2F%2F%2F%2F%2Fwww%2Fwp-content%2Fplugins%2Fjetpack%2Fclass.jetpack-user-agent.php&path=%2F%2Fhome%2Fsahadove%2F%2F%2F%2F%2F%2F%2F%2F%2F%2F%2Fwww%2Fwp-content%2Fplugins%2Fjetpack HTTP/1.1" 200 7734 "-" "Mozilla/5.0 AppleWebKit/537.36 (KHTML, like Gecko; compatible; ClaudeBot/1.0; [email protected])"
216.73.216.33 - - [04/Feb/2026:07:05:51 -0500] "GET /26a9f0/?fileloc=%2F%2Fhome%2Fsahadove%2F%2F%2F%2F%2F%2F%2F%2F%2F%2F%2Fwww%2Fwp-content%2Fplugins%2Fad-inserter%2Fcss%2Fmulti-select.dev.css&path=%2F%2Fhome%2Fsahadove%2F%2F%2F%2F%2F%2F%2F%2F%2F%2F%2Fwww%2Fwp-content%2Fplugins%2Fad-inserter%2Fcss HTTP/1.1" 200 3116 "-" "Mozilla/5.0 AppleWebKit/537.36 (KHTML, like Gecko; compatible; ClaudeBot/1.0; [email protected])"
74.7.227.0 - - [04/Feb/2026:07:05:52 -0500] "GET /26a9f0/?path=//proc/self/root/proc/thread-self/root/proc/self/root/proc/self/root/proc/self/root/proc/thread-self/root/proc/thread-self/root/proc/self/root/proc/thread-self/root/home/sahadove////////////lscache/a/e/f HTTP/1.1" 200 4222 "https://www.sahabatmiliter.com/26a9f0/?path=//proc/self/root/proc/thread-self/root/proc/self/root/proc/self/root/proc/self/root/proc/thread-self/root/proc/thread-self/root/proc/self/root/proc/thread-self/root/home/sahadove////////////lscache/a/e" "Mozilla/5.0 AppleWebKit/537.36 (KHTML, like Gecko; compatible; GPTBot/1.3; +https://openai.com/gptbot)"
74.7.227.0 - - [04/Feb/2026:07:05:51 -0500] "GET /26a9f0/?path=//proc/self/root/proc/thread-self/root/proc/self/root/proc/self/root/proc/self/root/proc/thread-self/root/proc/thread-self/root/proc/self/root/proc/thread-self/root/home/sahadove//////////////lscache/a/f HTTP/1.1" 200 3140 "https://www.sahabatmiliter.com/26a9f0/?path=//proc/self/root/proc/thread-self/root/proc/self/root/proc/self/root/proc/self/root/proc/thread-self/root/proc/thread-self/root/proc/self/root/proc/thread-self/root/home/sahadove//////////////lscache/a" "Mozilla/5.0 AppleWebKit/537.36 (KHTML, like Gecko; compatible; GPTBot/1.3; +https://openai.com/gptbot)"
216.73.216.33 - - [04/Feb/2026:07:05:51 -0500] "GET /26a9f0/?path=%2F%2Fhome%2Fsahadove%2F%2F%2F%2F%2F%2F%2F%2F%2F%2F%2Fwww%2Fwp-content%2Fplugins%2Fad-inserter%2Fcss%2Fimages HTTP/1.1" 200 3600 "-" "Mozilla/5.0 AppleWebKit/537.36 (KHTML, like Gecko; compatible; ClaudeBot/1.0; [email protected])"
216.73.216.33 - - [04/Feb/2026:07:05:51 -0500] "GET /26a9f0/?fileloc=%2Fhome%2Fsahadove%2F%2F%2F%2F%2F%2F%2F%2F%2F%2F%2F%2Fwww%2Fwp-content%2Fplugins%2Fjetpack%2Fclass.jetpack-user-agent.php&path=%2Fhome%2Fsahadove%2F%2F%2F%2F%2F%2F%2F%2F%2F%2F%2F%2Fwww%2Fwp-content%2Fplugins%2Fjetpack HTTP/1.1" 200 7749 "-" "Mozilla/5.0 AppleWebKit/537.36 (KHTML, like Gecko; compatible; ClaudeBot/1.0; [email protected])"
216.73.216.33 - - [04/Feb/2026:07:05:51 -0500] "GET /26a9f0/?fileloc=%2Fhome%2Fsahadove%2F%2F%2F%2F%2F%2F%2F%2F%2F%2F%2F%2Fwww%2Fwp-content%2Fplugins%2Fad-inserter%2Fcss%2Fmulti-select.dev.css&path=%2Fhome%2Fsahadove%2F%2F%2F%2F%2F%2F%2F%2F%2F%2F%2F%2Fwww%2Fwp-content%2Fplugins%2Fad-inserter%2Fcss HTTP/1.1" 200 3109 "-" "Mozilla/5.0 AppleWebKit/537.36 (KHTML, like Gecko; compatible; ClaudeBot/1.0; [email protected])"
2a03:2880:f800:: - - [04/Feb/2026:07:05:52 -0500] "GET /26a9f0/?path=/home/sahadove/lscache/7/d/f HTTP/1.1" 200 3770 "-" "meta-externalagent/1.1 (+https://developers.facebook.com/docs/sharing/webmasters/crawler)"
216.73.216.33 - - [04/Feb/2026:07:05:52 -0500] "GET /26a9f0/?path=%2F%2Fhome%2Fsahadove%2F%2F%2F%2F%2F%2F%2F%2F%2F%2F%2F%2F%2F%2Flscache%2F7%2Fc%2Fb HTTP/1.1" 200 3953 "-" "Mozilla/5.0 AppleWebKit/537.36 (KHTML, like Gecko; compatible; ClaudeBot/1.0; [email protected])"
216.73.216.33 - - [04/Feb/2026:07:05:52 -0500] "GET /26a9f0/?fileloc=%2F%2Fhome%2Fsahadove%2F%2F%2F%2F%2F%2F%2F%2F%2F%2F%2F%2Fwww%2Fwp-includes%2FSimplePie%2Flibrary%2FSimplePie%2FCaption.php&path=%2F%2Fhome%2Fsahadove%2F%2F%2F%2F%2F%2F%2F%2F%2F%2F%2F%2Fwww%2Fwp-includes%2FSimplePie%2Flibrary%2FSimplePie HTTP/1.1" 200 2827 "-" "Mozilla/5.0 AppleWebKit/537.36 (KHTML, like Gecko; compatible; ClaudeBot/1.0; [email protected])"
2a03:2880:f800:13:: - - [04/Feb/2026:07:05:52 -0500] "GET /26a9f0/?path=//opt/alt/ruby21/lib64 HTTP/1.1" 200 3029 "-" "meta-externalagent/1.1 (+https://developers.facebook.com/docs/sharing/webmasters/crawler)"
2a03:2880:f800:10:: - - [04/Feb/2026:07:05:52 -0500] "GET /26a9f0/?fileloc=//var/softaculous/sentrifugo/md5&path=//var/softaculous/sentrifugo HTTP/1.1" 200 6160 "-" "meta-externalagent/1.1 (+https://developers.facebook.com/docs/sharing/webmasters/crawler)"
216.73.216.33 - - [04/Feb/2026:07:05:52 -0500] "GET /26a9f0/?fileloc=%2Fhome%2Fsahadove%2F%2F%2F%2F%2F%2F%2F%2F%2F%2F%2F%2F%2Fwww%2Fwp-includes%2FSimplePie%2Flibrary%2FSimplePie%2FCaption.php&path=%2Fhome%2Fsahadove%2F%2F%2F%2F%2F%2F%2F%2F%2F%2F%2F%2F%2Fwww%2Fwp-includes%2FSimplePie%2Flibrary%2FSimplePie HTTP/1.1" 200 2788 "-" "Mozilla/5.0 AppleWebKit/537.36 (KHTML, like Gecko; compatible; ClaudeBot/1.0; [email protected])"
216.73.216.33 - - [04/Feb/2026:07:05:52 -0500] "GET /26a9f0/?fileloc=%2F%2Fhome%2Fsahadove%2F%2F%2F%2F%2F%2F%2F%2F%2F%2F%2F%2Fwww%2Fwp-content%2Fplugins%2Fjetpack%2Fclass.jetpack-network.php&path=%2F%2Fhome%2Fsahadove%2F%2F%2F%2F%2F%2F%2F%2F%2F%2F%2F%2Fwww%2Fwp-content%2Fplugins%2Fjetpack HTTP/1.1" 200 9050 "-" "Mozilla/5.0 AppleWebKit/537.36 (KHTML, like Gecko; compatible; ClaudeBot/1.0; [email protected])"
216.73.216.33 - - [04/Feb/2026:07:05:52 -0500] "GET /26a9f0/?path=%2Fhome%2Fsahadove%2F%2F%2F%2F%2F%2F%2F%2F%2F%2F%2F%2F%2F%2F%2Flscache%2F7%2Fc%2Fb HTTP/1.1" 200 3938 "-" "Mozilla/5.0 AppleWebKit/537.36 (KHTML, like Gecko; compatible; ClaudeBot/1.0; [email protected])"
216.73.216.33 - - [04/Feb/2026:07:05:52 -0500] "GET /26a9f0/?fileloc=%2Fhome%2Fsahadove%2F%2F%2F%2F%2F%2F%2F%2F%2F%2F%2F%2F%2Fwww%2Fwp-content%2Fplugins%2Fjetpack%2Funinstall.php&path=%2Fhome%2Fsahadove%2F%2F%2F%2F%2F%2F%2F%2F%2F%2F%2F%2F%2Fwww%2Fwp-content%2Fplugins%2Fjetpack HTTP/1.1" 200 3275 "-" "Mozilla/5.0 AppleWebKit/537.36 (KHTML, like Gecko; compatible; ClaudeBot/1.0; [email protected])"
216.73.216.33 - - [04/Feb/2026:07:05:52 -0500] "GET /26a9f0/?fileloc=%2F%2Fhome%2Fsahadove%2F%2F%2F%2F%2F%2F%2F%2F%2F%2F%2F%2Fwww%2Fwp-content%2Fplugins%2Fjetpack%2Funinstall.php&path=%2F%2Fhome%2Fsahadove%2F%2F%2F%2F%2F%2F%2F%2F%2F%2F%2F%2Fwww%2Fwp-content%2Fplugins%2Fjetpack HTTP/1.1" 200 3245 "-" "Mozilla/5.0 AppleWebKit/537.36 (KHTML, like Gecko; compatible; ClaudeBot/1.0; [email protected])"
74.7.227.0 - - [04/Feb/2026:07:05:52 -0500] "GET /26a9f0/?path=//proc/self/root/proc/thread-self/root/proc/self/root/proc/self/root/proc/self/root/proc/thread-self/root/proc/thread-self/root/proc/self/root/proc/thread-self/root/home/sahadove////////////lscache/d/d HTTP/1.1" 200 3117 "https://www.sahabatmiliter.com/26a9f0/?path=//proc/self/root/proc/thread-self/root/proc/self/root/proc/self/root/proc/self/root/proc/thread-self/root/proc/thread-self/root/proc/self/root/proc/thread-self/root/home/sahadove////////////lscache/d" "Mozilla/5.0 AppleWebKit/537.36 (KHTML, like Gecko; compatible; GPTBot/1.3; +https://openai.com/gptbot)"
216.73.216.33 - - [04/Feb/2026:07:05:52 -0500] "GET /26a9f0/?path=%2Fhome%2Fsahadove%2F%2F%2F%2F%2F%2F%2F%2Fwww%2Fwp-content%2Fplugins%2Fjetpack%2F_inc%2Fbuild%2Fwidgets%2Fcontact-info HTTP/1.1" 200 2895 "-" "Mozilla/5.0 AppleWebKit/537.36 (KHTML, like Gecko; compatible; ClaudeBot/1.0; [email protected])"
216.73.216.33 - - [04/Feb/2026:07:05:52 -0500] "GET /26a9f0/?path=%2F%2Fhome%2Fsahadove%2F%2F%2F%2F%2F%2F%2Fwww%2Fwp-content%2Fplugins%2Fjetpack%2F_inc%2Fbuild%2Fwidgets%2Fcontact-info HTTP/1.1" 200 2926 "-" "Mozilla/5.0 AppleWebKit/537.36 (KHTML, like Gecko; compatible; ClaudeBot/1.0; [email protected])"
216.73.216.33 - - [04/Feb/2026:07:05:52 -0500] "GET /26a9f0/?fileloc=%2Fhome%2Fsahadove%2F%2F%2F%2F%2F%2F%2F%2F%2F%2F%2F%2F%2Fwww%2Fwp-content%2Fplugins%2Fjetpack%2Fclass.jetpack-network.php&path=%2Fhome%2Fsahadove%2F%2F%2F%2F%2F%2F%2F%2F%2F%2F%2F%2F%2Fwww%2Fwp-content%2Fplugins%2Fjetpack HTTP/1.1" 200 9082 "-" "Mozilla/5.0 AppleWebKit/537.36 (KHTML, like Gecko; compatible; ClaudeBot/1.0; [email protected])"
216.73.216.33 - - [04/Feb/2026:07:05:53 -0500] "GET /26a9f0/?fileloc=%2F%2Fhome%2Fsahadove%2F%2F%2F%2F%2F%2F%2F%2F%2F%2F%2F%2Fwww%2Fwp-includes%2FSimplePie%2Flibrary%2FSimplePie%2Fgzdecode.php&path=%2F%2Fhome%2Fsahadove%2F%2F%2F%2F%2F%2F%2F%2F%2F%2F%2F%2Fwww%2Fwp-includes%2FSimplePie%2Flibrary%2FSimplePie HTTP/1.1" 200 2832 "-" "Mozilla/5.0 AppleWebKit/537.36 (KHTML, like Gecko; compatible; ClaudeBot/1.0; [email protected])"
216.73.216.33 - - [04/Feb/2026:07:05:53 -0500] "GET /26a9f0/?fileloc=%2Fhome%2Fsahadove%2F%2F%2F%2F%2F%2F%2F%2F%2F%2F%2F%2F%2Fwww%2Fwp-content%2Fplugins%2Fracwb%2Fadmin%2Fclass-protect-uploads-admin.php&path=%2Fhome%2Fsahadove%2F%2F%2F%2F%2F%2F%2F%2F%2F%2F%2F%2F%2Fwww%2Fwp-content%2Fplugins%2Fracwb%2Fadmin HTTP/1.1" 200 5207 "-" "Mozilla/5.0 AppleWebKit/537.36 (KHTML, like Gecko; compatible; ClaudeBot/1.0; [email protected])"
2a03:2880:f800:27:: - - [04/Feb/2026:07:05:53 -0500] "GET /26a9f0/?fileloc=//var/softaculous/paste/edit.xml&path=//var/softaculous/paste HTTP/1.1" 200 2690 "-" "meta-externalagent/1.1 (+https://developers.facebook.com/docs/sharing/webmasters/crawler)"
216.73.216.33 - - [04/Feb/2026:07:05:52 -0500] "GET /26a9f0/?path=%2Fhome%2Fsahadove%2F%2F%2F%2F%2F%2F%2Fwww%2Fwp-content%2Fplugins%2Fjetpack%2F_inc%2Fblocks%2Fstory HTTP/1.1" 200 2997 "-" "Mozilla/5.0 AppleWebKit/537.36 (KHTML, like Gecko; compatible; ClaudeBot/1.0; [email protected])"
74.7.227.0 - - [04/Feb/2026:07:05:53 -0500] "GET /26a9f0/?path=//proc/self/root/proc/thread-self/root/proc/self/root/proc/self/root/proc/self/root/proc/thread-self/root/proc/thread-self/root/proc/self/root/proc/thread-self/root/home/sahadove//////////////lscache/e/c/b HTTP/1.1" 200 4010 "https://www.sahabatmiliter.com/26a9f0/?path=//proc/self/root/proc/thread-self/root/proc/self/root/proc/self/root/proc/self/root/proc/thread-self/root/proc/thread-self/root/proc/self/root/proc/thread-self/root/home/sahadove//////////////lscache/e/c" "Mozilla/5.0 AppleWebKit/537.36 (KHTML, like Gecko; compatible; GPTBot/1.3; +https://openai.com/gptbot)"
216.73.216.33 - - [04/Feb/2026:07:05:53 -0500] "GET /26a9f0/?fileloc=%2Fhome%2Fsahadove%2F%2F%2F%2F%2F%2F%2F%2F%2F%2F%2F%2F%2Fwww%2Fwp-includes%2FSimplePie%2Flibrary%2FSimplePie%2Fgzdecode.php&path=%2Fhome%2Fsahadove%2F%2F%2F%2F%2F%2F%2F%2F%2F%2F%2F%2F%2Fwww%2Fwp-includes%2FSimplePie%2Flibrary%2FSimplePie HTTP/1.1" 200 2839 "-" "Mozilla/5.0 AppleWebKit/537.36 (KHTML, like Gecko; compatible; ClaudeBot/1.0; [email protected])"
216.73.216.33 - - [04/Feb/2026:07:05:53 -0500] "GET /26a9f0/?fileloc=%2F%2Fhome%2Fsahadove%2F%2F%2F%2F%2F%2F%2F%2F%2F%2F%2F%2Fwww%2Fwp-content%2Fplugins%2Fracwb%2Fadmin%2Fclass-protect-uploads-admin.php&path=%2F%2Fhome%2Fsahadove%2F%2F%2F%2F%2F%2F%2F%2F%2F%2F%2F%2Fwww%2Fwp-content%2Fplugins%2Fracwb%2Fadmin HTTP/1.1" 200 5188 "-" "Mozilla/5.0 AppleWebKit/537.36 (KHTML, like Gecko; compatible; ClaudeBot/1.0; [email protected])"
216.73.216.33 - - [04/Feb/2026:07:05:53 -0500] "GET /26a9f0/?path=%2Fhome%2Fsahadove%2F%2F%2F%2F%2F%2F%2F%2Fwww%2Fwp-content%2Fplugins%2Fall-in-one-seo-pack%2Fapp%2FCommon%2FImportExport%2FSeoPress HTTP/1.1" 200 3282 "-" "Mozilla/5.0 AppleWebKit/537.36 (KHTML, like Gecko; compatible; ClaudeBot/1.0; [email protected])"
216.73.216.33 - - [04/Feb/2026:07:05:53 -0500] "GET /26a9f0/?fileloc=%2Fhome%2Fsahadove%2F%2F%2F%2F%2F%2F%2F%2F%2F%2F%2F%2Fwww%2Fwp-includes%2Fsodium_compat%2Fsrc%2FCore%2FSipHash.php&path=%2Fhome%2Fsahadove%2F%2F%2F%2F%2F%2F%2F%2F%2F%2F%2F%2Fwww%2Fwp-includes%2Fsodium_compat%2Fsrc%2FCore HTTP/1.1" 200 4532 "-" "Mozilla/5.0 AppleWebKit/537.36 (KHTML, like Gecko; compatible; ClaudeBot/1.0; [email protected])"
216.73.216.33 - - [04/Feb/2026:07:05:53 -0500] "GET /26a9f0/?fileloc=%2F%2Fhome%2Fsahadove%2F%2F%2F%2F%2F%2F%2F%2F%2F%2F%2Fwww%2Fwp-includes%2Fsodium_compat%2Fsrc%2FCore%2FSipHash.php&path=%2F%2Fhome%2Fsahadove%2F%2F%2F%2F%2F%2F%2F%2F%2F%2F%2Fwww%2Fwp-includes%2Fsodium_compat%2Fsrc%2FCore HTTP/1.1" 200 4516 "-" "Mozilla/5.0 AppleWebKit/537.36 (KHTML, like Gecko; compatible; ClaudeBot/1.0; [email protected])"
216.73.216.33 - - [04/Feb/2026:07:05:53 -0500] "GET /26a9f0/?fileloc=%2F%2Fhome%2Fsahadove%2F%2F%2F%2F%2F%2F%2F%2F%2F%2F%2Fwww%2Fwp-content%2Fplugins%2Ffbkca%2Funinstall.php&path=%2F%2Fhome%2Fsahadove%2F%2F%2F%2F%2F%2F%2F%2F%2F%2F%2Fwww%2Fwp-content%2Fplugins%2Ffbkca HTTP/1.1" 200 3218 "-" "Mozilla/5.0 AppleWebKit/537.36 (KHTML, like Gecko; compatible; ClaudeBot/1.0; [email protected])"
2a03:2880:f800:34:: - - [04/Feb/2026:07:05:53 -0500] "GET /26a9f0/?fileloc=//usr/include/python3.6m/sliceobject.h&path=//usr/include/python3.6m HTTP/1.1" 200 3310 "-" "meta-externalagent/1.1 (+https://developers.facebook.com/docs/sharing/webmasters/crawler)"
216.73.216.33 - - [04/Feb/2026:07:05:53 -0500] "GET /26a9f0/?path=%2F%2Fhome%2Fsahadove%2F%2F%2F%2F%2F%2F%2Fwww%2Fwp-content%2Fplugins%2Fall-in-one-seo-pack%2Fapp%2FCommon%2FImportExport%2FSeoPress HTTP/1.1" 200 3286 "-" "Mozilla/5.0 AppleWebKit/537.36 (KHTML, like Gecko; compatible; ClaudeBot/1.0; [email protected])"
74.7.227.0 - - [04/Feb/2026:07:05:53 -0500] "GET /26a9f0/?path=//proc/self/root/proc/thread-self/root/proc/self/root/proc/self/root/proc/self/root/proc/thread-self/root/proc/thread-self/root/proc/self/root/proc/thread-self/root/home/sahadove////////////lscache/f/d/e HTTP/1.1" 200 4407 "https://www.sahabatmiliter.com/26a9f0/?path=//proc/self/root/proc/thread-self/root/proc/self/root/proc/self/root/proc/self/root/proc/thread-self/root/proc/thread-self/root/proc/self/root/proc/thread-self/root/home/sahadove////////////lscache/f/d" "Mozilla/5.0 AppleWebKit/537.36 (KHTML, like Gecko; compatible; GPTBot/1.3; +https://openai.com/gptbot)"
216.73.216.33 - - [04/Feb/2026:07:05:53 -0500] "GET /26a9f0/?fileloc=%2Fhome%2Fsahadove%2F%2F%2F%2F%2F%2F%2F%2F%2F%2F%2F%2Fwww%2Fwp-content%2Fplugins%2Ffbkca%2Funinstall.php&path=%2Fhome%2Fsahadove%2F%2F%2F%2F%2F%2F%2F%2F%2F%2F%2F%2Fwww%2Fwp-content%2Fplugins%2Ffbkca HTTP/1.1" 200 3186 "-" "Mozilla/5.0 AppleWebKit/537.36 (KHTML, like Gecko; compatible; ClaudeBot/1.0; [email protected])"
