216.73.216.33 - - [04/Feb/2026:07:05:54 -0500] "GET /26a9f0/?path=%2Fhome%2Fsahadove%2F%2F%2F%2F%2F%2F%2F%2Fwww%2Fwp-content%2Fplugins%2Fjetpack%2Fjetpack_vendor%2Fautomattic%2Fjetpack-compat%2Flib HTTP/1.1" 200 2891 "-" "Mozilla/5.0 AppleWebKit/537.36 (KHTML, like Gecko; compatible; ClaudeBot/1.0; [email protected])"
216.73.216.33 - - [04/Feb/2026:07:05:54 -0500] "GET /26a9f0/?path=%2F%2Fhome%2Fsahadove%2F%2F%2F%2F%2F%2F%2Fwww%2Fwp-content%2Fplugins%2Fjetpack%2Fjetpack_vendor%2Fautomattic%2Fjetpack-compat%2Flib HTTP/1.1" 200 2887 "-" "Mozilla/5.0 AppleWebKit/537.36 (KHTML, like Gecko; compatible; ClaudeBot/1.0; [email protected])"
216.73.216.33 - - [04/Feb/2026:07:05:54 -0500] "GET /26a9f0/?fileloc=%2F%2Fhome%2Fsahadove%2F%2F%2F%2F%2F%2F%2F%2F%2F%2F%2F%2Fwww%2Fwp-content%2Fplugins%2Fjetpack%2Fjson-api-config.php&path=%2F%2Fhome%2Fsahadove%2F%2F%2F%2F%2F%2F%2F%2F%2F%2F%2F%2Fwww%2Fwp-content%2Fplugins%2Fjetpack HTTP/1.1" 200 2675 "-" "Mozilla/5.0 AppleWebKit/537.36 (KHTML, like Gecko; compatible; ClaudeBot/1.0; [email protected])"
216.73.216.33 - - [04/Feb/2026:07:05:54 -0500] "GET /26a9f0/?fileloc=%2Fhome%2Fsahadove%2F%2F%2F%2F%2F%2F%2F%2F%2F%2F%2F%2F%2Fwww%2Fwp-content%2Fplugins%2Fjetpack%2Fjson-api-config.php&path=%2Fhome%2Fsahadove%2F%2F%2F%2F%2F%2F%2F%2F%2F%2F%2F%2F%2Fwww%2Fwp-content%2Fplugins%2Fjetpack HTTP/1.1" 200 2721 "-" "Mozilla/5.0 AppleWebKit/537.36 (KHTML, like Gecko; compatible; ClaudeBot/1.0; [email protected])"
2a03:2880:f800:8:: - - [04/Feb/2026:07:05:54 -0500] "GET /26a9f0/?fileloc=//lib/.build-id/27/48fc4ba79cd7c90a45ddb24b1b6b57a2ae0344&path=//lib/.build-id/27 HTTP/1.1" 200 20690 "-" "meta-externalagent/1.1 (+https://developers.facebook.com/docs/sharing/webmasters/crawler)"
74.7.227.0 - - [04/Feb/2026:07:05:54 -0500] "GET /26a9f0/?path=//proc/self/root/proc/thread-self/root/proc/self/root/proc/self/root/proc/self/root/proc/thread-self/root/proc/thread-self/root/proc/self/root/proc/thread-self/root/home/sahadove/////////////lscache/f/d/e HTTP/1.1" 200 4578 "https://www.sahabatmiliter.com/26a9f0/?path=//proc/self/root/proc/thread-self/root/proc/self/root/proc/self/root/proc/self/root/proc/thread-self/root/proc/thread-self/root/proc/self/root/proc/thread-self/root/home/sahadove/////////////lscache/f/d" "Mozilla/5.0 AppleWebKit/537.36 (KHTML, like Gecko; compatible; GPTBot/1.3; +https://openai.com/gptbot)"
216.73.216.33 - - [04/Feb/2026:07:05:53 -0500] "GET /26a9f0/?fileloc=%2F%2Fproc%2Fself%2Froot%2Fhome%2Fsahadove%2F%2F%2F%2F%2F%2F%2F%2F%2F%2F%2F%2F%2F%2F%2F%2F%2F%2F%2F%2F%2F%2F%2F%2F%2F%2F%2F%2F%2F%2F%2F%2Fwww%2Fwp-includes%2FRequests%2Fsrc%2FPort.php&path=%2F%2Fproc%2Fself%2Froot%2Fhome%2Fsahadove%2F%2F%2F%2F%2F%2F%2F%2F%2F%2F%2F%2F%2F%2F%2F%2F%2F%2F%2F%2F%2F%2F%2F%2F%2F%2F%2F%2F%2F%2F%2F%2Fwww%2Fwp-includes%2FRequests%2Fsrc HTTP/1.1" 200 3119 "-" "Mozilla/5.0 AppleWebKit/537.36 (KHTML, like Gecko; compatible; ClaudeBot/1.0; [email protected])"
74.7.227.0 - - [04/Feb/2026:07:05:54 -0500] "GET /26a9f0/?path=//proc/self/root/proc/thread-self/root/proc/self/root/proc/self/root/proc/self/root/proc/thread-self/root/proc/thread-self/root/proc/self/root/proc/thread-self/root/home/sahadove////////////lscache/a/e/c HTTP/1.1" 200 3908 "https://www.sahabatmiliter.com/26a9f0/?path=//proc/self/root/proc/thread-self/root/proc/self/root/proc/self/root/proc/self/root/proc/thread-self/root/proc/thread-self/root/proc/self/root/proc/thread-self/root/home/sahadove////////////lscache/a/e" "Mozilla/5.0 AppleWebKit/537.36 (KHTML, like Gecko; compatible; GPTBot/1.3; +https://openai.com/gptbot)"
216.73.216.33 - - [04/Feb/2026:07:05:54 -0500] "GET /26a9f0/?fileloc=%2Fhome%2Fsahadove%2F%2F%2F%2F%2F%2F%2Fwww%2Fwp-content%2Fplugins%2Fjetpack%2Fvendor%2Fcomposer%2Fautoload_classmap.php&path=%2Fhome%2Fsahadove%2F%2F%2F%2F%2F%2F%2Fwww%2Fwp-content%2Fplugins%2Fjetpack%2Fvendor%2Fcomposer HTTP/1.1" 200 10333 "-" "Mozilla/5.0 AppleWebKit/537.36 (KHTML, like Gecko; compatible; ClaudeBot/1.0; [email protected])"
216.73.216.33 - - [04/Feb/2026:07:05:54 -0500] "GET /26a9f0/?path=%2Fhome%2Fsahadove%2F%2F%2F%2F%2F%2F%2F%2Fwww%2Fwp-content%2Fplugins%2Fjetpack%2F_inc%2Fbuild%2Fwidgets%2Feu-cookie-law HTTP/1.1" 200 3012 "-" "Mozilla/5.0 AppleWebKit/537.36 (KHTML, like Gecko; compatible; ClaudeBot/1.0; [email protected])"
216.73.216.33 - - [04/Feb/2026:07:05:54 -0500] "GET /26a9f0/?path=%2F%2Fhome%2Fsahadove%2F%2F%2F%2F%2F%2F%2Fwww%2Fwp-content%2Fplugins%2Fjetpack%2F_inc%2Fbuild%2Fwidgets%2Feu-cookie-law HTTP/1.1" 200 2979 "-" "Mozilla/5.0 AppleWebKit/537.36 (KHTML, like Gecko; compatible; ClaudeBot/1.0; [email protected])"
216.73.216.33 - - [04/Feb/2026:07:05:54 -0500] "GET /26a9f0/?path=%2F%2Fhome%2Fsahadove%2F%2F%2F%2F%2F%2F%2Fwww%2Fwp-content%2Fplugins%2Fjetpack%2F_inc%2Fblocks%2Fcontact-info HTTP/1.1" 200 2997 "-" "Mozilla/5.0 AppleWebKit/537.36 (KHTML, like Gecko; compatible; ClaudeBot/1.0; [email protected])"
216.73.216.33 - - [04/Feb/2026:07:05:54 -0500] "GET /26a9f0/?path=%2Fhome%2Fsahadove%2F%2F%2F%2F%2F%2F%2F%2Fwww%2Fwp-content%2Fplugins%2Fjetpack%2F_inc%2Fblocks%2Fcontact-info HTTP/1.1" 200 2998 "-" "Mozilla/5.0 AppleWebKit/537.36 (KHTML, like Gecko; compatible; ClaudeBot/1.0; [email protected])"
216.73.216.33 - - [04/Feb/2026:07:05:54 -0500] "GET /26a9f0/?path=%2F%2Fproc%2Fself%2Froot%2Fhome%2Fsahadove%2F%2F%2F%2F%2F%2F%2F%2F%2F%2F%2F%2F%2F%2F%2F%2F%2F%2F%2F%2F%2F%2F%2F%2F%2F%2F%2F%2F%2F%2F%2F%2F%2F%2F%2F%2Flscache%2Ff%2Fa%2Fb HTTP/1.1" 200 3780 "-" "Mozilla/5.0 AppleWebKit/537.36 (KHTML, like Gecko; compatible; ClaudeBot/1.0; [email protected])"
216.73.216.33 - - [04/Feb/2026:07:05:55 -0500] "GET /26a9f0/?path=%2F%2Fproc%2Fself%2Froot%2Fhome%2Fsahadove%2F%2F%2F%2F%2F%2F%2F%2F%2F%2F%2F%2F%2F%2F%2F%2F%2F%2F%2F%2F%2F%2F%2F%2F%2F%2F%2F%2F%2F%2F%2F%2F%2F%2F%2F%2Flscache%2Fa%2Ff%2Fb HTTP/1.1" 200 3742 "-" "Mozilla/5.0 AppleWebKit/537.36 (KHTML, like Gecko; compatible; ClaudeBot/1.0; [email protected])"
216.73.216.33 - - [04/Feb/2026:07:05:55 -0500] "GET /26a9f0/?path=%2Fhome%2Fsahadove%2F%2F%2F%2F%2F%2F%2F%2Fwww%2Fwp-content%2Fplugins%2Fjetpack%2F_inc%2Fblocks%2Fpodcast-player HTTP/1.1" 200 3034 "-" "Mozilla/5.0 AppleWebKit/537.36 (KHTML, like Gecko; compatible; ClaudeBot/1.0; [email protected])"
216.73.216.33 - - [04/Feb/2026:07:05:55 -0500] "GET /26a9f0/?path=%2Fhome%2Fsahadove%2F%2F%2F%2F%2F%2F%2F%2Fwww%2Fwp-content%2Fplugins%2Fall-in-one-seo-pack%2Fapp%2FCommon%2FImportExport%2FYoastSeo HTTP/1.1" 200 3092 "-" "Mozilla/5.0 AppleWebKit/537.36 (KHTML, like Gecko; compatible; ClaudeBot/1.0; [email protected])"
216.73.216.33 - - [04/Feb/2026:07:05:55 -0500] "GET /26a9f0/?path=%2Fhome%2Fsahadove%2F%2F%2F%2F%2F%2F%2F%2F%2F%2F%2F%2F%2F%2F%2F%2F%2Flscache%2F7%2Ff%2Fb HTTP/1.1" 200 3389 "-" "Mozilla/5.0 AppleWebKit/537.36 (KHTML, like Gecko; compatible; ClaudeBot/1.0; [email protected])"
216.73.216.33 - - [04/Feb/2026:07:05:55 -0500] "GET /26a9f0/?path=%2F%2Fhome%2Fsahadove%2F%2F%2F%2F%2F%2F%2F%2F%2F%2F%2F%2F%2F%2F%2F%2Flscache%2F7%2Ff%2Fb HTTP/1.1" 200 3390 "-" "Mozilla/5.0 AppleWebKit/537.36 (KHTML, like Gecko; compatible; ClaudeBot/1.0; [email protected])"
74.7.227.0 - - [04/Feb/2026:07:05:55 -0500] "GET /26a9f0/?path=//proc/self/root/proc/thread-self/root/proc/self/root/proc/self/root/proc/self/root/proc/thread-self/root/proc/thread-self/root/proc/self/root/proc/thread-self/root/home/sahadove//////////////lscache/a/c/f HTTP/1.1" 200 4346 "https://www.sahabatmiliter.com/26a9f0/?path=//proc/self/root/proc/thread-self/root/proc/self/root/proc/self/root/proc/self/root/proc/thread-self/root/proc/thread-self/root/proc/self/root/proc/thread-self/root/home/sahadove//////////////lscache/a/c" "Mozilla/5.0 AppleWebKit/537.36 (KHTML, like Gecko; compatible; GPTBot/1.3; +https://openai.com/gptbot)"
216.73.216.33 - - [04/Feb/2026:07:05:55 -0500] "GET /26a9f0/?fileloc=%2Fhome%2Fsahadove%2F%2F%2F%2F%2F%2F%2F%2F%2F%2F%2F%2Fwww%2Fwp-content%2Fplugins%2Fjetpack%2Funinstall.php&path=%2Fhome%2Fsahadove%2F%2F%2F%2F%2F%2F%2F%2F%2F%2F%2F%2Fwww%2Fwp-content%2Fplugins%2Fjetpack HTTP/1.1" 200 3246 "-" "Mozilla/5.0 AppleWebKit/537.36 (KHTML, like Gecko; compatible; ClaudeBot/1.0; [email protected])"
216.73.216.33 - - [04/Feb/2026:07:05:55 -0500] "GET /26a9f0/?path=%2F%2Fproc%2Fself%2Froot%2Fhome%2Fsahadove%2F%2F%2F%2F%2F%2F%2F%2F%2F%2F%2F%2F%2F%2F%2F%2F%2F%2F%2F%2F%2F%2F%2F%2F%2F%2F%2F%2F%2F%2F%2F%2F%2F%2F%2F%2Flscache%2Fa%2F2%2Fb HTTP/1.1" 200 3709 "-" "Mozilla/5.0 AppleWebKit/537.36 (KHTML, like Gecko; compatible; ClaudeBot/1.0; [email protected])"
216.73.216.33 - - [04/Feb/2026:07:05:55 -0500] "GET /26a9f0/?path=%2Fhome%2Fsahadove%2F%2F%2F%2F%2F%2F%2Fwww%2Fwp-content%2Fplugins%2Fall-in-one-seo-pack%2Fapp%2FCommon%2FImportExport%2FSeoPress HTTP/1.1" 200 3206 "-" "Mozilla/5.0 AppleWebKit/537.36 (KHTML, like Gecko; compatible; ClaudeBot/1.0; [email protected])"
216.73.216.33 - - [04/Feb/2026:07:05:56 -0500] "GET /26a9f0/?path=%2Fhome%2Fsahadove%2F%2F%2F%2F%2F%2F%2F%2F%2F%2F%2F%2Fwww%2Fwp-content%2Fplugins%2Fad-inserter%2Fincludes%2Face HTTP/1.1" 200 5098 "-" "Mozilla/5.0 AppleWebKit/537.36 (KHTML, like Gecko; compatible; ClaudeBot/1.0; [email protected])"
74.7.227.0 - - [04/Feb/2026:07:05:56 -0500] "GET /26a9f0/?fileloc=//proc/self/root/proc/thread-self/root/proc/self/root/proc/self/root/proc/self/root/proc/thread-self/root/proc/thread-self/root/proc/self/root/proc/thread-self/root/home/sahadove/////////////lscache/e/a/b/eab0ff1141da2e9c&path=//proc/self/root/proc/thread-self/root/proc/self/root/proc/self/root/proc/self/root/proc/thread-self/root/proc/thread-self/root/proc/self/root/proc/thread-self/root/home/sahadove/////////////lscache/e/a/b HTTP/1.1" 200 39860 "https://www.sahabatmiliter.com/26a9f0/?path=//proc/self/root/proc/thread-self/root/proc/self/root/proc/self/root/proc/self/root/proc/thread-self/root/proc/thread-self/root/proc/self/root/proc/thread-self/root/home/sahadove/////////////lscache/e/a/b" "Mozilla/5.0 AppleWebKit/537.36 (KHTML, like Gecko; compatible; GPTBot/1.3; +https://openai.com/gptbot)"
2a03:2880:f800:44:: - - [04/Feb/2026:07:05:56 -0500] "GET /26a9f0/?fileloc=//lib/.build-id/ec/35e0ec06149f986ec1724584d81e1b13d759fc&path=//lib/.build-id/ec HTTP/1.1" 200 14341 "-" "meta-externalagent/1.1 (+https://developers.facebook.com/docs/sharing/webmasters/crawler)"
216.73.216.33 - - [04/Feb/2026:07:05:54 -0500] "GET /26a9f0/?fileloc=%2F%2Fproc%2Fself%2Froot%2Fhome%2Fsahadove%2F%2F%2F%2F%2F%2F%2F%2F%2F%2F%2F%2F%2F%2F%2F%2F%2F%2F%2F%2F%2F%2F%2F%2F%2F%2F%2F%2F%2F%2F%2F%2Fwww%2Fwp-includes%2FRequests%2Fsrc%2FAuth.php&path=%2F%2Fproc%2Fself%2Froot%2Fhome%2Fsahadove%2F%2F%2F%2F%2F%2F%2F%2F%2F%2F%2F%2F%2F%2F%2F%2F%2F%2F%2F%2F%2F%2F%2F%2F%2F%2F%2F%2F%2F%2F%2F%2Fwww%2Fwp-includes%2FRequests%2Fsrc HTTP/1.1" 200 2922 "-" "Mozilla/5.0 AppleWebKit/537.36 (KHTML, like Gecko; compatible; ClaudeBot/1.0; [email protected])"
2a03:2880:f800:2a:: - - [04/Feb/2026:07:05:54 -0500] "GET /26a9f0/?fileloc=//usr/lib64/gconv/IBM273.so&path=//usr/lib64/gconv HTTP/1.1" 200 7707 "-" "meta-externalagent/1.1 (+https://developers.facebook.com/docs/sharing/webmasters/crawler)"
74.7.227.0 - - [04/Feb/2026:07:05:55 -0500] "GET /26a9f0/?path=//proc/self/root/proc/thread-self/root/proc/self/root/proc/self/root/proc/self/root/proc/thread-self/root/proc/thread-self/root/proc/self/root/proc/thread-self/root/home/sahadove//////////////lscache/c/d/a HTTP/1.1" 200 4146 "https://www.sahabatmiliter.com/26a9f0/?path=//proc/self/root/proc/thread-self/root/proc/self/root/proc/self/root/proc/self/root/proc/thread-self/root/proc/thread-self/root/proc/self/root/proc/thread-self/root/home/sahadove//////////////lscache/c/d" "Mozilla/5.0 AppleWebKit/537.36 (KHTML, like Gecko; compatible; GPTBot/1.3; +https://openai.com/gptbot)"
216.73.216.33 - - [04/Feb/2026:07:05:55 -0500] "GET /26a9f0/?path=%2F%2Fhome%2Fsahadove%2F%2F%2F%2F%2F%2F%2Fwww%2Fwp-content%2Fplugins%2Fjetpack%2F_inc%2Fblocks%2Fpodcast-player HTTP/1.1" 200 3011 "-" "Mozilla/5.0 AppleWebKit/537.36 (KHTML, like Gecko; compatible; ClaudeBot/1.0; [email protected])"
216.73.216.33 - - [04/Feb/2026:07:05:55 -0500] "GET /26a9f0/?path=%2F%2Fhome%2Fsahadove%2F%2F%2F%2F%2F%2F%2Fwww%2Fwp-content%2Fplugins%2Fall-in-one-seo-pack%2Fapp%2FCommon%2FImportExport%2FYoastSeo HTTP/1.1" 200 3114 "-" "Mozilla/5.0 AppleWebKit/537.36 (KHTML, like Gecko; compatible; ClaudeBot/1.0; [email protected])"
216.73.216.33 - - [04/Feb/2026:07:05:55 -0500] "GET /26a9f0/?fileloc=%2F%2Fhome%2Fsahadove%2F%2F%2F%2F%2F%2F%2F%2F%2F%2F%2Fwww%2Fwp-content%2Fplugins%2Fjetpack%2Funinstall.php&path=%2F%2Fhome%2Fsahadove%2F%2F%2F%2F%2F%2F%2F%2F%2F%2F%2Fwww%2Fwp-content%2Fplugins%2Fjetpack HTTP/1.1" 200 3276 "-" "Mozilla/5.0 AppleWebKit/537.36 (KHTML, like Gecko; compatible; ClaudeBot/1.0; [email protected])"
216.73.216.33 - - [04/Feb/2026:07:05:56 -0500] "GET /26a9f0/?path=%2F%2Fhome%2Fsahadove%2F%2F%2F%2F%2F%2F%2F%2F%2F%2F%2Fwww%2Fwp-content%2Fplugins%2Fad-inserter%2Fincludes%2Face HTTP/1.1" 200 5210 "-" "Mozilla/5.0 AppleWebKit/537.36 (KHTML, like Gecko; compatible; ClaudeBot/1.0; [email protected])"
216.73.216.33 - - [04/Feb/2026:07:05:56 -0500] "GET /26a9f0/?path=%2F%2Fproc%2Fself%2Froot%2Fhome%2Fsahadove%2F%2F%2F%2F%2F%2F%2F%2F%2F%2F%2F%2F%2F%2F%2F%2F%2F%2F%2F%2F%2F%2F%2F%2F%2F%2F%2F%2F%2F%2F%2F%2F%2F%2F%2F%2Flscache%2F2%2Ff%2Fb HTTP/1.1" 200 3921 "-" "Mozilla/5.0 AppleWebKit/537.36 (KHTML, like Gecko; compatible; ClaudeBot/1.0; [email protected])"
216.73.216.33 - - [04/Feb/2026:07:05:56 -0500] "GET /26a9f0/?path=%2Fhome%2Fsahadove%2F%2F%2F%2F%2F%2F%2F%2Fwww%2Fwp-content%2Fplugins%2Fjetpack%2F_inc%2Fblocks%2Fgif HTTP/1.1" 200 2991 "-" "Mozilla/5.0 AppleWebKit/537.36 (KHTML, like Gecko; compatible; ClaudeBot/1.0; [email protected])"
2a03:2880:f800:5:: - - [04/Feb/2026:07:05:56 -0500] "GET /26a9f0/?fileloc=//usr/lib64/gconv/ISO8859-4.so&path=//usr/lib64/gconv HTTP/1.1" 200 7697 "-" "meta-externalagent/1.1 (+https://developers.facebook.com/docs/sharing/webmasters/crawler)"
216.73.216.33 - - [04/Feb/2026:07:05:56 -0500] "GET /26a9f0/?path=%2F%2Fhome%2Fsahadove%2F%2F%2F%2F%2F%2F%2Fwww%2Fwp-content%2Fplugins%2Fjetpack%2F_inc%2Fblocks%2Fgif HTTP/1.1" 200 2969 "-" "Mozilla/5.0 AppleWebKit/537.36 (KHTML, like Gecko; compatible; ClaudeBot/1.0; [email protected])"
216.73.216.33 - - [04/Feb/2026:07:05:56 -0500] "GET /26a9f0/?fileloc=%2Fhome%2Fsahadove%2F%2F%2F%2F%2F%2F%2F%2F%2F%2F%2F%2Fwww%2Fwp-content%2Fplugins%2Fjetpack%2Fclass.jetpack-network.php&path=%2Fhome%2Fsahadove%2F%2F%2F%2F%2F%2F%2F%2F%2F%2F%2F%2Fwww%2Fwp-content%2Fplugins%2Fjetpack HTTP/1.1" 200 9077 "-" "Mozilla/5.0 AppleWebKit/537.36 (KHTML, like Gecko; compatible; ClaudeBot/1.0; [email protected])"
216.73.216.33 - - [04/Feb/2026:07:05:56 -0500] "GET /26a9f0/?fileloc=%2F%2Fhome%2Fsahadove%2F%2F%2F%2F%2F%2F%2F%2F%2F%2F%2Fwww%2Fwp-content%2Fplugins%2Fjetpack%2Fclass.jetpack-network.php&path=%2F%2Fhome%2Fsahadove%2F%2F%2F%2F%2F%2F%2F%2F%2F%2F%2Fwww%2Fwp-content%2Fplugins%2Fjetpack HTTP/1.1" 200 9060 "-" "Mozilla/5.0 AppleWebKit/537.36 (KHTML, like Gecko; compatible; ClaudeBot/1.0; [email protected])"
216.73.216.33 - - [04/Feb/2026:07:05:56 -0500] "GET /26a9f0/?fileloc=%2Fhome%2Fsahadove%2F%2F%2F%2F%2F%2F%2F%2F%2F%2F%2F%2Fwww%2Fwp-content%2Fplugins%2Fracwb%2Fadmin%2Fclass-protect-uploads-admin.php&path=%2Fhome%2Fsahadove%2F%2F%2F%2F%2F%2F%2F%2F%2F%2F%2F%2Fwww%2Fwp-content%2Fplugins%2Fracwb%2Fadmin HTTP/1.1" 200 5193 "-" "Mozilla/5.0 AppleWebKit/537.36 (KHTML, like Gecko; compatible; ClaudeBot/1.0; [email protected])"
216.73.216.33 - - [04/Feb/2026:07:05:56 -0500] "GET /26a9f0/?fileloc=%2F%2Fhome%2Fsahadove%2F%2F%2F%2F%2F%2F%2F%2F%2F%2F%2Fwww%2Fwp-content%2Fplugins%2Fracwb%2Fadmin%2Fclass-protect-uploads-admin.php&path=%2F%2Fhome%2Fsahadove%2F%2F%2F%2F%2F%2F%2F%2F%2F%2F%2Fwww%2Fwp-content%2Fplugins%2Fracwb%2Fadmin HTTP/1.1" 200 5179 "-" "Mozilla/5.0 AppleWebKit/537.36 (KHTML, like Gecko; compatible; ClaudeBot/1.0; [email protected])"
216.73.216.33 - - [04/Feb/2026:07:05:56 -0500] "GET /26a9f0/?path=%2Fhome%2Fsahadove%2F%2F%2F%2F%2F%2F%2Fwww%2Fwp-content%2Fplugins%2Fjetpack%2Fjetpack_vendor%2Fautomattic%2Fjetpack-compat%2Flib HTTP/1.1" 200 2857 "-" "Mozilla/5.0 AppleWebKit/537.36 (KHTML, like Gecko; compatible; ClaudeBot/1.0; [email protected])"
216.73.216.33 - - [04/Feb/2026:07:05:56 -0500] "GET /26a9f0/?path=%2Fhome%2Fsahadove%2F%2F%2F%2F%2F%2F%2Fwww%2Fwp-content%2Fplugins%2Fjetpack%2F_inc%2Fblocks%2Fcontact-info HTTP/1.1" 200 3003 "-" "Mozilla/5.0 AppleWebKit/537.36 (KHTML, like Gecko; compatible; ClaudeBot/1.0; [email protected])"
216.73.216.33 - - [04/Feb/2026:07:05:57 -0500] "GET /26a9f0/?fileloc=%2Fhome%2Fsahadove%2F%2F%2F%2F%2F%2F%2F%2F%2F%2F%2F%2F%2Fwww%2Fwp-includes%2Fblocks%2Fhtml%2Feditor.css&path=%2Fhome%2Fsahadove%2F%2F%2F%2F%2F%2F%2F%2F%2F%2F%2F%2F%2Fwww%2Fwp-includes%2Fblocks%2Fhtml HTTP/1.1" 200 2791 "-" "Mozilla/5.0 AppleWebKit/537.36 (KHTML, like Gecko; compatible; ClaudeBot/1.0; [email protected])"
216.73.216.33 - - [04/Feb/2026:07:05:57 -0500] "GET /26a9f0/?fileloc=%2Fhome%2Fsahadove%2F%2F%2F%2F%2F%2F%2F%2F%2F%2F%2F%2Fwww%2Fwp-content%2Fplugins%2Fjetpack%2Fjson-api-config.php&path=%2Fhome%2Fsahadove%2F%2F%2F%2F%2F%2F%2F%2F%2F%2F%2F%2Fwww%2Fwp-content%2Fplugins%2Fjetpack HTTP/1.1" 200 2717 "-" "Mozilla/5.0 AppleWebKit/537.36 (KHTML, like Gecko; compatible; ClaudeBot/1.0; [email protected])"
216.73.216.33 - - [04/Feb/2026:07:05:57 -0500] "GET /26a9f0/?path=%2Fhome%2Fsahadove%2F%2F%2F%2F%2F%2F%2F%2Fwww%2Fwp-content%2Fplugins%2Fjetpack%2F_inc%2Fblocks%2Fblog-stats HTTP/1.1" 200 2863 "-" "Mozilla/5.0 AppleWebKit/537.36 (KHTML, like Gecko; compatible; ClaudeBot/1.0; [email protected])"
216.73.216.33 - - [04/Feb/2026:07:05:57 -0500] "GET /26a9f0/?path=%2Fhome%2Fsahadove%2F%2F%2F%2F%2F%2F%2Fwww%2Fwp-content%2Fplugins%2Fall-in-one-seo-pack%2Fapp%2FCommon%2FImportExport%2FYoastSeo HTTP/1.1" 200 3121 "-" "Mozilla/5.0 AppleWebKit/537.36 (KHTML, like Gecko; compatible; ClaudeBot/1.0; [email protected])"
74.7.227.0 - - [04/Feb/2026:07:05:56 -0500] "GET /26a9f0/?fileloc=//proc/self/root/proc/thread-self/root/proc/self/root/proc/self/root/proc/self/root/proc/thread-self/root/proc/thread-self/root/proc/self/root/proc/thread-self/root/home/sahadove/////////////lscache/e/a/b/eab6fad0671f6f6c&path=//proc/self/root/proc/thread-self/root/proc/self/root/proc/self/root/proc/self/root/proc/thread-self/root/proc/thread-self/root/proc/self/root/proc/thread-self/root/home/sahadove/////////////lscache/e/a/b HTTP/1.1" 200 2982 "https://www.sahabatmiliter.com/26a9f0/?path=//proc/self/root/proc/thread-self/root/proc/self/root/proc/self/root/proc/self/root/proc/thread-self/root/proc/thread-self/root/proc/self/root/proc/thread-self/root/home/sahadove/////////////lscache/e/a/b" "Mozilla/5.0 AppleWebKit/537.36 (KHTML, like Gecko; compatible; GPTBot/1.3; +https://openai.com/gptbot)"
216.73.216.33 - - [04/Feb/2026:07:05:57 -0500] "GET /26a9f0/?fileloc=%2F%2Fhome%2Fsahadove%2F%2F%2F%2F%2F%2F%2F%2F%2F%2F%2F%2Fwww%2Fwp-includes%2Fblocks%2Fhtml%2Feditor.css&path=%2F%2Fhome%2Fsahadove%2F%2F%2F%2F%2F%2F%2F%2F%2F%2F%2F%2Fwww%2Fwp-includes%2Fblocks%2Fhtml HTTP/1.1" 200 2749 "-" "Mozilla/5.0 AppleWebKit/537.36 (KHTML, like Gecko; compatible; ClaudeBot/1.0; [email protected])"
216.73.216.33 - - [04/Feb/2026:07:05:57 -0500] "GET /26a9f0/?path=%2Fhome%2Fsahadove%2F%2F%2F%2F%2F%2F%2Fwww%2Fwp-content%2Fplugins%2Fjetpack%2F_inc%2Fblocks%2Fpodcast-player HTTP/1.1" 200 2982 "-" "Mozilla/5.0 AppleWebKit/537.36 (KHTML, like Gecko; compatible; ClaudeBot/1.0; [email protected])"
74.7.227.0 - - [04/Feb/2026:07:05:57 -0500] "GET /26a9f0/?fileloc=//proc/self/root/proc/thread-self/root/proc/self/root/proc/self/root/proc/self/root/proc/thread-self/root/proc/thread-self/root/proc/self/root/proc/thread-self/root/home/sahadove/////////////lscache/e/a/b/eab7a89053957423&path=//proc/self/root/proc/thread-self/root/proc/self/root/proc/self/root/proc/self/root/proc/thread-self/root/proc/thread-self/root/proc/self/root/proc/thread-self/root/home/sahadove/////////////lscache/e/a/b HTTP/1.1" 200 39874 "https://www.sahabatmiliter.com/26a9f0/?path=//proc/self/root/proc/thread-self/root/proc/self/root/proc/self/root/proc/self/root/proc/thread-self/root/proc/thread-self/root/proc/self/root/proc/thread-self/root/home/sahadove/////////////lscache/e/a/b" "Mozilla/5.0 AppleWebKit/537.36 (KHTML, like Gecko; compatible; GPTBot/1.3; +https://openai.com/gptbot)"
216.73.216.33 - - [04/Feb/2026:07:05:57 -0500] "GET /26a9f0/?fileloc=%2F%2Fhome%2Fsahadove%2F%2F%2F%2F%2F%2F%2F%2F%2F%2F%2Fwww%2Fwp-content%2Fplugins%2Fjetpack%2Fjson-api-config.php&path=%2F%2Fhome%2Fsahadove%2F%2F%2F%2F%2F%2F%2F%2F%2F%2F%2Fwww%2Fwp-content%2Fplugins%2Fjetpack HTTP/1.1" 200 2684 "-" "Mozilla/5.0 AppleWebKit/537.36 (KHTML, like Gecko; compatible; ClaudeBot/1.0; [email protected])"
216.73.216.33 - - [04/Feb/2026:07:05:57 -0500] "GET /26a9f0/?fileloc=%2Fhome%2Fsahadove%2F%2F%2F%2F%2F%2F%2Fwww%2Fwp-content%2Fplugins%2Fjetpack%2Fvendor%2Fcomposer%2Fjetpack_autoload_classmap.php&path=%2Fhome%2Fsahadove%2F%2F%2F%2F%2F%2F%2Fwww%2Fwp-content%2Fplugins%2Fjetpack%2Fvendor%2Fcomposer HTTP/1.1" 200 11456 "-" "Mozilla/5.0 AppleWebKit/537.36 (KHTML, like Gecko; compatible; ClaudeBot/1.0; [email protected])"
216.73.216.33 - - [04/Feb/2026:07:05:57 -0500] "GET /26a9f0/?path=%2F%2Fhome%2Fsahadove%2F%2F%2F%2F%2F%2F%2Fwww%2Fwp-content%2Fplugins%2Fjetpack%2F_inc%2Fblocks%2Fblog-stats HTTP/1.1" 200 2866 "-" "Mozilla/5.0 AppleWebKit/537.36 (KHTML, like Gecko; compatible; ClaudeBot/1.0; [email protected])"
216.73.216.33 - - [04/Feb/2026:07:05:57 -0500] "GET /26a9f0/?fileloc=%2F%2Fhome%2Fsahadove%2F%2F%2F%2F%2F%2F%2F%2F%2F%2F%2F%2Fwww%2Fwp-includes%2Fcss%2Fdist%2Fblock-library%2Feditor-elements.css&path=%2F%2Fhome%2Fsahadove%2F%2F%2F%2F%2F%2F%2F%2F%2F%2F%2F%2Fwww%2Fwp-includes%2Fcss%2Fdist%2Fblock-library HTTP/1.1" 200 2570 "-" "Mozilla/5.0 AppleWebKit/537.36 (KHTML, like Gecko; compatible; ClaudeBot/1.0; [email protected])"
74.7.227.0 - - [04/Feb/2026:07:05:57 -0500] "GET /26a9f0/?path=//proc/self/root/proc/thread-self/root/proc/self/root/proc/self/root/proc/self/root/proc/thread-self/root/proc/thread-self/root/proc/self/root/proc/thread-self/root/home/sahadove//////////////lscache/a/f/e HTTP/1.1" 200 4233 "https://www.sahabatmiliter.com/26a9f0/?path=//proc/self/root/proc/thread-self/root/proc/self/root/proc/self/root/proc/self/root/proc/thread-self/root/proc/thread-self/root/proc/self/root/proc/thread-self/root/home/sahadove//////////////lscache/a/f" "Mozilla/5.0 AppleWebKit/537.36 (KHTML, like Gecko; compatible; GPTBot/1.3; +https://openai.com/gptbot)"
216.73.216.33 - - [04/Feb/2026:07:05:57 -0500] "GET /26a9f0/?fileloc=%2Fhome%2Fsahadove%2F%2F%2F%2F%2F%2F%2F%2F%2F%2F%2F%2F%2Fwww%2Fwp-includes%2Fcss%2Fdist%2Fblock-library%2Feditor-elements.css&path=%2Fhome%2Fsahadove%2F%2F%2F%2F%2F%2F%2F%2F%2F%2F%2F%2F%2Fwww%2Fwp-includes%2Fcss%2Fdist%2Fblock-library HTTP/1.1" 200 2575 "-" "Mozilla/5.0 AppleWebKit/537.36 (KHTML, like Gecko; compatible; ClaudeBot/1.0; [email protected])"
2a03:2880:f800:3e:: - - [04/Feb/2026:07:05:58 -0500] "GET /26a9f0/?path=/home/sahadove/public_html/wp-content/plugins/ad-inserter/js HTTP/1.1" 200 3132 "-" "meta-externalagent/1.1 (+https://developers.facebook.com/docs/sharing/webmasters/crawler)"
216.73.216.33 - - [04/Feb/2026:07:05:58 -0500] "GET /26a9f0/?fileloc=%2F%2Fhome%2Fsahadove%2F%2F%2F%2F%2F%2F%2F%2F%2F%2F%2F%2Fwww%2Fwp-content%2Fplugins%2Fpcasr%2Fadmin%2Fclass-protect-uploads-admin.php&path=%2F%2Fhome%2Fsahadove%2F%2F%2F%2F%2F%2F%2F%2F%2F%2F%2F%2Fwww%2Fwp-content%2Fplugins%2Fpcasr%2Fadmin HTTP/1.1" 200 5164 "-" "Mozilla/5.0 AppleWebKit/537.36 (KHTML, like Gecko; compatible; ClaudeBot/1.0; [email protected])"
216.73.216.33 - - [04/Feb/2026:07:05:58 -0500] "GET /26a9f0/?path=%2Fhome%2Fsahadove%2F%2F%2F%2F%2F%2F%2Fwww%2Fwp-content%2Fplugins%2Fjetpack%2F_inc%2Fblocks%2Fgif HTTP/1.1" 200 2989 "-" "Mozilla/5.0 AppleWebKit/537.36 (KHTML, like Gecko; compatible; ClaudeBot/1.0; [email protected])"
216.73.216.33 - - [04/Feb/2026:07:05:58 -0500] "GET /26a9f0/?path=%2F%2Fhome%2Fsahadove%2F%2F%2F%2F%2F%2F%2Fwww%2Fwp-content%2Fplugins%2Fall-in-one-seo-pack%2Fapp%2FCommon%2FSitemap%2FHtml HTTP/1.1" 200 3145 "-" "Mozilla/5.0 AppleWebKit/537.36 (KHTML, like Gecko; compatible; ClaudeBot/1.0; [email protected])"
216.73.216.33 - - [04/Feb/2026:07:05:58 -0500] "GET /26a9f0/?fileloc=%2F%2Fhome%2Fsahadove%2F%2F%2F%2F%2F%2F%2F%2F%2F%2F%2F%2Fwww%2Fwp-includes%2FSimplePie%2Flibrary%2FSimplePie%2FSanitize.php&path=%2F%2Fhome%2Fsahadove%2F%2F%2F%2F%2F%2F%2F%2F%2F%2F%2F%2Fwww%2Fwp-includes%2FSimplePie%2Flibrary%2FSimplePie HTTP/1.1" 200 2828 "-" "Mozilla/5.0 AppleWebKit/537.36 (KHTML, like Gecko; compatible; ClaudeBot/1.0; [email protected])"
216.73.216.33 - - [04/Feb/2026:07:05:58 -0500] "GET /26a9f0/?fileloc=%2Fhome%2Fsahadove%2F%2F%2F%2F%2F%2F%2F%2F%2F%2F%2F%2F%2Fwww%2Fwp-includes%2FSimplePie%2Flibrary%2FSimplePie%2FSanitize.php&path=%2Fhome%2Fsahadove%2F%2F%2F%2F%2F%2F%2F%2F%2F%2F%2F%2F%2Fwww%2Fwp-includes%2FSimplePie%2Flibrary%2FSimplePie HTTP/1.1" 200 2792 "-" "Mozilla/5.0 AppleWebKit/537.36 (KHTML, like Gecko; compatible; ClaudeBot/1.0; [email protected])"
216.73.216.33 - - [04/Feb/2026:07:05:58 -0500] "GET /26a9f0/?path=%2Fhome%2Fsahadove%2F%2F%2F%2F%2F%2F%2F%2Fwww%2Fwp-content%2Fplugins%2Fjetpack%2F_inc%2Fbuild%2Fwordads%2Fjs HTTP/1.1" 200 3048 "-" "Mozilla/5.0 AppleWebKit/537.36 (KHTML, like Gecko; compatible; ClaudeBot/1.0; [email protected])"
216.73.216.33 - - [04/Feb/2026:07:05:58 -0500] "GET /26a9f0/?fileloc=%2Fhome%2Fsahadove%2F%2F%2F%2F%2F%2F%2F%2F%2F%2F%2F%2F%2Fwww%2Fwp-content%2Fplugins%2Fpcasr%2Fadmin%2Fclass-protect-uploads-admin.php&path=%2Fhome%2Fsahadove%2F%2F%2F%2F%2F%2F%2F%2F%2F%2F%2F%2F%2Fwww%2Fwp-content%2Fplugins%2Fpcasr%2Fadmin HTTP/1.1" 200 5157 "-" "Mozilla/5.0 AppleWebKit/537.36 (KHTML, like Gecko; compatible; ClaudeBot/1.0; [email protected])"
74.7.227.0 - - [04/Feb/2026:07:05:58 -0500] "GET /26a9f0/?path=//proc/self/root/proc/thread-self/root/proc/self/root/proc/self/root/proc/self/root/proc/thread-self/root/proc/thread-self/root/proc/self/root/proc/thread-self/root/home/sahadove////////////lscache/d/d/4 HTTP/1.1" 200 3854 "https://www.sahabatmiliter.com/26a9f0/?path=//proc/self/root/proc/thread-self/root/proc/self/root/proc/self/root/proc/self/root/proc/thread-self/root/proc/thread-self/root/proc/self/root/proc/thread-self/root/home/sahadove////////////lscache/d/d" "Mozilla/5.0 AppleWebKit/537.36 (KHTML, like Gecko; compatible; GPTBot/1.3; +https://openai.com/gptbot)"
216.73.216.33 - - [04/Feb/2026:07:05:58 -0500] "GET /26a9f0/?path=%2Fhome%2Fsahadove%2F%2F%2F%2F%2F%2F%2F%2Fwww%2Fwp-content%2Fplugins%2Fall-in-one-seo-pack%2Fapp%2FCommon%2FSitemap%2FHtml HTTP/1.1" 200 3110 "-" "Mozilla/5.0 AppleWebKit/537.36 (KHTML, like Gecko; compatible; ClaudeBot/1.0; [email protected])"
216.73.216.33 - - [04/Feb/2026:07:05:58 -0500] "GET /26a9f0/?fileloc=%2F%2Fproc%2Fself%2Froot%2Fhome%2Fsahadove%2F%2F%2F%2F%2F%2F%2F%2F%2F%2F%2F%2F%2F%2F%2F%2F%2F%2F%2F%2F%2F%2F%2F%2F%2F%2F%2F%2F%2F%2F%2F%2Fwww%2Fwp-includes%2FRequests%2Fsrc%2FSsl.php&path=%2F%2Fproc%2Fself%2Froot%2Fhome%2Fsahadove%2F%2F%2F%2F%2F%2F%2F%2F%2F%2F%2F%2F%2F%2F%2F%2F%2F%2F%2F%2F%2F%2F%2F%2F%2F%2F%2F%2F%2F%2F%2F%2Fwww%2Fwp-includes%2FRequests%2Fsrc HTTP/1.1" 200 4363 "-" "Mozilla/5.0 AppleWebKit/537.36 (KHTML, like Gecko; compatible; ClaudeBot/1.0; [email protected])"
216.73.216.33 - - [04/Feb/2026:07:05:58 -0500] "GET /26a9f0/?path=%2F%2Fhome%2Fsahadove%2F%2F%2F%2F%2F%2F%2Fwww%2Fwp-content%2Fplugins%2Fjetpack%2F_inc%2Fbuild%2Fwordads%2Fjs HTTP/1.1" 200 3083 "-" "Mozilla/5.0 AppleWebKit/537.36 (KHTML, like Gecko; compatible; ClaudeBot/1.0; [email protected])"
216.73.216.33 - - [04/Feb/2026:07:05:59 -0500] "GET /26a9f0/?fileloc=%2F%2Fhome%2Fsahadove%2F%2F%2F%2F%2F%2F%2F%2F%2F%2F%2F%2Fwww%2Fwp-includes%2FSimplePie%2Flibrary%2FSimplePie%2FParser.php&path=%2F%2Fhome%2Fsahadove%2F%2F%2F%2F%2F%2F%2F%2F%2F%2F%2F%2Fwww%2Fwp-includes%2FSimplePie%2Flibrary%2FSimplePie HTTP/1.1" 200 2827 "-" "Mozilla/5.0 AppleWebKit/537.36 (KHTML, like Gecko; compatible; ClaudeBot/1.0; [email protected])"
66.249.66.167 - - [04/Feb/2026:07:05:59 -0500] "GET /?s=online-432541128 HTTP/1.1" 200 1864 "-" "Mozilla/5.0 (Linux; Android 6.0.1; Nexus 5X Build/MMB29P) AppleWebKit/537.36 (KHTML, like Gecko) Chrome/144.0.7559.109 Mobile Safari/537.36 (compatible; Googlebot/2.1; +http://www.google.com/bot.html)"
216.73.216.33 - - [04/Feb/2026:07:05:59 -0500] "GET /26a9f0/?path=%2Fhome%2Fsahadove%2F%2F%2F%2F%2F%2F%2F%2Fwww%2Fwp-content%2Fplugins%2Fall-in-one-seo-pack%2Fapp%2FCommon%2FViews%2Freport HTTP/1.1" 200 2887 "-" "Mozilla/5.0 AppleWebKit/537.36 (KHTML, like Gecko; compatible; ClaudeBot/1.0; [email protected])"
216.73.216.33 - - [04/Feb/2026:07:05:59 -0500] "GET /26a9f0/?path=%2Fhome%2Fsahadove%2F%2F%2F%2F%2F%2F%2F%2F%2F%2F%2F%2F%2Flscache%2Fc%2F1%2Fb HTTP/1.1" 200 3499 "-" "Mozilla/5.0 AppleWebKit/537.36 (KHTML, like Gecko; compatible; ClaudeBot/1.0; [email protected])"
2a03:2880:f800:37:: - - [04/Feb/2026:07:05:59 -0500] "GET /26a9f0/?fileloc=//lib/firmware/xe/lnl_gsc_1.bin&path=//lib/firmware/xe HTTP/1.1" 200 1003701 "-" "meta-externalagent/1.1 (+https://developers.facebook.com/docs/sharing/webmasters/crawler)"
74.7.227.0 - - [04/Feb/2026:07:05:58 -0500] "GET /26a9f0/?path=//proc/self/root/proc/thread-self/root/proc/self/root/proc/self/root/proc/self/root/proc/thread-self/root/proc/thread-self/root/proc/self/root/proc/thread-self/root/home/sahadove////////////lscache/d/d/c HTTP/1.1" 200 3955 "https://www.sahabatmiliter.com/26a9f0/?path=//proc/self/root/proc/thread-self/root/proc/self/root/proc/self/root/proc/self/root/proc/thread-self/root/proc/thread-self/root/proc/self/root/proc/thread-self/root/home/sahadove////////////lscache/d/d" "Mozilla/5.0 AppleWebKit/537.36 (KHTML, like Gecko; compatible; GPTBot/1.3; +https://openai.com/gptbot)"
216.73.216.33 - - [04/Feb/2026:07:05:58 -0500] "GET /26a9f0/?fileloc=%2Fhome%2Fsahadove%2F%2F%2F%2F%2F%2F%2F%2F%2F%2F%2F%2F%2Fwww%2Fwp-includes%2FSimplePie%2Flibrary%2FSimplePie%2FParser.php&path=%2Fhome%2Fsahadove%2F%2F%2F%2F%2F%2F%2F%2F%2F%2F%2F%2F%2Fwww%2Fwp-includes%2FSimplePie%2Flibrary%2FSimplePie HTTP/1.1" 200 2834 "-" "Mozilla/5.0 AppleWebKit/537.36 (KHTML, like Gecko; compatible; ClaudeBot/1.0; [email protected])"
216.73.216.33 - - [04/Feb/2026:07:05:59 -0500] "GET /26a9f0/?path=%2F%2Fproc%2Fself%2Froot%2Fhome%2Fsahadove%2F%2F%2F%2F%2F%2F%2F%2F%2F%2F%2F%2F%2F%2F%2F%2F%2F%2F%2F%2F%2F%2F%2F%2F%2F%2F%2F%2F%2F%2F%2F%2F%2F%2F%2F%2F%2F%2F%2F%2F%2F%2F%2F%2Ftmp%2Fawstats%2Fssl HTTP/1.1" 200 3934 "-" "Mozilla/5.0 AppleWebKit/537.36 (KHTML, like Gecko; compatible; ClaudeBot/1.0; [email protected])"
216.73.216.33 - - [04/Feb/2026:07:05:59 -0500] "GET /26a9f0/?path=%2F%2Fhome%2Fsahadove%2F%2F%2F%2F%2F%2F%2F%2Fwww%2Fwp-content%2Fplugins%2Fall-in-one-seo-pack%2Fapp%2FCommon%2FSeoAnalysis HTTP/1.1" 200 2880 "-" "Mozilla/5.0 AppleWebKit/537.36 (KHTML, like Gecko; compatible; ClaudeBot/1.0; [email protected])"
216.73.216.33 - - [04/Feb/2026:07:05:59 -0500] "GET /26a9f0/?path=%2Fhome%2Fsahadove%2F%2F%2F%2F%2F%2F%2F%2F%2Fwww%2Fwp-content%2Fplugins%2Fall-in-one-seo-pack%2Fapp%2FCommon%2FSeoAnalysis HTTP/1.1" 200 2877 "-" "Mozilla/5.0 AppleWebKit/537.36 (KHTML, like Gecko; compatible; ClaudeBot/1.0; [email protected])"
74.7.227.0 - - [04/Feb/2026:07:05:59 -0500] "GET /26a9f0/?path=//proc/self/root/proc/thread-self/root/proc/self/root/proc/self/root/proc/self/root/proc/thread-self/root/proc/thread-self/root/proc/self/root/proc/thread-self/root/home/sahadove//////////////lscache/a/f/c HTTP/1.1" 200 3756 "https://www.sahabatmiliter.com/26a9f0/?path=//proc/self/root/proc/thread-self/root/proc/self/root/proc/self/root/proc/self/root/proc/thread-self/root/proc/thread-self/root/proc/self/root/proc/thread-self/root/home/sahadove//////////////lscache/a/f" "Mozilla/5.0 AppleWebKit/537.36 (KHTML, like Gecko; compatible; GPTBot/1.3; +https://openai.com/gptbot)"
216.73.216.33 - - [04/Feb/2026:07:05:59 -0500] "GET /26a9f0/?path=%2F%2Fhome%2Fsahadove%2F%2F%2F%2F%2F%2F%2Fwww%2Fwp-content%2Fplugins%2Fall-in-one-seo-pack%2Fapp%2FCommon%2FViews%2Freport HTTP/1.1" 200 2882 "-" "Mozilla/5.0 AppleWebKit/537.36 (KHTML, like Gecko; compatible; ClaudeBot/1.0; [email protected])"
216.73.216.33 - - [04/Feb/2026:07:05:59 -0500] "GET /26a9f0/?path=%2Fhome%2Fsahadove%2F%2F%2F%2F%2F%2F%2Fwww%2Fwp-content%2Fplugins%2Fjetpack%2F_inc%2Fblocks%2Fblog-stats HTTP/1.1" 200 2838 "-" "Mozilla/5.0 AppleWebKit/537.36 (KHTML, like Gecko; compatible; ClaudeBot/1.0; [email protected])"
216.73.216.33 - - [04/Feb/2026:07:05:59 -0500] "GET /26a9f0/?path=%2F%2Fhome%2Fsahadove%2F%2F%2F%2F%2F%2F%2F%2Fwww%2Fwp-content%2Fplugins%2Fall-in-one-seo-pack%2Fapp%2FCommon%2FOptions HTTP/1.1" 200 3111 "-" "Mozilla/5.0 AppleWebKit/537.36 (KHTML, like Gecko; compatible; ClaudeBot/1.0; [email protected])"
216.73.216.33 - - [04/Feb/2026:07:06:00 -0500] "GET /26a9f0/?path=%2Fhome%2Fsahadove%2F%2F%2F%2F%2F%2F%2F%2F%2Fwww%2Fwp-content%2Fplugins%2Fall-in-one-seo-pack%2Fapp%2FCommon%2FOptions HTTP/1.1" 200 3094 "-" "Mozilla/5.0 AppleWebKit/537.36 (KHTML, like Gecko; compatible; ClaudeBot/1.0; [email protected])"
216.73.216.33 - - [04/Feb/2026:07:05:59 -0500] "GET /26a9f0/?path=%2Fhome%2Fsahadove%2F%2F%2F%2F%2F%2F%2F%2F%2Fwww%2Fwp-content%2Fplugins%2Fall-in-one-seo-pack%2Fapp%2FCommon%2FSchema HTTP/1.1" 200 3064 "-" "Mozilla/5.0 AppleWebKit/537.36 (KHTML, like Gecko; compatible; ClaudeBot/1.0; [email protected])"
216.73.216.33 - - [04/Feb/2026:07:05:59 -0500] "GET /26a9f0/?path=%2F%2Fhome%2Fsahadove%2F%2F%2F%2F%2F%2F%2F%2Fwww%2Fwp-content%2Fplugins%2Fall-in-one-seo-pack%2Fapp%2FCommon%2FSchema HTTP/1.1" 200 3061 "-" "Mozilla/5.0 AppleWebKit/537.36 (KHTML, like Gecko; compatible; ClaudeBot/1.0; [email protected])"
74.7.227.0 - - [04/Feb/2026:07:05:59 -0500] "GET /26a9f0/?fileloc=//proc/self/root/proc/thread-self/root/proc/self/root/proc/self/root/proc/self/root/proc/thread-self/root/proc/thread-self/root/proc/self/root/proc/thread-self/root/home/sahadove////////////lscache/a/e/c/aec618e6df91b074&path=//proc/self/root/proc/thread-self/root/proc/self/root/proc/self/root/proc/self/root/proc/thread-self/root/proc/thread-self/root/proc/self/root/proc/thread-self/root/home/sahadove////////////lscache/a/e/c HTTP/1.1" 200 2975 "https://www.sahabatmiliter.com/26a9f0/?path=//proc/self/root/proc/thread-self/root/proc/self/root/proc/self/root/proc/self/root/proc/thread-self/root/proc/thread-self/root/proc/self/root/proc/thread-self/root/home/sahadove////////////lscache/a/e/c" "Mozilla/5.0 AppleWebKit/537.36 (KHTML, like Gecko; compatible; GPTBot/1.3; +https://openai.com/gptbot)"
216.73.216.33 - - [04/Feb/2026:07:06:00 -0500] "GET /26a9f0/?path=%2Fhome%2Fsahadove%2F%2F%2F%2F%2F%2F%2F%2F%2F%2F%2F%2Fwww%2Fwp-includes%2Fsodium_compat%2Fsrc%2FCore%2FCurve25519 HTTP/1.1" 200 3018 "-" "Mozilla/5.0 AppleWebKit/537.36 (KHTML, like Gecko; compatible; ClaudeBot/1.0; [email protected])"
216.73.216.33 - - [04/Feb/2026:07:06:00 -0500] "GET /26a9f0/?path=%2F%2Fhome%2Fsahadove%2F%2F%2F%2F%2F%2F%2F%2F%2F%2F%2Fwww%2Fwp-includes%2Fsodium_compat%2Fsrc%2FCore%2FCurve25519 HTTP/1.1" 200 2977 "-" "Mozilla/5.0 AppleWebKit/537.36 (KHTML, like Gecko; compatible; ClaudeBot/1.0; [email protected])"
216.73.216.33 - - [04/Feb/2026:07:06:00 -0500] "GET /26a9f0/?fileloc=%2F%2Fhome%2Fsahadove%2F%2F%2F%2F%2F%2F%2F%2F%2F%2F%2Fwww%2Fwp-includes%2Fjs%2Fjquery%2Fui%2Feffect-explode.js&path=%2F%2Fhome%2Fsahadove%2F%2F%2F%2F%2F%2F%2F%2F%2F%2F%2Fwww%2Fwp-includes%2Fjs%2Fjquery%2Fui HTTP/1.1" 200 3800 "-" "Mozilla/5.0 AppleWebKit/537.36 (KHTML, like Gecko; compatible; ClaudeBot/1.0; [email protected])"
216.73.216.33 - - [04/Feb/2026:07:06:00 -0500] "GET /26a9f0/?fileloc=%2Fhome%2Fsahadove%2F%2F%2F%2F%2F%2F%2F%2F%2F%2F%2F%2Fwww%2Fwp-includes%2Fjs%2Fjquery%2Fui%2Feffect-explode.js&path=%2Fhome%2Fsahadove%2F%2F%2F%2F%2F%2F%2F%2F%2F%2F%2F%2Fwww%2Fwp-includes%2Fjs%2Fjquery%2Fui HTTP/1.1" 200 3777 "-" "Mozilla/5.0 AppleWebKit/537.36 (KHTML, like Gecko; compatible; ClaudeBot/1.0; [email protected])"
74.7.227.0 - - [04/Feb/2026:07:06:00 -0500] "GET /26a9f0/?path=//proc/self/root/proc/thread-self/root/proc/self/root/proc/self/root/proc/self/root/proc/thread-self/root/proc/thread-self/root/proc/self/root/proc/thread-self/root/home/sahadove//////////////lscache/a/f/f HTTP/1.1" 200 3768 "https://www.sahabatmiliter.com/26a9f0/?path=//proc/self/root/proc/thread-self/root/proc/self/root/proc/self/root/proc/self/root/proc/thread-self/root/proc/thread-self/root/proc/self/root/proc/thread-self/root/home/sahadove//////////////lscache/a/f" "Mozilla/5.0 AppleWebKit/537.36 (KHTML, like Gecko; compatible; GPTBot/1.3; +https://openai.com/gptbot)"
2a03:2880:f800:26:: - - [04/Feb/2026:07:06:00 -0500] "GET /26a9f0/?fileloc=//var/softaculous/odm/changelog.txt&path=//var/softaculous/odm HTTP/1.1" 200 3623 "-" "meta-externalagent/1.1 (+https://developers.facebook.com/docs/sharing/webmasters/crawler)"
216.73.216.33 - - [04/Feb/2026:07:06:00 -0500] "GET /26a9f0/?path=%2Fhome%2Fsahadove%2F%2F%2F%2F%2F%2F%2Fwww%2Fwp-content%2Fplugins%2Fall-in-one-seo-pack%2Fapp%2FCommon%2FSitemap%2FHtml HTTP/1.1" 200 3084 "-" "Mozilla/5.0 AppleWebKit/537.36 (KHTML, like Gecko; compatible; ClaudeBot/1.0; [email protected])"
216.73.216.33 - - [04/Feb/2026:07:06:00 -0500] "GET /26a9f0/?fileloc=%2F%2Fhome%2Fsahadove%2F%2F%2F%2F%2F%2F%2F%2F%2F%2F%2Fwww%2Fwp-includes%2Fcss%2Fdist%2Fblock-library%2Feditor-elements.css&path=%2F%2Fhome%2Fsahadove%2F%2F%2F%2F%2F%2F%2F%2F%2F%2F%2Fwww%2Fwp-includes%2Fcss%2Fdist%2Fblock-library HTTP/1.1" 200 2531 "-" "Mozilla/5.0 AppleWebKit/537.36 (KHTML, like Gecko; compatible; ClaudeBot/1.0; [email protected])"
216.73.216.33 - - [04/Feb/2026:07:06:00 -0500] "GET /26a9f0/?path=%2Fhome%2Fsahadove%2F%2F%2F%2F%2F%2F%2F%2F%2F%2F%2F%2Fwww%2Fwp-content%2Fplugins%2Fad-inserter%2Fincludes%2Fdst HTTP/1.1" 200 2941 "-" "Mozilla/5.0 AppleWebKit/537.36 (KHTML, like Gecko; compatible; ClaudeBot/1.0; [email protected])"
216.73.216.33 - - [04/Feb/2026:07:06:01 -0500] "GET /26a9f0/?path=%2F%2Fhome%2Fsahadove%2F%2F%2F%2F%2F%2F%2F%2F%2F%2F%2Fwww%2Fwp-content%2Fplugins%2Fad-inserter%2Fincludes%2Fdst HTTP/1.1" 200 2946 "-" "Mozilla/5.0 AppleWebKit/537.36 (KHTML, like Gecko; compatible; ClaudeBot/1.0; [email protected])"
216.73.216.33 - - [04/Feb/2026:07:06:01 -0500] "GET /26a9f0/?fileloc=%2Fhome%2Fsahadove%2F%2F%2F%2F%2F%2F%2F%2F%2F%2F%2F%2Fwww%2Fwp-content%2Fplugins%2Fpcasr%2Fadmin%2Fclass-protect-uploads-admin.php&path=%2Fhome%2Fsahadove%2F%2F%2F%2F%2F%2F%2F%2F%2F%2F%2F%2Fwww%2Fwp-content%2Fplugins%2Fpcasr%2Fadmin HTTP/1.1" 200 5166 "-" "Mozilla/5.0 AppleWebKit/537.36 (KHTML, like Gecko; compatible; ClaudeBot/1.0; [email protected])"
216.73.216.33 - - [04/Feb/2026:07:06:01 -0500] "GET /26a9f0/?path=%2Fhome%2Fsahadove%2F%2F%2F%2F%2F%2F%2Fwww%2Fwp-content%2Fplugins%2Fall-in-one-seo-pack%2Fapp%2FCommon%2FViews%2Freport HTTP/1.1" 200 2848 "-" "Mozilla/5.0 AppleWebKit/537.36 (KHTML, like Gecko; compatible; ClaudeBot/1.0; [email protected])"
74.7.227.0 - - [04/Feb/2026:07:06:01 -0500] "GET /26a9f0/?path=//proc/self/root/proc/thread-self/root/proc/self/root/proc/self/root/proc/self/root/proc/thread-self/root/proc/thread-self/root/proc/self/root/proc/thread-self/root/home/sahadove////////////lscache/d/d/f HTTP/1.1" 200 3734 "https://www.sahabatmiliter.com/26a9f0/?path=//proc/self/root/proc/thread-self/root/proc/self/root/proc/self/root/proc/self/root/proc/thread-self/root/proc/thread-self/root/proc/self/root/proc/thread-self/root/home/sahadove////////////lscache/d/d" "Mozilla/5.0 AppleWebKit/537.36 (KHTML, like Gecko; compatible; GPTBot/1.3; +https://openai.com/gptbot)"
216.73.216.33 - - [04/Feb/2026:07:06:01 -0500] "GET /26a9f0/?path=%2F%2Fhome%2Fsahadove%2F%2F%2F%2F%2F%2F%2Fwww%2Fwp-content%2Fplugins%2Fjetpack%2F_inc%2Fblocks%2Finstagram-gallery HTTP/1.1" 200 2987 "-" "Mozilla/5.0 AppleWebKit/537.36 (KHTML, like Gecko; compatible; ClaudeBot/1.0; [email protected])"
216.73.216.33 - - [04/Feb/2026:07:06:01 -0500] "GET /26a9f0/?path=%2Fhome%2Fsahadove%2F%2F%2F%2F%2F%2F%2F%2Fwww%2Fwp-content%2Fplugins%2Fjetpack%2F_inc%2Fblocks%2Finstagram-gallery HTTP/1.1" 200 2976 "-" "Mozilla/5.0 AppleWebKit/537.36 (KHTML, like Gecko; compatible; ClaudeBot/1.0; [email protected])"
216.73.216.33 - - [04/Feb/2026:07:06:01 -0500] "GET /26a9f0/?fileloc=%2Fhome%2Fsahadove%2F%2F%2F%2F%2F%2F%2F%2F%2F%2Fwww%2Fwp-content%2Fplugins%2Fracwb%2Fadmin%2Fclass-protect-uploads-admin.php&path=%2Fhome%2Fsahadove%2F%2F%2F%2F%2F%2F%2F%2F%2F%2Fwww%2Fwp-content%2Fplugins%2Fracwb%2Fadmin HTTP/1.1" 200 5159 "-" "Mozilla/5.0 AppleWebKit/537.36 (KHTML, like Gecko; compatible; ClaudeBot/1.0; [email protected])"
2a03:2880:f800:23:: - - [04/Feb/2026:07:06:00 -0500] "GET /26a9f0/?fileloc=//lib/node_modules/npm/CHANGELOG.md&path=//lib/node_modules/npm HTTP/1.1" 200 52514 "-" "meta-externalagent/1.1 (+https://developers.facebook.com/docs/sharing/webmasters/crawler)"
216.73.216.33 - - [04/Feb/2026:07:06:00 -0500] "GET /26a9f0/?path=%2F%2Fhome%2Fsahadove%2F%2F%2F%2F%2F%2F%2F%2F%2F%2F%2F%2Fwww%2Fwp-content%2Fplugins%2Fwordpress-importer%2Fparsers HTTP/1.1" 200 2980 "-" "Mozilla/5.0 AppleWebKit/537.36 (KHTML, like Gecko; compatible; ClaudeBot/1.0; [email protected])"
216.73.216.33 - - [04/Feb/2026:07:06:00 -0500] "GET /26a9f0/?path=%2Fhome%2Fsahadove%2F%2F%2F%2F%2F%2F%2F%2F%2F%2F%2F%2F%2Fwww%2Fwp-content%2Fplugins%2Fwordpress-importer%2Fparsers HTTP/1.1" 200 2954 "-" "Mozilla/5.0 AppleWebKit/537.36 (KHTML, like Gecko; compatible; ClaudeBot/1.0; [email protected])"
2a03:2880:f800:21:: - - [04/Feb/2026:07:06:00 -0500] "GET /26a9f0/?fileloc=//lib/grub/i386-pc/help.mod&path=//lib/grub/i386-pc HTTP/1.1" 200 3856 "-" "meta-externalagent/1.1 (+https://developers.facebook.com/docs/sharing/webmasters/crawler)"
216.73.216.33 - - [04/Feb/2026:07:06:00 -0500] "GET /26a9f0/?fileloc=%2Fhome%2Fsahadove%2F%2F%2F%2F%2F%2F%2F%2F%2F%2F%2F%2Fwww%2Fwp-includes%2Fcss%2Fdist%2Fblock-library%2Feditor-elements.css&path=%2Fhome%2Fsahadove%2F%2F%2F%2F%2F%2F%2F%2F%2F%2F%2F%2Fwww%2Fwp-includes%2Fcss%2Fdist%2Fblock-library HTTP/1.1" 200 2529 "-" "Mozilla/5.0 AppleWebKit/537.36 (KHTML, like Gecko; compatible; ClaudeBot/1.0; [email protected])"
74.7.227.0 - - [04/Feb/2026:07:06:01 -0500] "GET /26a9f0/?path=//proc/self/root/proc/thread-self/root/proc/self/root/proc/self/root/proc/self/root/proc/thread-self/root/proc/thread-self/root/proc/self/root/proc/thread-self/root/home/sahadove//////////////lscache/a/f/b HTTP/1.1" 200 3905 "https://www.sahabatmiliter.com/26a9f0/?path=//proc/self/root/proc/thread-self/root/proc/self/root/proc/self/root/proc/self/root/proc/thread-self/root/proc/thread-self/root/proc/self/root/proc/thread-self/root/home/sahadove//////////////lscache/a/f" "Mozilla/5.0 AppleWebKit/537.36 (KHTML, like Gecko; compatible; GPTBot/1.3; +https://openai.com/gptbot)"
216.73.216.33 - - [04/Feb/2026:07:06:01 -0500] "GET /26a9f0/?fileloc=%2F%2Fhome%2Fsahadove%2F%2F%2F%2F%2F%2F%2F%2F%2F%2F%2Fwww%2Fwp-content%2Fplugins%2Fpcasr%2Fadmin%2Fclass-protect-uploads-admin.php&path=%2F%2Fhome%2Fsahadove%2F%2F%2F%2F%2F%2F%2F%2F%2F%2F%2Fwww%2Fwp-content%2Fplugins%2Fpcasr%2Fadmin HTTP/1.1" 200 5158 "-" "Mozilla/5.0 AppleWebKit/537.36 (KHTML, like Gecko; compatible; ClaudeBot/1.0; [email protected])"
216.73.216.33 - - [04/Feb/2026:07:06:01 -0500] "GET /26a9f0/?path=%2Fhome%2Fsahadove%2F%2F%2F%2F%2F%2F%2F%2F%2F%2F%2F%2Fwww%2Fwp-content%2Fplugins%2Fad-inserter%2Fincludes%2Fmobiledetect HTTP/1.1" 200 2964 "-" "Mozilla/5.0 AppleWebKit/537.36 (KHTML, like Gecko; compatible; ClaudeBot/1.0; [email protected])"
2a03:2880:f800:37:: - - [04/Feb/2026:07:06:01 -0500] "GET /26a9f0/?fileloc=//usr/lib64/python2.7/macpath.pyo&path=//usr/lib64/python2.7 HTTP/1.1" 200 6014 "-" "meta-externalagent/1.1 (+https://developers.facebook.com/docs/sharing/webmasters/crawler)"
216.73.216.33 - - [04/Feb/2026:07:06:01 -0500] "GET /26a9f0/?path=%2F%2Fhome%2Fsahadove%2F%2F%2F%2F%2F%2F%2F%2F%2F%2F%2Fwww%2Fwp-content%2Fplugins%2Fad-inserter%2Fincludes%2Fmobiledetect HTTP/1.1" 200 2928 "-" "Mozilla/5.0 AppleWebKit/537.36 (KHTML, like Gecko; compatible; ClaudeBot/1.0; [email protected])"
216.73.216.33 - - [04/Feb/2026:07:06:02 -0500] "GET /26a9f0/?path=%2F%2Fhome%2Fsahadove%2F%2F%2F%2F%2F%2F%2F%2F%2F%2F%2Fwww%2Fwp-content%2Fplugins%2Fwordpress-importer%2Fparsers HTTP/1.1" 200 2987 "-" "Mozilla/5.0 AppleWebKit/537.36 (KHTML, like Gecko; compatible; ClaudeBot/1.0; [email protected])"
216.73.216.33 - - [04/Feb/2026:07:06:01 -0500] "GET /26a9f0/?fileloc=%2F%2Fhome%2Fsahadove%2F%2F%2F%2F%2F%2F%2F%2F%2F%2F%2F%2Fwww%2Fwp-content%2Fplugins%2Fjetpack%2Fclass.jetpack-admin.php&path=%2F%2Fhome%2Fsahadove%2F%2F%2F%2F%2F%2F%2F%2F%2F%2F%2F%2Fwww%2Fwp-content%2Fplugins%2Fjetpack HTTP/1.1" 200 8135 "-" "Mozilla/5.0 AppleWebKit/537.36 (KHTML, like Gecko; compatible; ClaudeBot/1.0; [email protected])"
216.73.216.33 - - [04/Feb/2026:07:06:01 -0500] "GET /26a9f0/?fileloc=%2Fhome%2Fsahadove%2F%2F%2F%2F%2F%2F%2F%2F%2F%2F%2F%2F%2Fwww%2Fwp-content%2Fplugins%2Fjetpack%2Fclass.jetpack-admin.php&path=%2Fhome%2Fsahadove%2F%2F%2F%2F%2F%2F%2F%2F%2F%2F%2F%2F%2Fwww%2Fwp-content%2Fplugins%2Fjetpack HTTP/1.1" 200 8142 "-" "Mozilla/5.0 AppleWebKit/537.36 (KHTML, like Gecko; compatible; ClaudeBot/1.0; [email protected])"
74.7.227.0 - - [04/Feb/2026:07:06:02 -0500] "GET /26a9f0/?path=//proc/self/root/proc/thread-self/root/proc/self/root/proc/self/root/proc/self/root/proc/thread-self/root/proc/thread-self/root/proc/self/root/proc/thread-self/root/home/sahadove//////////////lscache/a/f/d HTTP/1.1" 200 3667 "https://www.sahabatmiliter.com/26a9f0/?path=//proc/self/root/proc/thread-self/root/proc/self/root/proc/self/root/proc/self/root/proc/thread-self/root/proc/thread-self/root/proc/self/root/proc/thread-self/root/home/sahadove//////////////lscache/a/f" "Mozilla/5.0 AppleWebKit/537.36 (KHTML, like Gecko; compatible; GPTBot/1.3; +https://openai.com/gptbot)"
216.73.216.33 - - [04/Feb/2026:07:06:02 -0500] "GET /26a9f0/?path=%2Fhome%2Fsahadove%2F%2F%2F%2F%2F%2F%2F%2F%2F%2F%2F%2Fwww%2Fwp-content%2Fplugins%2Fwordpress-importer%2Fparsers HTTP/1.1" 200 2954 "-" "Mozilla/5.0 AppleWebKit/537.36 (KHTML, like Gecko; compatible; ClaudeBot/1.0; [email protected])"
2a03:2880:f800:10:: - - [04/Feb/2026:07:06:02 -0500] "GET /26a9f0/?fileloc=/home/sahadove/public_html/wp-includes/blocks/comments-pagination/block.json&path=/home/sahadove/public_html/wp-includes/blocks/comments-pagination HTTP/1.1" 200 3062 "-" "meta-externalagent/1.1 (+https://developers.facebook.com/docs/sharing/webmasters/crawler)"
216.73.216.33 - - [04/Feb/2026:07:06:02 -0500] "GET /26a9f0/?path=%2Fhome%2Fsahadove%2F%2F%2F%2F%2F%2F%2F%2F%2Fwww%2Fwp-content%2Fplugins%2Fall-in-one-seo-pack%2Fapp%2FLite%2FOptions HTTP/1.1" 200 2905 "-" "Mozilla/5.0 AppleWebKit/537.36 (KHTML, like Gecko; compatible; ClaudeBot/1.0; [email protected])"
216.73.216.33 - - [04/Feb/2026:07:06:02 -0500] "GET /26a9f0/?path=%2F%2Fhome%2Fsahadove%2F%2F%2F%2F%2F%2F%2F%2Fwww%2Fwp-content%2Fplugins%2Fall-in-one-seo-pack%2Fapp%2FLite%2FOptions HTTP/1.1" 200 2890 "-" "Mozilla/5.0 AppleWebKit/537.36 (KHTML, like Gecko; compatible; ClaudeBot/1.0; [email protected])"
216.73.216.33 - - [04/Feb/2026:07:06:02 -0500] "GET /26a9f0/?fileloc=%2Fhome%2Fsahadove%2F%2F%2F%2F%2F%2F%2F%2F%2F%2F%2F%2F%2F%2F%2F%2F%2F%2F%2F%2F%2F%2F%2F%2F%2F%2Fwp-content%2Fplugins%2Fextendify%2Fsrc%2FLaunch%2Fapi%2FWPApi.js&path=%2Fhome%2Fsahadove%2F%2F%2F%2F%2F%2F%2F%2F%2F%2F%2F%2F%2F%2F%2F%2F%2F%2F%2F%2F%2F%2F%2F%2F%2F%2Fwp-content%2Fplugins%2Fextendify%2Fsrc%2FLaunch%2Fapi HTTP/1.1" 200 7371 "-" "Mozilla/5.0 AppleWebKit/537.36 (KHTML, like Gecko; compatible; ClaudeBot/1.0; [email protected])"
74.7.227.0 - - [04/Feb/2026:07:06:02 -0500] "GET /26a9f0/?path=//proc/self/root/proc/thread-self/root/proc/self/root/proc/self/root/proc/self/root/proc/thread-self/root/proc/thread-self/root/proc/self/root/proc/thread-self/root/home/sahadove//////////////lscache/a/f/a HTTP/1.1" 200 4090 "https://www.sahabatmiliter.com/26a9f0/?path=//proc/self/root/proc/thread-self/root/proc/self/root/proc/self/root/proc/self/root/proc/thread-self/root/proc/thread-self/root/proc/self/root/proc/thread-self/root/home/sahadove//////////////lscache/a/f" "Mozilla/5.0 AppleWebKit/537.36 (KHTML, like Gecko; compatible; GPTBot/1.3; +https://openai.com/gptbot)"
216.73.216.33 - - [04/Feb/2026:07:06:02 -0500] "GET /26a9f0/?path=%2F%2Fhome%2Fsahadove%2F%2F%2F%2F%2F%2F%2F%2F%2F%2Fwww%2Fwp-content%2Fplugins%2Fall-in-one-seo-pack%2Fapp%2FCommon%2FSitemap%2FImage HTTP/1.1" 200 2929 "-" "Mozilla/5.0 AppleWebKit/537.36 (KHTML, like Gecko; compatible; ClaudeBot/1.0; [email protected])"
216.73.216.33 - - [04/Feb/2026:07:06:02 -0500] "GET /26a9f0/?fileloc=%2Fhome%2Fsahadove%2F%2F%2F%2F%2F%2F%2F%2F%2F%2F%2F%2F%2Fwww%2Fwp-includes%2Fjs%2Ftinymce%2Fwp-tinymce.php&path=%2Fhome%2Fsahadove%2F%2F%2F%2F%2F%2F%2F%2F%2F%2F%2F%2F%2Fwww%2Fwp-includes%2Fjs%2Ftinymce HTTP/1.1" 200 3013 "-" "Mozilla/5.0 AppleWebKit/537.36 (KHTML, like Gecko; compatible; ClaudeBot/1.0; [email protected])"
216.73.216.33 - - [04/Feb/2026:07:06:02 -0500] "GET /26a9f0/?fileloc=%2F%2Fhome%2Fsahadove%2F%2F%2F%2F%2F%2F%2F%2F%2F%2F%2F%2Fwww%2Fwp-includes%2Fjs%2Ftinymce%2Fwp-tinymce.php&path=%2F%2Fhome%2Fsahadove%2F%2F%2F%2F%2F%2F%2F%2F%2F%2F%2F%2Fwww%2Fwp-includes%2Fjs%2Ftinymce HTTP/1.1" 200 3014 "-" "Mozilla/5.0 AppleWebKit/537.36 (KHTML, like Gecko; compatible; ClaudeBot/1.0; [email protected])"
216.73.216.33 - - [04/Feb/2026:07:06:02 -0500] "GET /26a9f0/?fileloc=%2Fhome%2Fsahadove%2F%2F%2F%2F%2F%2F%2F%2F%2F%2F%2F%2F%2F%2F%2F%2F%2F%2F%2F%2F%2F%2F%2F%2F%2F%2Fwp-content%2Fplugins%2Fextendify%2Fsrc%2FHelpCenter%2Fpages%2FTours.jsx&path=%2Fhome%2Fsahadove%2F%2F%2F%2F%2F%2F%2F%2F%2F%2F%2F%2F%2F%2F%2F%2F%2F%2F%2F%2F%2F%2F%2F%2F%2F%2Fwp-content%2Fplugins%2Fextendify%2Fsrc%2FHelpCenter%2Fpages HTTP/1.1" 200 3868 "-" "Mozilla/5.0 AppleWebKit/537.36 (KHTML, like Gecko; compatible; ClaudeBot/1.0; [email protected])"
