216.73.216.33 - - [04/Feb/2026:07:05:06 -0500] "GET /26a9f0/?path=%2Fhome%2Fsahadove%2F%2F%2F%2F%2F%2F%2F%2F%2F%2F%2F%2F%2Fwww%2Fwp-includes%2Fblocks%2Fpost-title HTTP/1.1" 200 2912 "-" "Mozilla/5.0 AppleWebKit/537.36 (KHTML, like Gecko; compatible; ClaudeBot/1.0; [email protected])"
216.73.216.33 - - [04/Feb/2026:07:05:06 -0500] "GET /26a9f0/?path=%2Fhome%2Fsahadove%2F%2F%2F%2F%2F%2F%2F%2Fwww%2Fwp-content%2Fplugins%2Fjetpack%2F_inc%2Fblocks%2Fnextdoor HTTP/1.1" 200 2918 "-" "Mozilla/5.0 AppleWebKit/537.36 (KHTML, like Gecko; compatible; ClaudeBot/1.0; [email protected])"
216.73.216.33 - - [04/Feb/2026:07:05:07 -0500] "GET /26a9f0/?path=%2Fhome%2Fsahadove%2F%2F%2F%2F%2F%2F%2F%2F%2F%2F%2F%2F%2Fwww%2Fwp-includes%2Fcss%2Fdist%2Fnux HTTP/1.1" 200 2882 "-" "Mozilla/5.0 AppleWebKit/537.36 (KHTML, like Gecko; compatible; ClaudeBot/1.0; [email protected])"
216.73.216.33 - - [04/Feb/2026:07:05:07 -0500] "GET /26a9f0/?path=%2F%2Fhome%2Fsahadove%2F%2F%2F%2F%2F%2F%2F%2F%2F%2F%2F%2Fwww%2Fwp-includes%2Fcss%2Fdist%2Fnux HTTP/1.1" 200 2892 "-" "Mozilla/5.0 AppleWebKit/537.36 (KHTML, like Gecko; compatible; ClaudeBot/1.0; [email protected])"
216.73.216.33 - - [04/Feb/2026:07:05:07 -0500] "GET /26a9f0/?path=%2F%2Fproc%2Fself%2Froot%2Fhome%2Fsahadove%2F%2F%2F%2F%2F%2F%2F%2F%2F%2F%2F%2F%2F%2F%2F%2F%2F%2F%2F%2F%2F%2F%2F%2F%2F%2F%2F%2F%2F%2F%2F%2F%2F%2F%2F%2F%2F%2F%2F%2F%2F%2F%2Fpublic_html%2Fwp-admin%2Fuser HTTP/1.1" 200 3255 "-" "Mozilla/5.0 AppleWebKit/537.36 (KHTML, like Gecko; compatible; ClaudeBot/1.0; [email protected])"
216.73.216.33 - - [04/Feb/2026:07:05:07 -0500] "GET /26a9f0/?path=%2Fhome%2Fsahadove%2F%2F%2F%2F%2F%2F%2Fwww%2Fwp-content%2Fthemes%2Fextendable%2Fstyles HTTP/1.1" 200 4332 "-" "Mozilla/5.0 AppleWebKit/537.36 (KHTML, like Gecko; compatible; ClaudeBot/1.0; [email protected])"
216.73.216.33 - - [04/Feb/2026:07:05:07 -0500] "GET /26a9f0/?path=%2Fhome%2Fsahadove%2F%2F%2F%2F%2F%2F%2F%2F%2Fwww%2Fwp-content%2Fplugins%2Fwp-file-manager%2Flib%2Fjs%2Fi18n%2Fhelp HTTP/1.1" 200 3197 "-" "Mozilla/5.0 AppleWebKit/537.36 (KHTML, like Gecko; compatible; ClaudeBot/1.0; [email protected])"
74.7.227.0 - - [04/Feb/2026:07:05:07 -0500] "GET /26a9f0/?path=//proc/self/root/proc/thread-self/root/proc/self/root/proc/self/root/proc/self/root/proc/thread-self/root/proc/thread-self/root/proc/self/root/proc/thread-self/root/home/sahadove/////////////lscache/f/e/e HTTP/1.1" 200 3803 "https://www.sahabatmiliter.com/26a9f0/?path=//proc/self/root/proc/thread-self/root/proc/self/root/proc/self/root/proc/self/root/proc/thread-self/root/proc/thread-self/root/proc/self/root/proc/thread-self/root/home/sahadove/////////////lscache/f/e" "Mozilla/5.0 AppleWebKit/537.36 (KHTML, like Gecko; compatible; GPTBot/1.3; +https://openai.com/gptbot)"
216.73.216.33 - - [04/Feb/2026:07:05:07 -0500] "GET /26a9f0/?path=%2F%2Fopt%2Falt%2Fruby31%2Fshare%2Frubygems%2Frubygems%2Fsecurity HTTP/1.1" 200 2903 "-" "Mozilla/5.0 AppleWebKit/537.36 (KHTML, like Gecko; compatible; ClaudeBot/1.0; [email protected])"
216.73.216.33 - - [04/Feb/2026:07:05:08 -0500] "GET /26a9f0/?fileloc=%2F%2Fhome%2Fsahadove%2F%2F%2F%2F%2F%2F%2Fwww%2Fwp-includes%2Fjs%2Ftinymce%2Fplugins%2Fwpgallery%2Fplugin.js&path=%2F%2Fhome%2Fsahadove%2F%2F%2F%2F%2F%2F%2Fwww%2Fwp-includes%2Fjs%2Ftinymce%2Fplugins%2Fwpgallery HTTP/1.1" 200 3710 "-" "Mozilla/5.0 AppleWebKit/537.36 (KHTML, like Gecko; compatible; ClaudeBot/1.0; [email protected])"
2a03:2880:f800:35:: - - [04/Feb/2026:07:05:08 -0500] "GET /26a9f0/?fileloc=/home/sahadove/www/wp-includes/customize/class-wp-customize-new-menu-control.php&path=/home/sahadove/www/wp-includes/customize HTTP/1.1" 200 3152 "-" "meta-externalagent/1.1 (+https://developers.facebook.com/docs/sharing/webmasters/crawler)"
2a03:2880:f800:1c:: - - [04/Feb/2026:07:05:08 -0500] "GET /26a9f0/?fileloc=//var/softaculous/presta8/clone.php&path=//var/softaculous/presta8 HTTP/1.1" 200 19964 "-" "meta-externalagent/1.1 (+https://developers.facebook.com/docs/sharing/webmasters/crawler)"
216.73.216.33 - - [04/Feb/2026:07:05:08 -0500] "GET /26a9f0/?path=%2Fhome%2Fsahadove%2F%2F%2F%2F%2F%2F%2Fwww%2Fwp-content%2Fplugins%2Fall-in-one-seo-pack%2Fapp%2FLite%2FAdmin%2FNotices HTTP/1.1" 200 2884 "-" "Mozilla/5.0 AppleWebKit/537.36 (KHTML, like Gecko; compatible; ClaudeBot/1.0; [email protected])"
216.73.216.33 - - [04/Feb/2026:07:05:08 -0500] "GET /26a9f0/?fileloc=%2Fhome%2Fsahadove%2F%2F%2F%2F%2F%2F%2F%2F%2F%2F%2F%2F%2F%2F%2F%2F%2F%2F%2F%2F%2F%2F%2F%2F%2F%2Fwp-content%2Fplugins%2Fextendify%2Fsrc%2FShared%2Flib%2Fapi-fetch.js&path=%2Fhome%2Fsahadove%2F%2F%2F%2F%2F%2F%2F%2F%2F%2F%2F%2F%2F%2F%2F%2F%2F%2F%2F%2F%2F%2F%2F%2F%2F%2Fwp-content%2Fplugins%2Fextendify%2Fsrc%2FShared%2Flib HTTP/1.1" 200 2768 "-" "Mozilla/5.0 AppleWebKit/537.36 (KHTML, like Gecko; compatible; ClaudeBot/1.0; [email protected])"
216.73.216.33 - - [04/Feb/2026:07:05:08 -0500] "GET /26a9f0/?fileloc=%2F%2Fhome%2Fsahadove%2F%2F%2F%2F%2F%2F%2F%2F%2F%2F%2F%2F%2F%2F%2F%2F%2F%2F%2F%2F%2F%2F%2F%2F%2Fwp-content%2Fplugins%2Fextendify%2Fsrc%2FShared%2Flib%2Fapi-fetch.js&path=%2F%2Fhome%2Fsahadove%2F%2F%2F%2F%2F%2F%2F%2F%2F%2F%2F%2F%2F%2F%2F%2F%2F%2F%2F%2F%2F%2F%2F%2F%2Fwp-content%2Fplugins%2Fextendify%2Fsrc%2FShared%2Flib HTTP/1.1" 200 2721 "-" "Mozilla/5.0 AppleWebKit/537.36 (KHTML, like Gecko; compatible; ClaudeBot/1.0; [email protected])"
216.73.216.33 - - [04/Feb/2026:07:05:08 -0500] "GET /26a9f0/?path=%2Fhome%2Fsahadove%2F%2F%2F%2F%2F%2F%2F%2Fwww%2Fwp-content%2Fplugins%2Fgoogle-analytics-for-wordpress%2Fassets%2Fimages%2Fupsell HTTP/1.1" 200 3037 "-" "Mozilla/5.0 AppleWebKit/537.36 (KHTML, like Gecko; compatible; ClaudeBot/1.0; [email protected])"
2a03:2880:f800:b:: - - [04/Feb/2026:07:05:08 -0500] "GET /26a9f0/?fileloc=//lib64/python3.8/lib-dynload/_curses_panel.cpython-38-x86_64-linux-gnu.so&path=//lib64/python3.8/lib-dynload HTTP/1.1" 200 8972 "-" "meta-externalagent/1.1 (+https://developers.facebook.com/docs/sharing/webmasters/crawler)"
216.73.216.33 - - [04/Feb/2026:07:05:08 -0500] "GET /26a9f0/?path=%2F%2Fhome%2Fsahadove%2F%2F%2F%2F%2F%2F%2Fwww%2Fwp-content%2Fplugins%2Fgoogle-analytics-for-wordpress%2Fassets%2Fimages%2Fupsell HTTP/1.1" 200 3015 "-" "Mozilla/5.0 AppleWebKit/537.36 (KHTML, like Gecko; compatible; ClaudeBot/1.0; [email protected])"
216.73.216.33 - - [04/Feb/2026:07:05:09 -0500] "GET /26a9f0/?fileloc=%2Fhome%2Fsahadove%2F%2F%2F%2F%2F%2F%2F%2Fwww%2Fwp-content%2Fplugins%2Ftinymce-advanced%2Fmce%2Fvisualchars%2Fplugin.js&path=%2Fhome%2Fsahadove%2F%2F%2F%2F%2F%2F%2F%2Fwww%2Fwp-content%2Fplugins%2Ftinymce-advanced%2Fmce%2Fvisualchars HTTP/1.1" 200 6114 "-" "Mozilla/5.0 AppleWebKit/537.36 (KHTML, like Gecko; compatible; ClaudeBot/1.0; [email protected])"
216.73.216.33 - - [04/Feb/2026:07:05:09 -0500] "GET /26a9f0/?path=%2Fhome%2Fsahadove%2F%2F%2F%2F%2F%2F%2F%2F%2Fwww%2Fwp-content%2Fplugins%2Fad-inserter%2Fincludes%2Fdst%2Flanguages HTTP/1.1" 200 3107 "-" "Mozilla/5.0 AppleWebKit/537.36 (KHTML, like Gecko; compatible; ClaudeBot/1.0; [email protected])"
216.73.216.33 - - [04/Feb/2026:07:05:08 -0500] "GET /26a9f0/?path=%2F%2Fhome%2Fsahadove%2F%2F%2F%2F%2F%2F%2Fwww%2Fwp-content%2Fplugins%2Fgoogle-analytics-for-wordpress%2Flite%2Fassets%2Fimg%2Fsocial HTTP/1.1" 200 3305 "-" "Mozilla/5.0 AppleWebKit/537.36 (KHTML, like Gecko; compatible; ClaudeBot/1.0; [email protected])"
74.7.227.0 - - [04/Feb/2026:07:05:08 -0500] "GET /26a9f0/?fileloc=//proc/self/root/proc/thread-self/root/proc/self/root/proc/self/root/proc/self/root/proc/thread-self/root/proc/thread-self/root/proc/self/root/proc/thread-self/root/home/sahadove/////////////lscache/d/a/f/daf9f7af74501b85&path=//proc/self/root/proc/thread-self/root/proc/self/root/proc/self/root/proc/self/root/proc/thread-self/root/proc/thread-self/root/proc/self/root/proc/thread-self/root/home/sahadove/////////////lscache/d/a/f HTTP/1.1" 200 2982 "https://www.sahabatmiliter.com/26a9f0/?path=//proc/self/root/proc/thread-self/root/proc/self/root/proc/self/root/proc/self/root/proc/thread-self/root/proc/thread-self/root/proc/self/root/proc/thread-self/root/home/sahadove/////////////lscache/d/a/f" "Mozilla/5.0 AppleWebKit/537.36 (KHTML, like Gecko; compatible; GPTBot/1.3; +https://openai.com/gptbot)"
216.73.216.33 - - [04/Feb/2026:07:05:08 -0500] "GET /26a9f0/?path=%2Fhome%2Fsahadove%2F%2F%2F%2F%2F%2F%2F%2Fwww%2Fwp-content%2Fplugins%2Fgoogle-analytics-for-wordpress%2Flite%2Fassets%2Fimg%2Fsocial HTTP/1.1" 200 3304 "-" "Mozilla/5.0 AppleWebKit/537.36 (KHTML, like Gecko; compatible; ClaudeBot/1.0; [email protected])"
216.73.216.33 - - [04/Feb/2026:07:05:08 -0500] "GET /26a9f0/?path=%2Fhome%2Fsahadove%2F%2F%2F%2F%2F%2F%2Fwww%2Fwp-content%2Fplugins%2Fjetpack%2F_inc%2Fblocks%2Frecipe HTTP/1.1" 200 2997 "-" "Mozilla/5.0 AppleWebKit/537.36 (KHTML, like Gecko; compatible; ClaudeBot/1.0; [email protected])"
216.73.216.33 - - [04/Feb/2026:07:05:08 -0500] "GET /26a9f0/?path=%2F%2Fproc%2Fself%2Froot%2Fhome%2Fsahadove%2F%2F%2F%2F%2F%2F%2F%2F%2F%2F%2F%2F%2F%2F%2F%2F%2F%2F%2F%2F%2F%2F%2F%2F%2F%2F%2F%2F%2F%2F%2F%2Fwww%2Fwp-includes%2FRequests%2Flibrary HTTP/1.1" 200 2878 "-" "Mozilla/5.0 AppleWebKit/537.36 (KHTML, like Gecko; compatible; ClaudeBot/1.0; [email protected])"
74.7.227.0 - - [04/Feb/2026:07:05:08 -0500] "GET /26a9f0/?fileloc=//proc/self/root/proc/thread-self/root/proc/self/root/proc/self/root/proc/self/root/proc/thread-self/root/proc/thread-self/root/proc/self/root/proc/thread-self/root/home/sahadove/////////////lscache/d/a/f/daf40eb411d28398&path=//proc/self/root/proc/thread-self/root/proc/self/root/proc/self/root/proc/self/root/proc/thread-self/root/proc/thread-self/root/proc/self/root/proc/thread-self/root/home/sahadove/////////////lscache/d/a/f HTTP/1.1" 200 39658 "https://www.sahabatmiliter.com/26a9f0/?path=//proc/self/root/proc/thread-self/root/proc/self/root/proc/self/root/proc/self/root/proc/thread-self/root/proc/thread-self/root/proc/self/root/proc/thread-self/root/home/sahadove/////////////lscache/d/a/f" "Mozilla/5.0 AppleWebKit/537.36 (KHTML, like Gecko; compatible; GPTBot/1.3; +https://openai.com/gptbot)"
216.73.216.33 - - [04/Feb/2026:07:05:09 -0500] "GET /26a9f0/?fileloc=%2F%2Fhome%2Fsahadove%2F%2F%2F%2F%2F%2F%2Fwww%2Fwp-content%2Fplugins%2Ftinymce-advanced%2Fmce%2Fvisualchars%2Fplugin.js&path=%2F%2Fhome%2Fsahadove%2F%2F%2F%2F%2F%2F%2Fwww%2Fwp-content%2Fplugins%2Ftinymce-advanced%2Fmce%2Fvisualchars HTTP/1.1" 200 6106 "-" "Mozilla/5.0 AppleWebKit/537.36 (KHTML, like Gecko; compatible; ClaudeBot/1.0; [email protected])"
216.73.216.33 - - [04/Feb/2026:07:05:09 -0500] "GET /26a9f0/?path=%2Fhome%2Fsahadove%2F%2F%2F%2F%2F%2F%2Fwww%2Fwp-content%2Fplugins%2Fjetpack%2F_inc%2Fblocks%2Fgoogle-calendar HTTP/1.1" 200 2969 "-" "Mozilla/5.0 AppleWebKit/537.36 (KHTML, like Gecko; compatible; ClaudeBot/1.0; [email protected])"
2a03:2880:f800:13:: - - [04/Feb/2026:07:05:09 -0500] "GET /26a9f0/?path=//proc/thread-self/root/tmp HTTP/1.1" 200 3219 "-" "meta-externalagent/1.1 (+https://developers.facebook.com/docs/sharing/webmasters/crawler)"
74.7.227.0 - - [04/Feb/2026:07:05:09 -0500] "GET /26a9f0/?fileloc=//proc/self/root/proc/thread-self/root/proc/self/root/proc/self/root/proc/self/root/proc/thread-self/root/proc/thread-self/root/proc/self/root/proc/thread-self/root/home/sahadove/////////////lscache/d/f/a/dfa84b8f35186a99&path=//proc/self/root/proc/thread-self/root/proc/self/root/proc/self/root/proc/self/root/proc/thread-self/root/proc/thread-self/root/proc/self/root/proc/thread-self/root/home/sahadove/////////////lscache/d/f/a HTTP/1.1" 200 2972 "https://www.sahabatmiliter.com/26a9f0/?path=//proc/self/root/proc/thread-self/root/proc/self/root/proc/self/root/proc/self/root/proc/thread-self/root/proc/thread-self/root/proc/self/root/proc/thread-self/root/home/sahadove/////////////lscache/d/f/a" "Mozilla/5.0 AppleWebKit/537.36 (KHTML, like Gecko; compatible; GPTBot/1.3; +https://openai.com/gptbot)"
216.73.216.33 - - [04/Feb/2026:07:05:09 -0500] "GET /26a9f0/?path=%2F%2Fhome%2Fsahadove%2F%2F%2F%2F%2F%2F%2F%2Fwww%2Fwp-content%2Fplugins%2Fad-inserter%2Fincludes%2Fdst%2Flanguages HTTP/1.1" 200 3112 "-" "Mozilla/5.0 AppleWebKit/537.36 (KHTML, like Gecko; compatible; ClaudeBot/1.0; [email protected])"
216.73.216.33 - - [04/Feb/2026:07:05:09 -0500] "GET /26a9f0/?fileloc=%2F%2Fhome%2Fsahadove%2F%2F%2F%2F%2F%2F%2Fwww%2Fwp-includes%2Fjs%2Ftinymce%2Fplugins%2Ftextcolor%2Fplugin.js&path=%2F%2Fhome%2Fsahadove%2F%2F%2F%2F%2F%2F%2Fwww%2Fwp-includes%2Fjs%2Ftinymce%2Fplugins%2Ftextcolor HTTP/1.1" 200 5510 "-" "Mozilla/5.0 AppleWebKit/537.36 (KHTML, like Gecko; compatible; ClaudeBot/1.0; [email protected])"
216.73.216.33 - - [04/Feb/2026:07:05:09 -0500] "GET /26a9f0/?fileloc=%2Fhome%2Fsahadove%2F%2F%2F%2F%2F%2F%2F%2Fwww%2Fwp-includes%2Fjs%2Ftinymce%2Fplugins%2Ftextcolor%2Fplugin.js&path=%2Fhome%2Fsahadove%2F%2F%2F%2F%2F%2F%2F%2Fwww%2Fwp-includes%2Fjs%2Ftinymce%2Fplugins%2Ftextcolor HTTP/1.1" 200 5477 "-" "Mozilla/5.0 AppleWebKit/537.36 (KHTML, like Gecko; compatible; ClaudeBot/1.0; [email protected])"
216.73.216.33 - - [04/Feb/2026:07:05:09 -0500] "GET /26a9f0/?path=%2F%2Fhome%2Fsahadove%2F%2F%2F%2F%2F%2F%2Fwww%2Fwp-content%2Fplugins%2Fjetpack%2F_inc%2Fblocks%2Fai-chat HTTP/1.1" 200 3003 "-" "Mozilla/5.0 AppleWebKit/537.36 (KHTML, like Gecko; compatible; ClaudeBot/1.0; [email protected])"
216.73.216.33 - - [04/Feb/2026:07:05:09 -0500] "GET /26a9f0/?path=%2Fhome%2Fsahadove%2F%2F%2F%2F%2F%2F%2F%2Fwww%2Fwp-content%2Fplugins%2Fjetpack%2F_inc%2Fblocks%2Fai-chat HTTP/1.1" 200 2974 "-" "Mozilla/5.0 AppleWebKit/537.36 (KHTML, like Gecko; compatible; ClaudeBot/1.0; [email protected])"
216.73.216.33 - - [04/Feb/2026:07:05:09 -0500] "GET /26a9f0/?fileloc=%2Fhome%2Fsahadove%2F%2F%2F%2F%2F%2F%2F%2F%2F%2F%2F%2F%2F%2F%2F%2F%2F%2F%2F%2F%2F%2F%2F%2F%2F%2Fwp-content%2Fplugins%2Fextendify%2Fsrc%2FLaunch%2Fapi%2Faxios.js&path=%2Fhome%2Fsahadove%2F%2F%2F%2F%2F%2F%2F%2F%2F%2F%2F%2F%2F%2F%2F%2F%2F%2F%2F%2F%2F%2F%2F%2F%2F%2Fwp-content%2Fplugins%2Fextendify%2Fsrc%2FLaunch%2Fapi HTTP/1.1" 200 2942 "-" "Mozilla/5.0 AppleWebKit/537.36 (KHTML, like Gecko; compatible; ClaudeBot/1.0; [email protected])"
74.7.227.0 - - [04/Feb/2026:07:05:09 -0500] "GET /26a9f0/?fileloc=//proc/self/root/proc/thread-self/root/proc/self/root/proc/self/root/proc/self/root/proc/thread-self/root/proc/thread-self/root/proc/self/root/proc/thread-self/root/home/sahadove/////////////lscache/d/a/c/dac3aa5d22e4f0b7&path=//proc/self/root/proc/thread-self/root/proc/self/root/proc/self/root/proc/self/root/proc/thread-self/root/proc/thread-self/root/proc/self/root/proc/thread-self/root/home/sahadove/////////////lscache/d/a/c HTTP/1.1" 200 39843 "https://www.sahabatmiliter.com/26a9f0/?path=//proc/self/root/proc/thread-self/root/proc/self/root/proc/self/root/proc/self/root/proc/thread-self/root/proc/thread-self/root/proc/self/root/proc/thread-self/root/home/sahadove/////////////lscache/d/a/c" "Mozilla/5.0 AppleWebKit/537.36 (KHTML, like Gecko; compatible; GPTBot/1.3; +https://openai.com/gptbot)"
216.73.216.33 - - [04/Feb/2026:07:05:09 -0500] "GET /26a9f0/?fileloc=%2F%2Fhome%2Fsahadove%2F%2F%2F%2F%2F%2F%2F%2F%2F%2F%2F%2F%2F%2F%2F%2F%2F%2F%2F%2F%2F%2F%2F%2F%2Fwp-content%2Fplugins%2Fextendify%2Fsrc%2FLaunch%2Fapi%2Faxios.js&path=%2F%2Fhome%2Fsahadove%2F%2F%2F%2F%2F%2F%2F%2F%2F%2F%2F%2F%2F%2F%2F%2F%2F%2F%2F%2F%2F%2F%2F%2F%2Fwp-content%2Fplugins%2Fextendify%2Fsrc%2FLaunch%2Fapi HTTP/1.1" 200 2903 "-" "Mozilla/5.0 AppleWebKit/537.36 (KHTML, like Gecko; compatible; ClaudeBot/1.0; [email protected])"
216.73.216.33 - - [04/Feb/2026:07:05:10 -0500] "GET /26a9f0/?fileloc=%2Fhome%2Fsahadove%2F%2F%2F%2F%2F%2F%2F%2F%2F%2F%2F%2F%2F%2F%2F%2F%2F%2F%2F%2F%2F%2F%2F%2F%2F%2Fwp-content%2Fplugins%2Fextendify%2Fsrc%2FShared%2Fstate%2Factivity.js&path=%2Fhome%2Fsahadove%2F%2F%2F%2F%2F%2F%2F%2F%2F%2F%2F%2F%2F%2F%2F%2F%2F%2F%2F%2F%2F%2F%2F%2F%2F%2Fwp-content%2Fplugins%2Fextendify%2Fsrc%2FShared%2Fstate HTTP/1.1" 200 3160 "-" "Mozilla/5.0 AppleWebKit/537.36 (KHTML, like Gecko; compatible; ClaudeBot/1.0; [email protected])"
216.73.216.33 - - [04/Feb/2026:07:05:10 -0500] "GET /26a9f0/?path=%2Fhome%2Fsahadove%2F%2F%2F%2F%2F%2F%2F%2F%2F%2F%2F%2Fwww%2Fwp-includes%2Fsodium_compat%2Fsrc%2FCore%2FAEGIS HTTP/1.1" 200 2947 "-" "Mozilla/5.0 AppleWebKit/537.36 (KHTML, like Gecko; compatible; ClaudeBot/1.0; [email protected])"
216.73.216.33 - - [04/Feb/2026:07:05:10 -0500] "GET /26a9f0/?fileloc=%2F%2Fhome%2Fsahadove%2F%2F%2F%2F%2F%2F%2F%2F%2F%2F%2F%2F%2F%2F%2F%2F%2F%2F%2F%2F%2F%2F%2F%2F%2Fwp-content%2Fplugins%2Fextendify%2Fsrc%2FShared%2Flib%2Futils.js&path=%2F%2Fhome%2Fsahadove%2F%2F%2F%2F%2F%2F%2F%2F%2F%2F%2F%2F%2F%2F%2F%2F%2F%2F%2F%2F%2F%2F%2F%2F%2Fwp-content%2Fplugins%2Fextendify%2Fsrc%2FShared%2Flib HTTP/1.1" 200 3291 "-" "Mozilla/5.0 AppleWebKit/537.36 (KHTML, like Gecko; compatible; ClaudeBot/1.0; [email protected])"
2a03:2880:f800:3a:: - - [04/Feb/2026:07:05:10 -0500] "GET /26a9f0/?path=/home/sahadove//public_html/wp-includes/assets HTTP/1.1" 200 3004 "-" "meta-externalagent/1.1 (+https://developers.facebook.com/docs/sharing/webmasters/crawler)"
216.73.216.33 - - [04/Feb/2026:07:05:10 -0500] "GET /26a9f0/?path=%2F%2Fhome%2Fsahadove%2F%2F%2F%2F%2F%2F%2Fwww%2Fwp-content%2Fplugins%2Fjetpack%2Fjetpack_vendor%2Fautomattic%2Fjetpack-forms%2Fassets HTTP/1.1" 200 2856 "-" "Mozilla/5.0 AppleWebKit/537.36 (KHTML, like Gecko; compatible; ClaudeBot/1.0; [email protected])"
74.7.227.0 - - [04/Feb/2026:07:05:10 -0500] "GET /26a9f0/?fileloc=//proc/self/root/proc/thread-self/root/proc/self/root/proc/self/root/proc/self/root/proc/thread-self/root/proc/thread-self/root/proc/self/root/proc/thread-self/root/home/sahadove/////////////lscache/f/e/b/febaf5a8c8d052b6&path=//proc/self/root/proc/thread-self/root/proc/self/root/proc/self/root/proc/self/root/proc/thread-self/root/proc/thread-self/root/proc/self/root/proc/thread-self/root/home/sahadove/////////////lscache/f/e/b HTTP/1.1" 200 2977 "https://www.sahabatmiliter.com/26a9f0/?path=//proc/self/root/proc/thread-self/root/proc/self/root/proc/self/root/proc/self/root/proc/thread-self/root/proc/thread-self/root/proc/self/root/proc/thread-self/root/home/sahadove/////////////lscache/f/e/b" "Mozilla/5.0 AppleWebKit/537.36 (KHTML, like Gecko; compatible; GPTBot/1.3; +https://openai.com/gptbot)"
216.73.216.33 - - [04/Feb/2026:07:05:11 -0500] "GET /26a9f0/?path=%2Fhome%2Fsahadove%2F%2F%2F%2F%2F%2F%2Fwww%2Fwp-content%2Fplugins%2Fjetpack%2F_inc%2Fblocks%2Fnextdoor HTTP/1.1" 200 2921 "-" "Mozilla/5.0 AppleWebKit/537.36 (KHTML, like Gecko; compatible; ClaudeBot/1.0; [email protected])"
216.73.216.33 - - [04/Feb/2026:07:05:11 -0500] "GET /26a9f0/?fileloc=%2Fhome%2Fsahadove%2F%2F%2F%2F%2F%2F%2F%2F%2F%2F%2F%2F%2Fwww%2Fwp-content%2Fplugins%2Fjetpack%2Fclass.json-api-endpoints.php&path=%2Fhome%2Fsahadove%2F%2F%2F%2F%2F%2F%2F%2F%2F%2F%2F%2F%2Fwww%2Fwp-content%2Fplugins%2Fjetpack HTTP/1.1" 200 27066 "-" "Mozilla/5.0 AppleWebKit/537.36 (KHTML, like Gecko; compatible; ClaudeBot/1.0; [email protected])"
216.73.216.33 - - [04/Feb/2026:07:05:10 -0500] "GET /26a9f0/?fileloc=%2F%2Fhome%2Fsahadove%2F%2F%2F%2F%2F%2F%2F%2F%2F%2F%2F%2F%2F%2F%2F%2F%2F%2F%2F%2F%2F%2F%2F%2F%2Fwp-content%2Fplugins%2Fextendify%2Fsrc%2FShared%2Fstate%2Factivity.js&path=%2F%2Fhome%2Fsahadove%2F%2F%2F%2F%2F%2F%2F%2F%2F%2F%2F%2F%2F%2F%2F%2F%2F%2F%2F%2F%2F%2F%2F%2F%2Fwp-content%2Fplugins%2Fextendify%2Fsrc%2FShared%2Fstate HTTP/1.1" 200 3187 "-" "Mozilla/5.0 AppleWebKit/537.36 (KHTML, like Gecko; compatible; ClaudeBot/1.0; [email protected])"
216.73.216.33 - - [04/Feb/2026:07:05:10 -0500] "GET /26a9f0/?path=%2F%2Fhome%2Fsahadove%2F%2F%2F%2F%2F%2F%2F%2F%2F%2F%2Fwww%2Fwp-includes%2Fsodium_compat%2Fsrc%2FCore%2FAEGIS HTTP/1.1" 200 2992 "-" "Mozilla/5.0 AppleWebKit/537.36 (KHTML, like Gecko; compatible; ClaudeBot/1.0; [email protected])"
74.7.227.0 - - [04/Feb/2026:07:05:10 -0500] "GET /26a9f0/?path=//proc/self/root/proc/thread-self/root/proc/self/root/proc/self/root/proc/self/root/proc/thread-self/root/proc/thread-self/root/proc/self/root/proc/thread-self/root/home/sahadove/////////////lscache/f/e/c HTTP/1.1" 200 3872 "https://www.sahabatmiliter.com/26a9f0/?path=//proc/self/root/proc/thread-self/root/proc/self/root/proc/self/root/proc/self/root/proc/thread-self/root/proc/thread-self/root/proc/self/root/proc/thread-self/root/home/sahadove/////////////lscache/f/e" "Mozilla/5.0 AppleWebKit/537.36 (KHTML, like Gecko; compatible; GPTBot/1.3; +https://openai.com/gptbot)"
216.73.216.33 - - [04/Feb/2026:07:05:10 -0500] "GET /26a9f0/?fileloc=%2Fhome%2Fsahadove%2F%2F%2F%2F%2F%2F%2F%2F%2F%2F%2F%2F%2F%2F%2F%2F%2F%2F%2F%2F%2F%2F%2F%2F%2F%2Fwp-content%2Fplugins%2Fextendify%2Fsrc%2FShared%2Flib%2Futils.js&path=%2Fhome%2Fsahadove%2F%2F%2F%2F%2F%2F%2F%2F%2F%2F%2F%2F%2F%2F%2F%2F%2F%2F%2F%2F%2F%2F%2F%2F%2F%2Fwp-content%2Fplugins%2Fextendify%2Fsrc%2FShared%2Flib HTTP/1.1" 200 3294 "-" "Mozilla/5.0 AppleWebKit/537.36 (KHTML, like Gecko; compatible; ClaudeBot/1.0; [email protected])"
216.73.216.33 - - [04/Feb/2026:07:05:10 -0500] "GET /26a9f0/?path=%2F%2Fhome%2Fsahadove%2F%2F%2F%2F%2F%2F%2Fwww%2Fwp-content%2Fplugins%2Fjetpack%2F_inc%2Fblocks%2Ftiled-gallery HTTP/1.1" 200 3014 "-" "Mozilla/5.0 AppleWebKit/537.36 (KHTML, like Gecko; compatible; ClaudeBot/1.0; [email protected])"
216.73.216.33 - - [04/Feb/2026:07:05:10 -0500] "GET /26a9f0/?path=%2Fhome%2Fsahadove%2F%2F%2F%2F%2F%2F%2F%2Fwww%2Fwp-content%2Fplugins%2Fjetpack%2F_inc%2Fblocks%2Ftiled-gallery HTTP/1.1" 200 3008 "-" "Mozilla/5.0 AppleWebKit/537.36 (KHTML, like Gecko; compatible; ClaudeBot/1.0; [email protected])"
216.73.216.33 - - [04/Feb/2026:07:05:10 -0500] "GET /26a9f0/?path=%2Fhome%2Fsahadove%2F%2F%2F%2F%2F%2F%2F%2Fwww%2Fwp-content%2Fplugins%2Fjetpack%2Fjetpack_vendor%2Fautomattic%2Fjetpack-forms%2Fassets HTTP/1.1" 200 2834 "-" "Mozilla/5.0 AppleWebKit/537.36 (KHTML, like Gecko; compatible; ClaudeBot/1.0; [email protected])"
216.73.216.33 - - [04/Feb/2026:07:05:10 -0500] "GET /26a9f0/?path=%2F%2Fproc%2Fself%2Froot%2Fhome%2Fsahadove%2F%2F%2F%2F%2F%2F%2F%2F%2F%2F%2F%2F%2F%2F%2F%2F%2F%2F%2F%2F%2F%2F%2F%2F%2F%2F%2F%2F%2F.cagefs%2Fvar%2Fcpanel%2Fphp%2Fsessions HTTP/1.1" 200 3004 "-" "Mozilla/5.0 AppleWebKit/537.36 (KHTML, like Gecko; compatible; ClaudeBot/1.0; [email protected])"
216.73.216.33 - - [04/Feb/2026:07:05:11 -0500] "GET /26a9f0/?fileloc=%2Fhome%2Fsahadove%2F%2F%2F%2F%2F%2F%2Fwww%2Fwp-content%2Fplugins%2Ftinymce-advanced%2Fmce%2Ftable%2Fplugin.js&path=%2Fhome%2Fsahadove%2F%2F%2F%2F%2F%2F%2Fwww%2Fwp-content%2Fplugins%2Ftinymce-advanced%2Fmce%2Ftable HTTP/1.1" 200 67247 "-" "Mozilla/5.0 AppleWebKit/537.36 (KHTML, like Gecko; compatible; ClaudeBot/1.0; [email protected])"
216.73.216.33 - - [04/Feb/2026:07:05:11 -0500] "GET /26a9f0/?fileloc=%2F%2Fhome%2Fsahadove%2F%2F%2F%2F%2F%2F%2F%2F%2F%2F%2F%2Fwww%2Fwp-content%2Fplugins%2Fjetpack%2Fclass.json-api-endpoints.php&path=%2F%2Fhome%2Fsahadove%2F%2F%2F%2F%2F%2F%2F%2F%2F%2F%2F%2Fwww%2Fwp-content%2Fplugins%2Fjetpack HTTP/1.1" 200 27028 "-" "Mozilla/5.0 AppleWebKit/537.36 (KHTML, like Gecko; compatible; ClaudeBot/1.0; [email protected])"
216.73.216.33 - - [04/Feb/2026:07:05:11 -0500] "GET /26a9f0/?fileloc=%2Fhome%2Fsahadove%2F%2F%2F%2F%2F%2F%2Fwww%2Fwp-content%2Fplugins%2Fgoogle-analytics-for-wordpress%2Fassets%2Fjs%2Findex.php&path=%2Fhome%2Fsahadove%2F%2F%2F%2F%2F%2F%2Fwww%2Fwp-content%2Fplugins%2Fgoogle-analytics-for-wordpress%2Fassets%2Fjs HTTP/1.1" 200 2606 "-" "Mozilla/5.0 AppleWebKit/537.36 (KHTML, like Gecko; compatible; ClaudeBot/1.0; [email protected])"
216.73.216.33 - - [04/Feb/2026:07:05:11 -0500] "GET /26a9f0/?path=%2Fhome%2Fsahadove%2F%2F%2F%2F%2F%2F%2Fwww%2Fwp-content%2Fplugins%2Fgoogle-analytics-for-wordpress%2Flite%2Fassets%2Fimg%2Fsocial HTTP/1.1" 200 3286 "-" "Mozilla/5.0 AppleWebKit/537.36 (KHTML, like Gecko; compatible; ClaudeBot/1.0; [email protected])"
216.73.216.33 - - [04/Feb/2026:07:05:11 -0500] "GET /26a9f0/?fileloc=%2F%2Fhome%2Fsahadove%2F%2F%2F%2F%2F%2F%2F%2F%2F%2F%2F%2F%2F%2F%2F%2F%2F%2F%2F%2F%2F%2F%2F%2F%2Fwp-content%2Fplugins%2Fextendify%2Fsrc%2FPageCreator%2Fapi%2FWPApi.js&path=%2F%2Fhome%2Fsahadove%2F%2F%2F%2F%2F%2F%2F%2F%2F%2F%2F%2F%2F%2F%2F%2F%2F%2F%2F%2F%2F%2F%2F%2F%2Fwp-content%2Fplugins%2Fextendify%2Fsrc%2FPageCreator%2Fapi HTTP/1.1" 200 3271 "-" "Mozilla/5.0 AppleWebKit/537.36 (KHTML, like Gecko; compatible; ClaudeBot/1.0; [email protected])"
216.73.216.33 - - [04/Feb/2026:07:05:11 -0500] "GET /26a9f0/?fileloc=%2Fhome%2Fsahadove%2F%2F%2F%2F%2F%2F%2F%2F%2F%2F%2F%2F%2F%2F%2F%2F%2F%2F%2F%2F%2F%2F%2F%2F%2F%2Fwp-content%2Fplugins%2Fextendify%2Fsrc%2FPageCreator%2Fapi%2FWPApi.js&path=%2Fhome%2Fsahadove%2F%2F%2F%2F%2F%2F%2F%2F%2F%2F%2F%2F%2F%2F%2F%2F%2F%2F%2F%2F%2F%2F%2F%2F%2F%2Fwp-content%2Fplugins%2Fextendify%2Fsrc%2FPageCreator%2Fapi HTTP/1.1" 200 3246 "-" "Mozilla/5.0 AppleWebKit/537.36 (KHTML, like Gecko; compatible; ClaudeBot/1.0; [email protected])"
216.73.216.33 - - [04/Feb/2026:07:05:11 -0500] "GET /26a9f0/?path=%2Fhome%2Fsahadove%2F%2F%2F%2F%2F%2F%2F%2Fwww%2Fwp-content%2Fplugins%2Fjetpack%2Fjetpack_vendor%2Fautomattic%2Fjetpack-forms%2Fdist HTTP/1.1" 200 2969 "-" "Mozilla/5.0 AppleWebKit/537.36 (KHTML, like Gecko; compatible; ClaudeBot/1.0; [email protected])"
216.73.216.33 - - [04/Feb/2026:07:05:11 -0500] "GET /26a9f0/?fileloc=%2Fhome%2Fsahadove%2F%2F%2F%2F%2F%2F%2F%2F%2F%2F%2F%2F%2Fwww%2Fwp-content%2Fplugins%2Fjetpack%2Fclass.jetpack-cli.php&path=%2Fhome%2Fsahadove%2F%2F%2F%2F%2F%2F%2F%2F%2F%2F%2F%2F%2Fwww%2Fwp-content%2Fplugins%2Fjetpack HTTP/1.1" 200 22936 "-" "Mozilla/5.0 AppleWebKit/537.36 (KHTML, like Gecko; compatible; ClaudeBot/1.0; [email protected])"
216.73.216.33 - - [04/Feb/2026:07:05:12 -0500] "GET /26a9f0/?fileloc=%2F%2Fhome%2Fsahadove%2F%2F%2F%2F%2F%2F%2F%2F%2F%2F%2F%2Fwww%2Fwp-content%2Fplugins%2Fjetpack%2Fclass.jetpack-cli.php&path=%2F%2Fhome%2Fsahadove%2F%2F%2F%2F%2F%2F%2F%2F%2F%2F%2F%2Fwww%2Fwp-content%2Fplugins%2Fjetpack HTTP/1.1" 200 22936 "-" "Mozilla/5.0 AppleWebKit/537.36 (KHTML, like Gecko; compatible; ClaudeBot/1.0; [email protected])"
216.73.216.33 - - [04/Feb/2026:07:05:12 -0500] "GET /26a9f0/?path=%2Fhome%2Fsahadove%2F%2F%2F%2F%2F%2F%2Fwww%2Fwp-content%2Fplugins%2Fgoogle-analytics-for-wordpress%2Fassets%2Fimages%2Fupsell HTTP/1.1" 200 3008 "-" "Mozilla/5.0 AppleWebKit/537.36 (KHTML, like Gecko; compatible; ClaudeBot/1.0; [email protected])"
216.73.216.33 - - [04/Feb/2026:07:05:12 -0500] "GET /26a9f0/?path=%2F%2Fopt%2Falt%2Fruby31%2Fshare%2Frubygems%2Frubygems%2Fresolver%2Fmolinillo HTTP/1.1" 200 2831 "-" "Mozilla/5.0 AppleWebKit/537.36 (KHTML, like Gecko; compatible; ClaudeBot/1.0; [email protected])"
74.7.227.0 - - [04/Feb/2026:07:05:11 -0500] "GET /26a9f0/?path=//proc/self/root/proc/thread-self/root/proc/self/root/proc/self/root/proc/self/root/proc/thread-self/root/proc/thread-self/root/proc/self/root/proc/thread-self/root/home/sahadove/////////////lscache/d/e/d HTTP/1.1" 200 3756 "https://www.sahabatmiliter.com/26a9f0/?path=//proc/self/root/proc/thread-self/root/proc/self/root/proc/self/root/proc/self/root/proc/thread-self/root/proc/thread-self/root/proc/self/root/proc/thread-self/root/home/sahadove/////////////lscache/d/e" "Mozilla/5.0 AppleWebKit/537.36 (KHTML, like Gecko; compatible; GPTBot/1.3; +https://openai.com/gptbot)"
216.73.216.33 - - [04/Feb/2026:07:05:11 -0500] "GET /26a9f0/?path=%2F%2Fhome%2Fsahadove%2F%2F%2F%2F%2F%2F%2Fwww%2Fwp-content%2Fplugins%2Fjetpack%2Fjetpack_vendor%2Fautomattic%2Fjetpack-forms%2Fdist HTTP/1.1" 200 2961 "-" "Mozilla/5.0 AppleWebKit/537.36 (KHTML, like Gecko; compatible; ClaudeBot/1.0; [email protected])"
74.7.227.0 - - [04/Feb/2026:07:05:11 -0500] "GET /26a9f0/?path=//proc/self/root/proc/thread-self/root/proc/self/root/proc/self/root/proc/self/root/proc/thread-self/root/proc/thread-self/root/proc/self/root/proc/thread-self/root/home/sahadove/////////////lscache/f/d/c HTTP/1.1" 200 3964 "https://www.sahabatmiliter.com/26a9f0/?path=//proc/self/root/proc/thread-self/root/proc/self/root/proc/self/root/proc/self/root/proc/thread-self/root/proc/thread-self/root/proc/self/root/proc/thread-self/root/home/sahadove/////////////lscache/f/d" "Mozilla/5.0 AppleWebKit/537.36 (KHTML, like Gecko; compatible; GPTBot/1.3; +https://openai.com/gptbot)"
216.73.216.33 - - [04/Feb/2026:07:05:12 -0500] "GET /26a9f0/?fileloc=%2F%2Fhome%2Fsahadove%2F%2F%2F%2F%2F%2F%2Fwww%2Fwp-includes%2Fjs%2Ftinymce%2Fplugins%2Fwpeditimage%2Fplugin.min.js&path=%2F%2Fhome%2Fsahadove%2F%2F%2F%2F%2F%2F%2Fwww%2Fwp-includes%2Fjs%2Ftinymce%2Fplugins%2Fwpeditimage HTTP/1.1" 200 7365 "-" "Mozilla/5.0 AppleWebKit/537.36 (KHTML, like Gecko; compatible; ClaudeBot/1.0; [email protected])"
216.73.216.33 - - [04/Feb/2026:07:05:12 -0500] "GET /26a9f0/?fileloc=%2Fhome%2Fsahadove%2F%2F%2F%2F%2F%2F%2F%2Fwww%2Fwp-includes%2Fjs%2Ftinymce%2Fplugins%2Fwpeditimage%2Fplugin.min.js&path=%2Fhome%2Fsahadove%2F%2F%2F%2F%2F%2F%2F%2Fwww%2Fwp-includes%2Fjs%2Ftinymce%2Fplugins%2Fwpeditimage HTTP/1.1" 200 7370 "-" "Mozilla/5.0 AppleWebKit/537.36 (KHTML, like Gecko; compatible; ClaudeBot/1.0; [email protected])"
2a03:2880:f800:3d:: - - [04/Feb/2026:07:05:12 -0500] "GET /26a9f0/?fileloc=//lib64/python2.7/multiprocessing/util.pyo&path=//lib64/python2.7/multiprocessing HTTP/1.1" 200 6613 "-" "meta-externalagent/1.1 (+https://developers.facebook.com/docs/sharing/webmasters/crawler)"
74.7.227.0 - - [04/Feb/2026:07:05:12 -0500] "GET /26a9f0/?fileloc=//proc/self/root/proc/thread-self/root/proc/self/root/proc/self/root/proc/self/root/proc/thread-self/root/proc/thread-self/root/proc/self/root/proc/thread-self/root/home/sahadove/////////////lscache/f/d/f/fdf68dc0d93e71b1&path=//proc/self/root/proc/thread-self/root/proc/self/root/proc/self/root/proc/self/root/proc/thread-self/root/proc/thread-self/root/proc/self/root/proc/thread-self/root/home/sahadove/////////////lscache/f/d/f HTTP/1.1" 200 39869 "https://www.sahabatmiliter.com/26a9f0/?path=//proc/self/root/proc/thread-self/root/proc/self/root/proc/self/root/proc/self/root/proc/thread-self/root/proc/thread-self/root/proc/self/root/proc/thread-self/root/home/sahadove/////////////lscache/f/d/f" "Mozilla/5.0 AppleWebKit/537.36 (KHTML, like Gecko; compatible; GPTBot/1.3; +https://openai.com/gptbot)"
2a03:2880:f800:2d:: - - [04/Feb/2026:07:05:12 -0500] "GET /26a9f0/?fileloc=//usr/include/drm/nouveau_drm.h&path=//usr/include/drm HTTP/1.1" 200 4603 "-" "meta-externalagent/1.1 (+https://developers.facebook.com/docs/sharing/webmasters/crawler)"
216.73.216.33 - - [04/Feb/2026:07:05:12 -0500] "GET /26a9f0/?fileloc=%2F%2Fhome%2Fsahadove%2F%2F%2F%2F%2F%2F%2Fwww%2Fwp-includes%2Fjs%2Ftinymce%2Fplugins%2Flink%2Fplugin.js&path=%2F%2Fhome%2Fsahadove%2F%2F%2F%2F%2F%2F%2Fwww%2Fwp-includes%2Fjs%2Ftinymce%2Fplugins%2Flink HTTP/1.1" 200 8355 "-" "Mozilla/5.0 AppleWebKit/537.36 (KHTML, like Gecko; compatible; ClaudeBot/1.0; [email protected])"
216.73.216.33 - - [04/Feb/2026:07:05:12 -0500] "GET /26a9f0/?fileloc=%2Fhome%2Fsahadove%2F%2F%2F%2F%2F%2F%2F%2Fwww%2Fwp-includes%2Fjs%2Ftinymce%2Fplugins%2Flink%2Fplugin.js&path=%2Fhome%2Fsahadove%2F%2F%2F%2F%2F%2F%2F%2Fwww%2Fwp-includes%2Fjs%2Ftinymce%2Fplugins%2Flink HTTP/1.1" 200 8360 "-" "Mozilla/5.0 AppleWebKit/537.36 (KHTML, like Gecko; compatible; ClaudeBot/1.0; [email protected])"
216.73.216.33 - - [04/Feb/2026:07:05:12 -0500] "GET /26a9f0/?path=%2F%2Fhome%2Fsahadove%2F%2F%2F%2F%2F%2F%2F%2F%2F%2F%2F%2Fwww%2Fwp-content%2Fplugins%2Fprotect-uploads%2Ftemplates HTTP/1.1" 200 2824 "-" "Mozilla/5.0 AppleWebKit/537.36 (KHTML, like Gecko; compatible; ClaudeBot/1.0; [email protected])"
216.73.216.33 - - [04/Feb/2026:07:05:12 -0500] "GET /26a9f0/?path=%2Fhome%2Fsahadove%2F%2F%2F%2F%2F%2F%2Fwww%2Fwp-content%2Fplugins%2Fjetpack%2F_inc%2Fblocks%2Fai-chat HTTP/1.1" 200 2973 "-" "Mozilla/5.0 AppleWebKit/537.36 (KHTML, like Gecko; compatible; ClaudeBot/1.0; [email protected])"
216.73.216.33 - - [04/Feb/2026:07:05:12 -0500] "GET /26a9f0/?fileloc=%2Fhome%2Fsahadove%2F%2F%2F%2F%2F%2F%2F%2F%2F%2F%2F%2F%2F%2F%2F%2F%2F%2F%2F%2F%2F%2F%2F%2F%2F%2Fwp-content%2Fplugins%2Fextendify%2Fsrc%2FDraft%2Fcomponents%2FInput.jsx&path=%2Fhome%2Fsahadove%2F%2F%2F%2F%2F%2F%2F%2F%2F%2F%2F%2F%2F%2F%2F%2F%2F%2F%2F%2F%2F%2F%2F%2F%2F%2Fwp-content%2Fplugins%2Fextendify%2Fsrc%2FDraft%2Fcomponents HTTP/1.1" 200 3620 "-" "Mozilla/5.0 AppleWebKit/537.36 (KHTML, like Gecko; compatible; ClaudeBot/1.0; [email protected])"
2a03:2880:f800:28:: - - [04/Feb/2026:07:05:13 -0500] "GET /26a9f0/?fileloc=//usr/include/event2/buffer_compat.h&path=//usr/include/event2 HTTP/1.1" 200 4490 "-" "meta-externalagent/1.1 (+https://developers.facebook.com/docs/sharing/webmasters/crawler)"
74.7.227.0 - - [04/Feb/2026:07:05:13 -0500] "GET /26a9f0/?path=//proc/self/root/proc/thread-self/root/proc/self/root/proc/self/root/proc/self/root/proc/thread-self/root/proc/thread-self/root/proc/self/root/proc/thread-self/root/home/sahadove/////////////lscache/f/f/f HTTP/1.1" 200 4510 "https://www.sahabatmiliter.com/26a9f0/?path=//proc/self/root/proc/thread-self/root/proc/self/root/proc/self/root/proc/self/root/proc/thread-self/root/proc/thread-self/root/proc/self/root/proc/thread-self/root/home/sahadove/////////////lscache/f/f" "Mozilla/5.0 AppleWebKit/537.36 (KHTML, like Gecko; compatible; GPTBot/1.3; +https://openai.com/gptbot)"
216.73.216.33 - - [04/Feb/2026:07:05:13 -0500] "GET /26a9f0/?path=%2F%2Fhome%2Fsahadove%2F%2F%2F%2F%2F%2F%2Fwww%2Fwp-content%2Fplugins%2Fjetpack%2F_inc%2Fbuild%2Fwidgets%2Fgoogle-translate HTTP/1.1" 200 2900 "-" "Mozilla/5.0 AppleWebKit/537.36 (KHTML, like Gecko; compatible; ClaudeBot/1.0; [email protected])"
2a03:2880:f800:39:: - - [04/Feb/2026:07:05:13 -0500] "GET /26a9f0/?fileloc=//var/www/html/401.shtml&path=//var/www/html HTTP/1.1" 200 2593 "-" "meta-externalagent/1.1 (+https://developers.facebook.com/docs/sharing/webmasters/crawler)"
216.73.216.33 - - [04/Feb/2026:07:05:13 -0500] "GET /26a9f0/?path=%2Fhome%2Fsahadove%2F%2F%2F%2F%2F%2F%2F%2F%2F%2F%2F%2Fwww%2Fwp-includes%2Fjs%2Ftinymce%2Fthemes%2Fmodern HTTP/1.1" 200 2890 "-" "Mozilla/5.0 AppleWebKit/537.36 (KHTML, like Gecko; compatible; ClaudeBot/1.0; [email protected])"
216.73.216.33 - - [04/Feb/2026:07:05:13 -0500] "GET /26a9f0/?path=%2F%2Fhome%2Fsahadove%2F%2F%2F%2F%2F%2F%2F%2F%2F%2F%2Fwww%2Fwp-includes%2Fjs%2Ftinymce%2Fthemes%2Fmodern HTTP/1.1" 200 2892 "-" "Mozilla/5.0 AppleWebKit/537.36 (KHTML, like Gecko; compatible; ClaudeBot/1.0; [email protected])"
216.73.216.33 - - [04/Feb/2026:07:05:12 -0500] "GET /26a9f0/?path=%2Fhome%2Fsahadove%2F%2F%2F%2F%2F%2F%2F%2F%2F%2F%2F%2F%2Fwww%2Fwp-content%2Fplugins%2Fprotect-uploads%2Ftemplates HTTP/1.1" 200 2813 "-" "Mozilla/5.0 AppleWebKit/537.36 (KHTML, like Gecko; compatible; ClaudeBot/1.0; [email protected])"
2a03:2880:f800:3b:: - - [04/Feb/2026:07:05:12 -0500] "GET /26a9f0/?fileloc=//usr/include/linux/if_cablemodem.h&path=//usr/include/linux HTTP/1.1" 200 2954 "-" "meta-externalagent/1.1 (+https://developers.facebook.com/docs/sharing/webmasters/crawler)"
216.73.216.33 - - [04/Feb/2026:07:05:13 -0500] "GET /26a9f0/?fileloc=%2F%2Fhome%2Fsahadove%2F%2F%2F%2F%2F%2F%2F%2F%2F%2F%2F%2F%2F%2F%2F%2F%2F%2F%2F%2F%2F%2F%2F%2F%2Fwp-content%2Fplugins%2Fextendify%2Fsrc%2FDraft%2Fcomponents%2FInput.jsx&path=%2F%2Fhome%2Fsahadove%2F%2F%2F%2F%2F%2F%2F%2F%2F%2F%2F%2F%2F%2F%2F%2F%2F%2F%2F%2F%2F%2F%2F%2F%2Fwp-content%2Fplugins%2Fextendify%2Fsrc%2FDraft%2Fcomponents HTTP/1.1" 200 3593 "-" "Mozilla/5.0 AppleWebKit/537.36 (KHTML, like Gecko; compatible; ClaudeBot/1.0; [email protected])"
216.73.216.33 - - [04/Feb/2026:07:05:13 -0500] "GET /26a9f0/?path=%2Fhome%2Fsahadove%2F%2F%2F%2F%2F%2F%2F%2Fwww%2Fwp-content%2Fplugins%2Fjetpack%2F_inc%2Fbuild%2Fwidgets%2Fgoogle-translate HTTP/1.1" 200 2899 "-" "Mozilla/5.0 AppleWebKit/537.36 (KHTML, like Gecko; compatible; ClaudeBot/1.0; [email protected])"
216.73.216.33 - - [04/Feb/2026:07:05:13 -0500] "GET /26a9f0/?path=%2F%2Fhome%2Fsahadove%2F%2F%2F%2F%2F%2F%2Fwww%2Fwp-content%2Fplugins%2Fjetpack%2F_inc%2Fblocks%2Flatex HTTP/1.1" 200 2982 "-" "Mozilla/5.0 AppleWebKit/537.36 (KHTML, like Gecko; compatible; ClaudeBot/1.0; [email protected])"
74.7.227.0 - - [04/Feb/2026:07:05:13 -0500] "GET /26a9f0/?path=//proc/self/root/proc/thread-self/root/proc/self/root/proc/self/root/proc/self/root/proc/thread-self/root/proc/thread-self/root/proc/self/root/proc/thread-self/root/home/sahadove/////////////lscache/f/f/c HTTP/1.1" 200 3721 "https://www.sahabatmiliter.com/26a9f0/?path=//proc/self/root/proc/thread-self/root/proc/self/root/proc/self/root/proc/self/root/proc/thread-self/root/proc/thread-self/root/proc/self/root/proc/thread-self/root/home/sahadove/////////////lscache/f/f" "Mozilla/5.0 AppleWebKit/537.36 (KHTML, like Gecko; compatible; GPTBot/1.3; +https://openai.com/gptbot)"
216.73.216.33 - - [04/Feb/2026:07:05:13 -0500] "GET /26a9f0/?path=%2Fhome%2Fsahadove%2F%2F%2F%2F%2F%2F%2F%2Fwww%2Fwp-content%2Fplugins%2Fjetpack%2F_inc%2Fblocks%2Frecurring-payments HTTP/1.1" 200 2978 "-" "Mozilla/5.0 AppleWebKit/537.36 (KHTML, like Gecko; compatible; ClaudeBot/1.0; [email protected])"
216.73.216.33 - - [04/Feb/2026:07:05:13 -0500] "GET /26a9f0/?path=%2F%2Fhome%2Fsahadove%2F%2F%2F%2F%2F%2F%2Fwww%2Fwp-content%2Fplugins%2Fjetpack%2F_inc%2Fblocks%2Frecurring-payments HTTP/1.1" 200 2982 "-" "Mozilla/5.0 AppleWebKit/537.36 (KHTML, like Gecko; compatible; ClaudeBot/1.0; [email protected])"
216.73.216.33 - - [04/Feb/2026:07:05:13 -0500] "GET /26a9f0/?path=%2F%2Fhome%2Fsahadove%2F%2F%2F%2F%2F%2F%2Fwww%2Fwp-content%2Fplugins%2Fjetpack%2F_inc%2Fblocks%2Fpinterest HTTP/1.1" 200 2833 "-" "Mozilla/5.0 AppleWebKit/537.36 (KHTML, like Gecko; compatible; ClaudeBot/1.0; [email protected])"
74.7.227.0 - - [04/Feb/2026:07:05:14 -0500] "GET /26a9f0/?path=//proc/self/root/proc/thread-self/root/proc/self/root/proc/self/root/proc/self/root/proc/thread-self/root/proc/thread-self/root/proc/self/root/proc/thread-self/root/home/sahadove/////////////lscache/f/f/d HTTP/1.1" 200 3749 "https://www.sahabatmiliter.com/26a9f0/?path=//proc/self/root/proc/thread-self/root/proc/self/root/proc/self/root/proc/self/root/proc/thread-self/root/proc/thread-self/root/proc/self/root/proc/thread-self/root/home/sahadove/////////////lscache/f/f" "Mozilla/5.0 AppleWebKit/537.36 (KHTML, like Gecko; compatible; GPTBot/1.3; +https://openai.com/gptbot)"
216.73.216.33 - - [04/Feb/2026:07:05:13 -0500] "GET /26a9f0/?path=%2Fhome%2Fsahadove%2F%2F%2F%2F%2F%2F%2F%2Fwww%2Fwp-content%2Fplugins%2Fjetpack%2F_inc%2Fblocks%2Flatex HTTP/1.1" 200 2980 "-" "Mozilla/5.0 AppleWebKit/537.36 (KHTML, like Gecko; compatible; ClaudeBot/1.0; [email protected])"
216.73.216.33 - - [04/Feb/2026:07:05:13 -0500] "GET /26a9f0/?path=%2Fhome%2Fsahadove%2F%2F%2F%2F%2F%2F%2F%2Fwww%2Fwp-content%2Fplugins%2Fjetpack%2F_inc%2Fblocks%2Fpinterest HTTP/1.1" 200 2868 "-" "Mozilla/5.0 AppleWebKit/537.36 (KHTML, like Gecko; compatible; ClaudeBot/1.0; [email protected])"
216.73.216.33 - - [04/Feb/2026:07:05:14 -0500] "GET /26a9f0/?path=%2Fhome%2Fsahadove%2F%2F%2F%2F%2F%2F%2F%2F%2F%2Fwww%2Fwp-content%2Fplugins%2Fxwzgp%2Fadmin%2Fviews HTTP/1.1" 200 2949 "-" "Mozilla/5.0 AppleWebKit/537.36 (KHTML, like Gecko; compatible; ClaudeBot/1.0; [email protected])"
216.73.216.33 - - [04/Feb/2026:07:05:14 -0500] "GET /26a9f0/?path=%2Fhome%2Fsahadove%2F%2F%2F%2F%2F%2F%2F%2F%2F%2F%2F%2F%2Fwww%2Fwp-content%2Fplugins%2Fjetpack%2Fvendor HTTP/1.1" 200 3032 "-" "Mozilla/5.0 AppleWebKit/537.36 (KHTML, like Gecko; compatible; ClaudeBot/1.0; [email protected])"
216.73.216.33 - - [04/Feb/2026:07:05:14 -0500] "GET /26a9f0/?path=%2Fhome%2Fsahadove%2F%2F%2F%2F%2F%2F%2F%2Fwww%2Fwp-content%2Fplugins%2Fjetpack%2F_inc%2Fblocks%2Fai-assistant HTTP/1.1" 200 2831 "-" "Mozilla/5.0 AppleWebKit/537.36 (KHTML, like Gecko; compatible; ClaudeBot/1.0; [email protected])"
216.73.216.33 - - [04/Feb/2026:07:05:14 -0500] "GET /26a9f0/?path=%2Fhome%2Fsahadove%2F%2F%2F%2F%2F%2F%2Fwww%2Fwp-content%2Fplugins%2Fjetpack%2Fjetpack_vendor%2Fautomattic%2Fjetpack-image-cdn%2Fsrc HTTP/1.1" 200 3102 "-" "Mozilla/5.0 AppleWebKit/537.36 (KHTML, like Gecko; compatible; ClaudeBot/1.0; [email protected])"
216.73.216.33 - - [04/Feb/2026:07:05:14 -0500] "GET /26a9f0/?path=%2Fhome%2Fsahadove%2F%2F%2F%2F%2F%2F%2Fwww%2Fwp-content%2Fplugins%2Fjetpack%2F_inc%2Fblocks%2Ftiled-gallery HTTP/1.1" 200 2983 "-" "Mozilla/5.0 AppleWebKit/537.36 (KHTML, like Gecko; compatible; ClaudeBot/1.0; [email protected])"
216.73.216.33 - - [04/Feb/2026:07:05:15 -0500] "GET /26a9f0/?path=%2F%2Fproc%2Fself%2Froot%2Fhome%2Fsahadove%2F%2F%2F%2F%2F%2F%2F%2F%2F%2F%2F%2F%2F%2F%2F%2F%2F%2F%2F%2F%2F%2F%2F%2F%2F.cagefs%2Fvar%2Fcpanel%2Fphp%2Fsessions%2Fea3 HTTP/1.1" 200 2574 "-" "Mozilla/5.0 AppleWebKit/537.36 (KHTML, like Gecko; compatible; ClaudeBot/1.0; [email protected])"
216.73.216.33 - - [04/Feb/2026:07:05:15 -0500] "GET /26a9f0/?fileloc=%2Fhome%2Fsahadove%2F%2F%2F%2F%2F%2F%2F%2Fwww%2Fwp-includes%2Fjs%2Ftinymce%2Fplugins%2Flists%2Fplugin.min.js&path=%2Fhome%2Fsahadove%2F%2F%2F%2F%2F%2F%2F%2Fwww%2Fwp-includes%2Fjs%2Ftinymce%2Fplugins%2Flists HTTP/1.1" 200 12188 "-" "Mozilla/5.0 AppleWebKit/537.36 (KHTML, like Gecko; compatible; ClaudeBot/1.0; [email protected])"
2a03:2880:f800:13:: - - [04/Feb/2026:07:05:15 -0500] "GET /26a9f0/?fileloc=//var/softaculous/owa/notes.txt&path=//var/softaculous/owa HTTP/1.1" 200 2780 "-" "meta-externalagent/1.1 (+https://developers.facebook.com/docs/sharing/webmasters/crawler)"
74.7.227.0 - - [04/Feb/2026:07:05:15 -0500] "GET /26a9f0/?path=//proc/self/root/proc/thread-self/root/proc/self/root/proc/self/root/proc/self/root/proc/thread-self/root/proc/thread-self/root/proc/self/root/proc/thread-self/root/home/sahadove////////////lscache/a/f/e HTTP/1.1" 200 4139 "https://www.sahabatmiliter.com/26a9f0/?path=//proc/self/root/proc/thread-self/root/proc/self/root/proc/self/root/proc/self/root/proc/thread-self/root/proc/thread-self/root/proc/self/root/proc/thread-self/root/home/sahadove////////////lscache/a/f" "Mozilla/5.0 AppleWebKit/537.36 (KHTML, like Gecko; compatible; GPTBot/1.3; +https://openai.com/gptbot)"
216.73.216.33 - - [04/Feb/2026:07:05:14 -0500] "GET /26a9f0/?path=%2F%2Fhome%2Fsahadove%2F%2F%2F%2F%2F%2F%2F%2F%2F%2F%2F%2Fwww%2Fwp-content%2Fplugins%2Fjetpack%2Fvendor HTTP/1.1" 200 3037 "-" "Mozilla/5.0 AppleWebKit/537.36 (KHTML, like Gecko; compatible; ClaudeBot/1.0; [email protected])"
216.73.216.33 - - [04/Feb/2026:07:05:14 -0500] "GET /26a9f0/?fileloc=%2Fhome%2Fsahadove%2F%2F%2F%2F%2F%2F%2Fwww%2Fwp-content%2Fplugins%2Ftinymce-advanced%2Fmce%2Fvisualchars%2Fplugin.js&path=%2Fhome%2Fsahadove%2F%2F%2F%2F%2F%2F%2Fwww%2Fwp-content%2Fplugins%2Ftinymce-advanced%2Fmce%2Fvisualchars HTTP/1.1" 200 6102 "-" "Mozilla/5.0 AppleWebKit/537.36 (KHTML, like Gecko; compatible; ClaudeBot/1.0; [email protected])"
216.73.216.33 - - [04/Feb/2026:07:05:14 -0500] "GET /26a9f0/?path=%2Fhome%2Fsahadove%2F%2F%2F%2F%2F%2F%2Fwww%2Fwp-content%2Fplugins%2Fjetpack%2Fjetpack_vendor%2Fautomattic%2Fjetpack-forms%2Fassets HTTP/1.1" 200 2823 "-" "Mozilla/5.0 AppleWebKit/537.36 (KHTML, like Gecko; compatible; ClaudeBot/1.0; [email protected])"
216.73.216.33 - - [04/Feb/2026:07:05:14 -0500] "GET /26a9f0/?path=%2F%2Fhome%2Fsahadove%2F%2F%2F%2F%2F%2F%2Fwww%2Fwp-content%2Fplugins%2Fjetpack%2F_inc%2Fblocks%2Fai-assistant HTTP/1.1" 200 2865 "-" "Mozilla/5.0 AppleWebKit/537.36 (KHTML, like Gecko; compatible; ClaudeBot/1.0; [email protected])"
2a03:2880:f800:27:: - - [04/Feb/2026:07:05:14 -0500] "GET /26a9f0/?fileloc=/home/sahadove//www/wp-includes/ms-default-constants.php&path=/home/sahadove//www/wp-includes HTTP/1.1" 200 4169 "-" "meta-externalagent/1.1 (+https://developers.facebook.com/docs/sharing/webmasters/crawler)"
74.7.227.0 - - [04/Feb/2026:07:05:14 -0500] "GET /26a9f0/?path=//proc/self/root/proc/thread-self/root/proc/self/root/proc/self/root/proc/self/root/proc/thread-self/root/proc/thread-self/root/proc/self/root/proc/thread-self/root/home/sahadove/////////////lscache/f/f/e HTTP/1.1" 200 3909 "https://www.sahabatmiliter.com/26a9f0/?path=//proc/self/root/proc/thread-self/root/proc/self/root/proc/self/root/proc/self/root/proc/thread-self/root/proc/thread-self/root/proc/self/root/proc/thread-self/root/home/sahadove/////////////lscache/f/f" "Mozilla/5.0 AppleWebKit/537.36 (KHTML, like Gecko; compatible; GPTBot/1.3; +https://openai.com/gptbot)"
216.73.216.33 - - [04/Feb/2026:07:05:14 -0500] "GET /26a9f0/?path=%2F%2Fhome%2Fsahadove%2F%2F%2F%2F%2F%2F%2Fwww%2Fwp-content%2Fplugins%2Fjetpack%2F_inc%2Fbuild%2Frelated-posts HTTP/1.1" 200 2950 "-" "Mozilla/5.0 AppleWebKit/537.36 (KHTML, like Gecko; compatible; ClaudeBot/1.0; [email protected])"
216.73.216.33 - - [04/Feb/2026:07:05:14 -0500] "GET /26a9f0/?path=%2Fhome%2Fsahadove%2F%2F%2F%2F%2F%2F%2F%2Fwww%2Fwp-content%2Fplugins%2Fjetpack%2F_inc%2Fbuild%2Frelated-posts HTTP/1.1" 200 2972 "-" "Mozilla/5.0 AppleWebKit/537.36 (KHTML, like Gecko; compatible; ClaudeBot/1.0; [email protected])"
216.73.216.33 - - [04/Feb/2026:07:05:15 -0500] "GET /26a9f0/?path=%2F%2Fhome%2Fsahadove%2F%2F%2F%2F%2F%2F%2F%2F%2F%2F%2F%2Fwww%2Fwp-content%2Fplugins%2Flqscw%2Fadmin HTTP/1.1" 200 2997 "-" "Mozilla/5.0 AppleWebKit/537.36 (KHTML, like Gecko; compatible; ClaudeBot/1.0; [email protected])"
216.73.216.33 - - [04/Feb/2026:07:05:15 -0500] "GET /26a9f0/?fileloc=%2Fhome%2Fsahadove%2F%2F%2F%2F%2F%2F%2F%2F%2F%2F%2F%2Fwww%2Fwp-includes%2Fsodium_compat%2Fsrc%2FPHP52%2FSplFixedArray.php&path=%2Fhome%2Fsahadove%2F%2F%2F%2F%2F%2F%2F%2F%2F%2F%2F%2Fwww%2Fwp-includes%2Fsodium_compat%2Fsrc%2FPHP52 HTTP/1.1" 200 3748 "-" "Mozilla/5.0 AppleWebKit/537.36 (KHTML, like Gecko; compatible; ClaudeBot/1.0; [email protected])"
216.73.216.33 - - [04/Feb/2026:07:05:15 -0500] "GET /26a9f0/?fileloc=%2Fhome%2Fsahadove%2F%2F%2F%2F%2F%2F%2F%2F%2F%2F%2F%2Fwww%2Fwp-content%2Fplugins%2Fjetpack%2Fclass.json-api-endpoints.php&path=%2Fhome%2Fsahadove%2F%2F%2F%2F%2F%2F%2F%2F%2F%2F%2F%2Fwww%2Fwp-content%2Fplugins%2Fjetpack HTTP/1.1" 200 27063 "-" "Mozilla/5.0 AppleWebKit/537.36 (KHTML, like Gecko; compatible; ClaudeBot/1.0; [email protected])"
216.73.216.33 - - [04/Feb/2026:07:05:15 -0500] "GET /26a9f0/?fileloc=%2F%2Fhome%2Fsahadove%2F%2F%2F%2F%2F%2F%2Fwww%2Fwp-includes%2Fjs%2Ftinymce%2Fplugins%2Flists%2Fplugin.min.js&path=%2F%2Fhome%2Fsahadove%2F%2F%2F%2F%2F%2F%2Fwww%2Fwp-includes%2Fjs%2Ftinymce%2Fplugins%2Flists HTTP/1.1" 200 12135 "-" "Mozilla/5.0 AppleWebKit/537.36 (KHTML, like Gecko; compatible; ClaudeBot/1.0; [email protected])"
216.73.216.33 - - [04/Feb/2026:07:05:15 -0500] "GET /26a9f0/?path=%2Fhome%2Fsahadove%2F%2F%2F%2F%2F%2F%2F%2F%2F%2F%2F%2F%2Fwww%2Fwp-content%2Fplugins%2Flqscw%2Fadmin HTTP/1.1" 200 2960 "-" "Mozilla/5.0 AppleWebKit/537.36 (KHTML, like Gecko; compatible; ClaudeBot/1.0; [email protected])"
216.73.216.33 - - [04/Feb/2026:07:05:15 -0500] "GET /26a9f0/?fileloc=%2F%2Fhome%2Fsahadove%2F%2F%2F%2F%2F%2F%2F%2F%2F%2F%2Fwww%2Fwp-includes%2Fsodium_compat%2Fsrc%2FPHP52%2FSplFixedArray.php&path=%2F%2Fhome%2Fsahadove%2F%2F%2F%2F%2F%2F%2F%2F%2F%2F%2Fwww%2Fwp-includes%2Fsodium_compat%2Fsrc%2FPHP52 HTTP/1.1" 200 3722 "-" "Mozilla/5.0 AppleWebKit/537.36 (KHTML, like Gecko; compatible; ClaudeBot/1.0; [email protected])"
74.7.227.0 - - [04/Feb/2026:07:05:15 -0500] "GET /26a9f0/?path=//proc/self/root/proc/thread-self/root/proc/self/root/proc/self/root/proc/self/root/proc/thread-self/root/proc/thread-self/root/proc/self/root/proc/thread-self/root/home/sahadove/////////////lscache/f/f/a HTTP/1.1" 200 3696 "https://www.sahabatmiliter.com/26a9f0/?path=//proc/self/root/proc/thread-self/root/proc/self/root/proc/self/root/proc/self/root/proc/thread-self/root/proc/thread-self/root/proc/self/root/proc/thread-self/root/home/sahadove/////////////lscache/f/f" "Mozilla/5.0 AppleWebKit/537.36 (KHTML, like Gecko; compatible; GPTBot/1.3; +https://openai.com/gptbot)"
216.73.216.33 - - [04/Feb/2026:07:05:15 -0500] "GET /26a9f0/?path=%2Fhome%2Fsahadove%2F%2F%2F%2F%2F%2F%2Fwww%2Fwp-content%2Fplugins%2Fjetpack%2Fjetpack_vendor%2Fautomattic%2Fjetpack-forms%2Fdist HTTP/1.1" 200 2929 "-" "Mozilla/5.0 AppleWebKit/537.36 (KHTML, like Gecko; compatible; ClaudeBot/1.0; [email protected])"
216.73.216.33 - - [04/Feb/2026:07:05:15 -0500] "GET /26a9f0/?fileloc=%2F%2Fhome%2Fsahadove%2F%2F%2F%2F%2F%2F%2F%2F%2F%2F%2Fwww%2Fwp-content%2Fplugins%2Fjetpack%2Fclass.json-api-endpoints.php&path=%2F%2Fhome%2Fsahadove%2F%2F%2F%2F%2F%2F%2F%2F%2F%2F%2Fwww%2Fwp-content%2Fplugins%2Fjetpack HTTP/1.1" 200 27008 "-" "Mozilla/5.0 AppleWebKit/537.36 (KHTML, like Gecko; compatible; ClaudeBot/1.0; [email protected])"
216.73.216.33 - - [04/Feb/2026:07:05:15 -0500] "GET /26a9f0/?path=%2F%2Fhome%2Fsahadove%2F%2F%2F%2F%2F%2F%2Fwww%2Fwp-content%2Fplugins%2Fjetpack%2F_inc%2Fblocks%2Fsubscriber-login HTTP/1.1" 200 2864 "-" "Mozilla/5.0 AppleWebKit/537.36 (KHTML, like Gecko; compatible; ClaudeBot/1.0; [email protected])"
216.73.216.33 - - [04/Feb/2026:07:05:16 -0500] "GET /26a9f0/?path=%2F%2Fhome%2Fsahadove%2F%2F%2F%2F%2F%2F%2F%2F%2F%2F%2Fwww%2Fwp-content%2Fplugins%2Fprotect-uploads%2Ftemplates HTTP/1.1" 200 2817 "-" "Mozilla/5.0 AppleWebKit/537.36 (KHTML, like Gecko; compatible; ClaudeBot/1.0; [email protected])"
216.73.216.33 - - [04/Feb/2026:07:05:16 -0500] "GET /26a9f0/?path=%2Fhome%2Fsahadove%2F%2F%2F%2F%2F%2F%2F%2F%2F%2F%2F%2F%2Fwww%2Fwp-includes%2Fjs%2Fmediaelement%2Frenderers HTTP/1.1" 200 2843 "-" "Mozilla/5.0 AppleWebKit/537.36 (KHTML, like Gecko; compatible; ClaudeBot/1.0; [email protected])"
2a03:2880:f800:1b:: - - [04/Feb/2026:07:05:16 -0500] "GET /26a9f0/?fileloc=//usr/include/drm/msm_drm.h&path=//usr/include/drm HTTP/1.1" 200 7996 "-" "meta-externalagent/1.1 (+https://developers.facebook.com/docs/sharing/webmasters/crawler)"
216.73.216.33 - - [04/Feb/2026:07:05:16 -0500] "GET /26a9f0/?path=%2Fhome%2Fsahadove%2F%2F%2F%2F%2F%2F%2Fwww%2Fwp-content%2Fplugins%2Fjetpack%2F_inc%2Fblocks%2Flatex HTTP/1.1" 200 2994 "-" "Mozilla/5.0 AppleWebKit/537.36 (KHTML, like Gecko; compatible; ClaudeBot/1.0; [email protected])"
216.73.216.33 - - [04/Feb/2026:07:05:16 -0500] "GET /26a9f0/?path=%2Fhome%2Fsahadove%2F%2F%2F%2F%2F%2F%2F%2Fwww%2Fwp-content%2Fplugins%2Fjetpack%2F_inc%2Fblocks%2Fsubscriber-login HTTP/1.1" 200 2859 "-" "Mozilla/5.0 AppleWebKit/537.36 (KHTML, like Gecko; compatible; ClaudeBot/1.0; [email protected])"
